000
CDUS45 KTFX 272232
CLIDLN


CLIMATE REPORT
NATIONAL WEATHER SERVICE GREAT FALLS MT
430 PM MDT WED JUL 27 2016


...................................

...THE DILLON AIRPORT MT CLIMATE SUMMARY FOR JULY 27 2016...
VALID TODAY AS OF 0400 PM LOCAL TIME.

CLIMATE NORMAL PERIOD 1981 TO 2010
CLIMATE RECORD PERIOD 1929 TO 2016


WEATHER ITEM   OBSERVED TIME   RECORD YEAR NORMAL DEPARTURE LAST
                VALUE   (LST)  VALUE       VALUE  FROM      YEAR
                                                  NORMAL
..................................................................
TEMPERATURE (F)
 TODAY
  MAXIMUM         89    222 PM  95    1975  84      5       61
  MINIMUM         47    210 AM  39    1963  50     -3       42
  AVERAGE         68                        67      1       52

PRECIPITATION (IN)
  TODAY            0.00          0.73 2015   0.04  -0.04     0.73
  MONTH TO DATE    0.85                      1.06  -0.21     1.31
  SINCE OCT 1      7.45                      8.50  -1.05     7.57
  SINCE JAN 1      5.37                      7.10  -1.73     6.41

DEGREE DAYS
 HEATING
  TODAY            0                         1     -1       13
  MONTH TO DATE   54                        50      4       34
  SINCE JUN 1    162                       273   -111      110
  SINCE JUL 1     54                        50      4       34

 COOLING
  TODAY            3                         3      0        0
  MONTH TO DATE   60                        69     -9       62
  SINCE JUN 1    101                        85     16      137
  SINCE JAN 1    101                        86     15      137
..................................................................


WIND (MPH)
  HIGHEST WIND SPEED    14   HIGHEST WIND DIRECTION     N (10)
  HIGHEST GUST SPEED    16   HIGHEST GUST DIRECTION     N (20)
  AVERAGE WIND SPEED     5.1


SKY COVER
  AVERAGE SKY COVER 0.0


WEATHER CONDITIONS
 THE FOLLOWING WEATHER WAS RECORDED TODAY.
  NO SIGNIFICANT WEATHER WAS OBSERVED.


RELATIVE HUMIDITY (PERCENT)
 HIGHEST    80
 LOWEST     17
 AVERAGE    49

..........................................................


THE DILLON AIRPORT MT CLIMATE NORMALS FOR TOMORROW
                         NORMAL    RECORD    YEAR
 MAXIMUM TEMPERATURE (F)   84        95      2006
 MINIMUM TEMPERATURE (F)   50        33      1949


SUNRISE AND SUNSET
JULY 27 2016..........SUNRISE   610 AM MDT   SUNSET   903 PM MDT
JULY 28 2016..........SUNRISE   611 AM MDT   SUNSET   902 PM MDT


-  INDICATES NEGATIVE NUMBERS.
R  INDICATES RECORD WAS SET OR TIED.
MM INDICATES DATA IS MISSING.
T  INDICATES TRACE AMOUNT.




$$
