000
CDUS45 KTFX 290851
CLIDLN


CLIMATE REPORT
NATIONAL WEATHER SERVICE GREAT FALLS MT
250 AM MDT SAT JUL 29 2017


...................................

...THE DILLON AIRPORT MT CLIMATE SUMMARY FOR JULY 28 2017...

CLIMATE NORMAL PERIOD 1981 TO 2010
CLIMATE RECORD PERIOD 1929 TO 2017


WEATHER ITEM   OBSERVED TIME   RECORD YEAR NORMAL DEPARTURE LAST
                VALUE   (LST)  VALUE       VALUE  FROM      YEAR
                                                  NORMAL
..................................................................
TEMPERATURE (F)
 YESTERDAY
  MAXIMUM         88    417 PM  95    2006  84      4       88
  MINIMUM         50    523 AM  33    1949  50      0       50
  AVERAGE         69                        67      2       69

PRECIPITATION (IN)
  YESTERDAY        0.00          0.79 1970   0.04  -0.04     0.00
  MONTH TO DATE    0.47                      1.10  -0.63     0.89
  SINCE OCT 1      8.61                      8.54   0.07     7.49
  SINCE JAN 1      6.07                      7.14  -1.07     5.41

SNOWFALL (IN)
  YESTERDAY       MM
  SNOW DEPTH       0

DEGREE DAYS
 HEATING
  YESTERDAY        0                               -1        0
  MONTH TO DATE    0                              -51       54
  SINCE JUN 1    180                              -94      162
  SINCE JUL 1      0                              -51       54

 COOLING
  YESTERDAY        4                                1        4
  MONTH TO DATE  154                               82       64
  SINCE JUN 1    176                               88      105
  SINCE JAN 1    176                               87      105
..................................................................


WIND (MPH)
  HIGHEST WIND SPEED    20   HIGHEST WIND DIRECTION    SE (140)
  HIGHEST GUST SPEED    25   HIGHEST GUST DIRECTION    SE (140)
  AVERAGE WIND SPEED     6.2


SKY COVER
  AVERAGE SKY COVER 0.0


WEATHER CONDITIONS
 THE FOLLOWING WEATHER WAS RECORDED YESTERDAY.
  NO SIGNIFICANT WEATHER WAS OBSERVED.


RELATIVE HUMIDITY (PERCENT)
 HIGHEST    80
 LOWEST     17
 AVERAGE    49

..........................................................


THE DILLON AIRPORT MT CLIMATE NORMALS FOR TODAY
                         NORMAL    RECORD    YEAR
 MAXIMUM TEMPERATURE (F)   84        98      1972
 MINIMUM TEMPERATURE (F)   50        37      1959


SUNRISE AND SUNSET
JULY 29 2017..........SUNRISE   612 AM MDT   SUNSET   901 PM MDT
JULY 30 2017..........SUNRISE   613 AM MDT   SUNSET   900 PM MDT


-  INDICATES NEGATIVE NUMBERS.
R  INDICATES RECORD WAS SET OR TIED.
MM INDICATES DATA IS MISSING.
T  INDICATES TRACE AMOUNT.




$$
