000
CDUS45 KTFX 271014
CLIDLN


CLIMATE REPORT
NATIONAL WEATHER SERVICE GREAT FALLS MT
311 AM MST THU NOV 27 2014


...................................

...THE DILLON AIRPORT MT CLIMATE SUMMARY FOR NOVEMBER 26 2014...

CLIMATE NORMAL PERIOD 1981 TO 2010
CLIMATE RECORD PERIOD 1929 TO 2014


WEATHER ITEM   OBSERVED TIME   RECORD YEAR NORMAL DEPARTURE LAST
                VALUE   (LST)  VALUE       VALUE  FROM      YEAR
                                                  NORMAL
..................................................................
TEMPERATURE (F)
 YESTERDAY
  MAXIMUM         52    244 PM  58    1949  35     17       49
  MINIMUM         27    425 AM -18    1985  15     12       22
  AVERAGE         40                        25     15       36

PRECIPITATION (IN)
  YESTERDAY        T             0.18 1964   0.01  -0.01     0.00
  MONTH TO DATE    0.22                      0.33  -0.11     0.08
  SINCE OCT 1      0.48                      1.09  -0.61     0.35
  SINCE JAN 1     10.21                     10.26  -0.05     9.81

SNOWFALL (IN)
  YESTERDAY       MM
  SNOW DEPTH       0

DEGREE DAYS
 HEATING
  YESTERDAY       25                              -15       29
  MONTH TO DATE  994                              123      805
  SINCE SEP 1   1737                             -114     1804
  SINCE JUL 1   1829                             -158     1810

 COOLING
  YESTERDAY        0                                0        0
  MONTH TO DATE    0                                0        0
  SINCE SEP 1      6                               -2       19
  SINCE JAN 1    170                               14      247
..................................................................


WIND (MPH)
  HIGHEST WIND SPEED    28   HIGHEST WIND DIRECTION    SW (240)
  HIGHEST GUST SPEED    39   HIGHEST GUST DIRECTION    SW (240)
  AVERAGE WIND SPEED    11.8



WEATHER CONDITIONS
 THE FOLLOWING WEATHER WAS RECORDED YESTERDAY.
  LIGHT SNOW
  FOG


RELATIVE HUMIDITY (PERCENT)
 HIGHEST   100
 LOWEST     44
 AVERAGE    72

..........................................................


THE DILLON AIRPORT MT CLIMATE NORMALS FOR TODAY
                         NORMAL    RECORD    YEAR
 MAXIMUM TEMPERATURE (F)   35        61      1949
 MINIMUM TEMPERATURE (F)   15       -15      1952


SUNRISE AND SUNSET
NOVEMBER 27 2014......SUNRISE   744 AM MST   SUNSET   451 PM MST
NOVEMBER 28 2014......SUNRISE   746 AM MST   SUNSET   451 PM MST


-  INDICATES NEGATIVE NUMBERS.
R  INDICATES RECORD WAS SET OR TIED.
MM INDICATES DATA IS MISSING.
T  INDICATES TRACE AMOUNT.




$$
