000
CDUS41 KLWX 252125
CLIDMH


CLIMATE REPORT
NATIONAL WEATHER SERVICE BALTIMORE MD/WASHINGTON DC
424 PM EST SUN FEB 25 2018


...................................

...THE BALTIMORE INNER HARBOR MD CLIMATE SUMMARY FOR FEBRUARY 25 2018...
VALID TODAY AS OF 0400 PM LOCAL TIME.

CLIMATE NORMAL PERIOD 1981 TO 2010
CLIMATE RECORD PERIOD 1999 TO 2018


WEATHER ITEM   OBSERVED TIME   RECORD YEAR NORMAL DEPARTURE LAST
                VALUE   (LST)  VALUE       VALUE  FROM      YEAR
                                                  NORMAL
..................................................................
TEMPERATURE (F)
 TODAY
  MAXIMUM         53    359 PM  MM      MM  48      5       73
  MINIMUM         48    839 AM  MM      MM  33     15       45
  AVERAGE         51                        41     10       59

PRECIPITATION (IN)
  TODAY            0.32         MM      MM   0.08   0.24     0.60
  MONTH TO DATE    4.80                      2.33   2.47     1.11
  SINCE DEC 1      6.52                      8.66  -2.14     6.04
  SINCE JAN 1      5.74                      5.25   0.49     3.70

DEGREE DAYS
 HEATING
  TODAY           14                        24    -10        6
  MONTH TO DATE  523                       669   -146      446
  SINCE DEC 1   2224                      2366   -142     1894
  SINCE JUL 1   2752                      3017   -265     2403

 COOLING
  TODAY            0                         0      0        0
  MONTH TO DATE    2                         0      2        0
  SINCE DEC 1      2                         0      2        0
  SINCE JAN 1      2                         0      2        0
..................................................................


WIND (MPH)
  HIGHEST WIND SPEED    MM   HIGHEST WIND DIRECTION    MM
  HIGHEST GUST SPEED    MM   HIGHEST GUST DIRECTION    MM
  AVERAGE WIND SPEED    MM


SKY COVER
  POSSIBLE SUNSHINE  MM



RELATIVE HUMIDITY (PERCENT)
 HIGHEST    93          1200 AM
 LOWEST     83           200 PM
 AVERAGE    88

..........................................................


THE BALTIMORE INNER HARBOR MD CLIMATE NORMALS FOR TOMORROW
                         NORMAL    RECORD    YEAR
 MAXIMUM TEMPERATURE (F)   48        MM        MM
 MINIMUM TEMPERATURE (F)   34        MM        MM


SUNRISE AND SUNSET
FEBRUARY 25 2018......SUNRISE   645 AM EST   SUNSET   555 PM EST
FEBRUARY 26 2018......SUNRISE   643 AM EST   SUNSET   556 PM EST


-  INDICATES NEGATIVE NUMBERS.
R  INDICATES RECORD WAS SET OR TIED.
MM INDICATES DATA IS MISSING.
T  INDICATES TRACE AMOUNT.




$$
