324
CDUS41 KLWX 062124
CLIDMH


CLIMATE REPORT
NATIONAL WEATHER SERVICE BALTIMORE MD/WASHINGTON DC
522 PM EDT FRI MAY 6 2016


...................................

...THE BALTIMORE INNER HARBOR MD CLIMATE SUMMARY FOR MAY 6 2016...
VALID TODAY AS OF 0500 PM LOCAL TIME.

CLIMATE NORMAL PERIOD 1981 TO 2010
CLIMATE RECORD PERIOD 9999 TO 9999


WEATHER ITEM   OBSERVED TIME   RECORD YEAR NORMAL DEPARTURE LAST
                VALUE   (LST)  VALUE       VALUE  FROM      YEAR
                                                  NORMAL
..................................................................
TEMPERATURE (F)
 TODAY
  MAXIMUM         55    450 AM  MM      MM  72    -17       81
  MINIMUM         50   1108 AM  MM      MM  54     -4       65
  AVERAGE         53                        63    -10       73

PRECIPITATION (IN)
  TODAY            1.26         MM      MM   0.10   1.16     0.00
  MONTH TO DATE    1.83                      0.62   1.21     0.00
  SINCE MAR 1      5.60                      7.70  -2.10     7.39
  SINCE JAN 1     14.20                     13.22   0.98    13.21

DEGREE DAYS
 HEATING
  TODAY           12                         4      8        0
  MONTH TO DATE   53                        26     27       12
  SINCE MAR 1    725                       883   -158      846
  SINCE JUL 1   3341                      3971   -630     4360

 COOLING
  TODAY            0                         2     -2        8
  MONTH TO DATE    0                        11    -11       31
  SINCE MAR 1     35                        36     -1       40
  SINCE JAN 1     35                        36     -1       40
..................................................................


WIND (MPH)
  HIGHEST WIND SPEED    MM   HIGHEST WIND DIRECTION    MM
  HIGHEST GUST SPEED    MM   HIGHEST GUST DIRECTION    MM
  AVERAGE WIND SPEED    MM


SKY COVER
  POSSIBLE SUNSHINE  MM



RELATIVE HUMIDITY (PERCENT)
 HIGHEST    89          1000 AM
 LOWEST     72           300 AM
 AVERAGE    81

..........................................................


THE BALTIMORE INNER HARBOR MD CLIMATE NORMALS FOR TOMORROW
                         NORMAL    RECORD    YEAR
 MAXIMUM TEMPERATURE (F)   73        MM        MM
 MINIMUM TEMPERATURE (F)   54        MM        MM


SUNRISE AND SUNSET
MAY  6 2016...........SUNRISE   602 AM EDT   SUNSET   805 PM EDT
MAY  7 2016...........SUNRISE   600 AM EDT   SUNSET   806 PM EDT


-  INDICATES NEGATIVE NUMBERS.
R  INDICATES RECORD WAS SET OR TIED.
MM INDICATES DATA IS MISSING.
T  INDICATES TRACE AMOUNT.




$$
