000
CDUS41 KLWX 282122
CLIDMH


CLIMATE REPORT
NATIONAL WEATHER SERVICE BALTIMORE MD/WASHINGTON DC
522 PM EDT SAT MAY 28 2016


...................................

...THE BALTIMORE INNER HARBOR MD CLIMATE SUMMARY FOR MAY 28 2016...
VALID TODAY AS OF 0500 PM LOCAL TIME.

CLIMATE NORMAL PERIOD 1981 TO 2010
CLIMATE RECORD PERIOD 9999 TO 9999


WEATHER ITEM   OBSERVED TIME   RECORD YEAR NORMAL DEPARTURE LAST
                VALUE   (LST)  VALUE       VALUE  FROM      YEAR
                                                  NORMAL
..................................................................
TEMPERATURE (F)
 TODAY
  MAXIMUM         87    358 PM  MM      MM  79      8       90
  MINIMUM         71    527 AM  MM      MM  61     10       71
  AVERAGE         79                        70      9       81

PRECIPITATION (IN)
  TODAY            0.00         MM      MM   0.13  -0.13     0.00
  MONTH TO DATE    3.66                      3.12   0.54     3.13
  SINCE MAR 1      7.43                     10.20  -2.77    10.52
  SINCE JAN 1     16.03                     15.72   0.31    16.34

DEGREE DAYS
 HEATING
  TODAY            0                         1     -1        0
  MONTH TO DATE  133                        78     55       29
  SINCE MAR 1    805                       935   -130      863
  SINCE JUL 1   3421                      4023   -602     4377

 COOLING
  TODAY           14                         6      8       16
  MONTH TO DATE   66                        95    -29      194
  SINCE MAR 1    101                       120    -19      203
  SINCE JAN 1    101                       120    -19      203
..................................................................


WIND (MPH)
  HIGHEST WIND SPEED    MM   HIGHEST WIND DIRECTION    MM
  HIGHEST GUST SPEED    MM   HIGHEST GUST DIRECTION    MM
  AVERAGE WIND SPEED    MM


SKY COVER
  POSSIBLE SUNSHINE  MM



RELATIVE HUMIDITY (PERCENT)
 HIGHEST    79           200 AM
 LOWEST     46           400 PM
 AVERAGE    63

..........................................................


THE BALTIMORE INNER HARBOR MD CLIMATE NORMALS FOR TOMORROW
                         NORMAL    RECORD    YEAR
 MAXIMUM TEMPERATURE (F)   79        MM        MM
 MINIMUM TEMPERATURE (F)   61        MM        MM


SUNRISE AND SUNSET
MAY 28 2016...........SUNRISE   543 AM EDT   SUNSET   825 PM EDT
MAY 29 2016...........SUNRISE   543 AM EDT   SUNSET   825 PM EDT


-  INDICATES NEGATIVE NUMBERS.
R  INDICATES RECORD WAS SET OR TIED.
MM INDICATES DATA IS MISSING.
T  INDICATES TRACE AMOUNT.




$$
