289
CDUS41 KLWX 090524
CLIDMH


CLIMATE REPORT
NATIONAL WEATHER SERVICE BALTIMORE MD/WASHINGTON DC
1224 AM EST FRI DEC 9 2016


...................................

...THE BALTIMORE INNER HARBOR MD CLIMATE SUMMARY FOR DECEMBER 8 2016...

CLIMATE NORMAL PERIOD 1981 TO 2010
CLIMATE RECORD PERIOD 9999 TO 9999


WEATHER ITEM   OBSERVED TIME   RECORD YEAR NORMAL DEPARTURE LAST
                VALUE   (LST)  VALUE       VALUE  FROM      YEAR
                                                  NORMAL
..................................................................
TEMPERATURE (F)
 YESTERDAY
  MAXIMUM         48    326 PM  MM      MM  48      0       51
  MINIMUM         34   1159 PM  MM      MM  35     -1       40
  AVERAGE         41                        42     -1       46

PRECIPITATION (IN)
  YESTERDAY        0.00         MM      MM   0.12  -0.12     0.00
  MONTH TO DATE    1.02                      0.93   0.09     0.93
  SINCE DEC 1      1.02                      0.93   0.09     0.93
  SINCE JAN 1     38.25                     38.41  -0.16    37.92

DEGREE DAYS
 HEATING
  YESTERDAY       24                        23      1       19
  MONTH TO DATE  150                       177    -27      142
  SINCE DEC 1    150                       177    -27      142
  SINCE JUL 1    659                       828   -169      670

 COOLING
  YESTERDAY        0                         0      0        0
  MONTH TO DATE    0                         0      0        0
  SINCE DEC 1      0                         0      0        0
  SINCE JAN 1   1923                      1665    258     1799
..................................................................


WIND (MPH)
  HIGHEST WIND SPEED    MM   HIGHEST WIND DIRECTION    MM
  HIGHEST GUST SPEED    MM   HIGHEST GUST DIRECTION    MM
  AVERAGE WIND SPEED    MM


SKY COVER
  POSSIBLE SUNSHINE  MM



RELATIVE HUMIDITY (PERCENT)
 HIGHEST    70          1200 AM
 LOWEST     27           500 PM
 AVERAGE    49

..........................................................


THE BALTIMORE INNER HARBOR MD CLIMATE NORMALS FOR TODAY
                         NORMAL
 MAXIMUM TEMPERATURE (F)   48
 MINIMUM TEMPERATURE (F)   35


SUNRISE AND SUNSET
DECEMBER  9 2016......SUNRISE   715 AM EST   SUNSET   443 PM EST
DECEMBER 10 2016......SUNRISE   716 AM EST   SUNSET   443 PM EST


-  INDICATES NEGATIVE NUMBERS.
R  INDICATES RECORD WAS SET OR TIED.
MM INDICATES DATA IS MISSING.
T  INDICATES TRACE AMOUNT.




$$
