000
CDUS45 KEPZ 200955
CLIDMN


CLIMATE REPORT
NATIONAL WEATHER SERVICE EL PASO, TX
354 AM MDT WED SEP 20 2017


...................................

...THE DEMING CLIMATE SUMMARY FOR SEPTEMBER 19 2017...

CLIMATE NORMAL PERIOD 1981 TO 2010
CLIMATE RECORD PERIOD 2000 TO 2017


WEATHER ITEM   OBSERVED TIME   NORMAL DEPARTURE LAST
                VALUE   (LST)  VALUE  FROM      YEAR
                                      NORMAL
......................................................
TEMPERATURE (F)
 YESTERDAY
  MAXIMUM         91    318 PM  87              96
  MINIMUM         56    623 AM  57              50
  AVERAGE         74            72      2       73

PRECIPITATION (IN)
  YESTERDAY        0.00          0.05  -0.05     0.00
  MONTH TO DATE    0.58          0.84  -0.26     0.52
  SINCE SEP 1      0.58          0.84  -0.26     0.52
  SINCE JAN 1      9.27          8.43   0.84     5.92

......................................................


WIND (MPH)
  HIGHEST WIND SPEED    25   HIGHEST WIND DIRECTION     W (280)
  HIGHEST GUST SPEED    34   HIGHEST GUST DIRECTION     W (250)
  AVERAGE WIND SPEED    11.0


SKY COVER
  AVERAGE SKY COVER 0.1


WEATHER CONDITIONS
 THE FOLLOWING WEATHER WAS RECORDED YESTERDAY.
  HAZE


RELATIVE HUMIDITY (PERCENT)
 HIGHEST    61           600 AM
 LOWEST     24           300 PM
 AVERAGE    43

..........................................................


THE DEMING CLIMATE NORMALS FOR TODAY
                         NORMAL
 MAXIMUM TEMPERATURE (F)   87
 MINIMUM TEMPERATURE (F)   57


SUNRISE AND SUNSET
SEPTEMBER 20 2017.....SUNRISE   658 AM MDT   SUNSET   710 PM MDT
SEPTEMBER 21 2017.....SUNRISE   659 AM MDT   SUNSET   708 PM MDT


-  INDICATES NEGATIVE NUMBERS.
R  INDICATES RECORD WAS SET OR TIED.
MM INDICATES DATA IS MISSING.
T  INDICATES TRACE AMOUNT.




$$
