847
CDUS45 KEPZ 270928
CLIDMN


CLIMATE REPORT
NATIONAL WEATHER SERVICE EL PASO, TX
326 AM MDT THU JUL 27 2017


...................................

...THE DEMING CLIMATE SUMMARY FOR JULY 26 2017...

CLIMATE NORMAL PERIOD 1981 TO 2010
CLIMATE RECORD PERIOD 2000 TO 2017


WEATHER ITEM   OBSERVED TIME   NORMAL DEPARTURE LAST
                VALUE   (LST)  VALUE  FROM      YEAR
                                      NORMAL
......................................................
TEMPERATURE (F)
 YESTERDAY
  MAXIMUM         96    135 PM  94              99
  MINIMUM         69    541 AM  67              75
  AVERAGE         83            80      3       87

PRECIPITATION (IN)
  YESTERDAY        T             0.07  -0.07     0.06
  MONTH TO DATE    1.49          1.81  -0.32     0.28
  SINCE JUN 1      2.05          2.51  -0.46     0.73
  SINCE JAN 1      5.24          4.92   0.32     1.92

......................................................


WIND (MPH)
  HIGHEST WIND SPEED    21   HIGHEST WIND DIRECTION    SW (220)
  HIGHEST GUST SPEED    27   HIGHEST GUST DIRECTION    SW (220)
  AVERAGE WIND SPEED     6.9


SKY COVER
  AVERAGE SKY COVER 0.1


WEATHER CONDITIONS
 THE FOLLOWING WEATHER WAS RECORDED YESTERDAY.
  THUNDERSTORM
  LIGHT RAIN


RELATIVE HUMIDITY (PERCENT)
 HIGHEST    84           500 AM
 LOWEST     28           200 PM
 AVERAGE    56

..........................................................


THE DEMING CLIMATE NORMALS FOR TODAY
                         NORMAL
 MAXIMUM TEMPERATURE (F)   93
 MINIMUM TEMPERATURE (F)   67


SUNRISE AND SUNSET
JULY 27 2017..........SUNRISE   623 AM MDT   SUNSET   812 PM MDT
JULY 28 2017..........SUNRISE   623 AM MDT   SUNSET   811 PM MDT


-  INDICATES NEGATIVE NUMBERS.
R  INDICATES RECORD WAS SET OR TIED.
MM INDICATES DATA IS MISSING.
T  INDICATES TRACE AMOUNT.




$$
