000
CDUS45 KEPZ 280930
CLIDMN


CLIMATE REPORT
NATIONAL WEATHER SERVICE EL PASO, TX
229 AM MST WED JAN 28 2015


...................................

...THE DEMING CLIMATE SUMMARY FOR JANUARY 27 2015...

CLIMATE NORMAL PERIOD 1981 TO 2010
CLIMATE RECORD PERIOD 2000 TO 2015


WEATHER ITEM   OBSERVED TIME   NORMAL DEPARTURE LAST
                VALUE   (LST)  VALUE  FROM      YEAR
                                      NORMAL
......................................................
TEMPERATURE (F)
 YESTERDAY
  MAXIMUM         68    411 PM  59              63
  MINIMUM         40   1149 PM  29              41
  AVERAGE         54            44     10       52

PRECIPITATION (IN)
  YESTERDAY        0.00          0.02  -0.02     0.00
  MONTH TO DATE    0.71          0.52   0.19     0.00
  SINCE DEC 1      1.22          1.41  -0.19     0.37
  SINCE JAN 1      0.71          0.52   0.19     0.00

......................................................


WIND (MPH)
  HIGHEST WIND SPEED     8   HIGHEST WIND DIRECTION     N (10)
  HIGHEST GUST SPEED    11   HIGHEST GUST DIRECTION    SW (240)
  AVERAGE WIND SPEED     3.8


SKY COVER
  AVERAGE SKY COVER 0.3


WEATHER CONDITIONS
 THE FOLLOWING WEATHER WAS RECORDED YESTERDAY.
  NO SIGNIFICANT WEATHER WAS OBSERVED.


RELATIVE HUMIDITY (PERCENT)
 HIGHEST    76          1100 PM
 LOWEST     33          1100 AM
 AVERAGE    55

..........................................................


THE DEMING CLIMATE NORMALS FOR TODAY
                         NORMAL
 MAXIMUM TEMPERATURE (F)   59
 MINIMUM TEMPERATURE (F)   29


SUNRISE AND SUNSET
JANUARY 28 2015.......SUNRISE   707 AM MST   SUNSET   541 PM MST
JANUARY 29 2015.......SUNRISE   707 AM MST   SUNSET   541 PM MST


-  INDICATES NEGATIVE NUMBERS.
R  INDICATES RECORD WAS SET OR TIED.
MM INDICATES DATA IS MISSING.
T  INDICATES TRACE AMOUNT.




$$
