593
CDUS45 KEPZ 310928
CLIDMN


CLIMATE REPORT
NATIONAL WEATHER SERVICE EL PASO, TX
327 AM MDT TUE MAY 31 2016


...................................

...THE DEMING CLIMATE SUMMARY FOR MAY 30 2016...

CLIMATE NORMAL PERIOD 1981 TO 2010
CLIMATE RECORD PERIOD 2000 TO 2016


WEATHER ITEM   OBSERVED TIME   NORMAL DEPARTURE LAST
                VALUE   (LST)  VALUE  FROM      YEAR
                                      NORMAL
......................................................
TEMPERATURE (F)
 YESTERDAY
  MAXIMUM         89   1221 PM  91              92
  MINIMUM         58    521 AM  55              68
  AVERAGE         74            73      1       80

PRECIPITATION (IN)
  YESTERDAY        0.17          0.01   0.16     0.00
  MONTH TO DATE    0.27          0.43  -0.16     0.19
  SINCE MAR 1      0.65          1.21  -0.56     1.16
  SINCE JAN 1      1.19          2.41  -1.22     2.63

......................................................


WIND (MPH)
  HIGHEST WIND SPEED    33   HIGHEST WIND DIRECTION    SW (240)
  HIGHEST GUST SPEED    51   HIGHEST GUST DIRECTION    SW (240)
  AVERAGE WIND SPEED     8.4


SKY COVER
  AVERAGE SKY COVER 0.2


WEATHER CONDITIONS
 THE FOLLOWING WEATHER WAS RECORDED YESTERDAY.
  HEAVY RAIN
  RAIN
  LIGHT RAIN


RELATIVE HUMIDITY (PERCENT)
 HIGHEST    48          1000 PM
 LOWEST     23           800 AM
 AVERAGE    36

..........................................................


THE DEMING CLIMATE NORMALS FOR TODAY
                         NORMAL
 MAXIMUM TEMPERATURE (F)   92
 MINIMUM TEMPERATURE (F)   55


SUNRISE AND SUNSET
MAY 31 2016...........SUNRISE   605 AM MDT   SUNSET   812 PM MDT
JUNE  1 2016..........SUNRISE   605 AM MDT   SUNSET   813 PM MDT


-  INDICATES NEGATIVE NUMBERS.
R  INDICATES RECORD WAS SET OR TIED.
MM INDICATES DATA IS MISSING.
T  INDICATES TRACE AMOUNT.




$$
