000
CDUS45 KEPZ 282329
CLIDMN


CLIMATE REPORT
NATIONAL WEATHER SERVICE EL PASO, TX
527 PM MDT SAT MAR 28 2015


...................................

...THE DEMING CLIMATE SUMMARY FOR MARCH 28 2015...
VALID TODAY AS OF 500 PM LOCAL TIME.

CLIMATE NORMAL PERIOD 1981 TO 2010
CLIMATE RECORD PERIOD 2000 TO 2015


WEATHER ITEM   OBSERVED TIME   NORMAL DEPARTURE LAST
                VALUE   (LST)  VALUE  FROM      YEAR
                                      NORMAL
......................................................
TEMPERATURE (F)
 TODAY
  MAXIMUM         87    255 PM  71     16       71
  MINIMUM         41    623 AM  37      4       38

PRECIPITATION (IN)
  TODAY            0.00          0.02  -0.02     0.00
  MONTH TO DATE    0.69          0.39   0.30     0.37
  SINCE MAR 1      0.69          0.39   0.30     0.37
  SINCE JAN 1      2.16          1.59   0.57     0.37

......................................................


WIND (MPH)
  HIGHEST WIND SPEED    29   HIGHEST WIND DIRECTION     W (280)
  HIGHEST GUST SPEED    36   HIGHEST GUST DIRECTION    SW (230)


SKY COVER
  AVERAGE SKY COVER 0.0


WEATHER CONDITIONS
 THE FOLLOWING WEATHER WAS RECORDED TODAY.
  NO SIGNIFICANT WEATHER WAS OBSERVED.


RELATIVE HUMIDITY (PERCENT)
 HIGHEST    39           600 AM
 LOWEST      3           300 PM
 AVERAGE    21

..........................................................


THE DEMING CLIMATE NORMALS FOR TOMORROW
                         NORMAL
 MAXIMUM TEMPERATURE (F)   71
 MINIMUM TEMPERATURE (F)   37


SUNRISE AND SUNSET
MARCH 28 2015.........SUNRISE   704 AM MDT   SUNSET   728 PM MDT
MARCH 29 2015.........SUNRISE   703 AM MDT   SUNSET   728 PM MDT


-  INDICATES NEGATIVE NUMBERS.
R  INDICATES RECORD WAS SET OR TIED.
MM INDICATES DATA IS MISSING.
T  INDICATES TRACE AMOUNT.




$$
