000
CDUS43 KEAX 170633
CLIDMO


CLIMATE REPORT
NATIONAL WEATHER SERVICE KANSAS CITY/PLEASANT HILL MO
133 AM CDT WED SEP 17 2014


...................................

...THE SEDALIA MO CLIMATE SUMMARY FOR SEPTEMBER 16 2014...

CLIMATE NORMAL PERIOD 1981 TO 2010
CLIMATE RECORD PERIOD 9999 TO 9999


WEATHER ITEM   OBSERVED TIME   NORMAL DEPARTURE LAST
                VALUE   (LST)  VALUE  FROM      YEAR
                                      NORMAL
......................................................
TEMPERATURE (F)
 YESTERDAY
  MAXIMUM         72    312 PM  79     -7       66
  MINIMUM         57    741 AM  59     -2       59
  AVERAGE         65            69     -4       63

PRECIPITATION (IN)
  YESTERDAY        0.00          0.12  -0.12     0.22
  MONTH TO DATE    1.48          2.39  -0.91     1.93
  SINCE SEP 1      1.48          2.39  -0.91     1.93
  SINCE JAN 1     23.05         30.33  -7.28    31.84

DEGREE DAYS
 HEATING
  YESTERDAY        0             1     -1        2
  MONTH TO DATE   39             6     33        4
  SINCE SEP 1     39             6     33        4
  SINCE JUL 1     39             7     32        4

 COOLING
  YESTERDAY        0             5     -5        0
  MONTH TO DATE   95           116    -21      167
  SINCE SEP 1     95           116    -21      167
  SINCE JAN 1   1312          1401    -89     1382
......................................................


WIND (MPH)
  HIGHEST WIND SPEED    10   HIGHEST WIND DIRECTION     E (70)
  HIGHEST GUST SPEED    12   HIGHEST GUST DIRECTION    NE (60)
  AVERAGE WIND SPEED     4.7


SKY COVER
  AVERAGE SKY COVER 0.6


WEATHER CONDITIONS
 THE FOLLOWING WEATHER WAS RECORDED YESTERDAY.
  NO SIGNIFICANT WEATHER WAS OBSERVED.


RELATIVE HUMIDITY (PERCENT)
 HIGHEST    87          1100 PM
 LOWEST     53           300 PM
 AVERAGE    70

..........................................................


THE SEDALIA MO CLIMATE NORMALS FOR TODAY
                         NORMAL
 MAXIMUM TEMPERATURE (F)   79
 MINIMUM TEMPERATURE (F)   58


SUNRISE AND SUNSET
SEPTEMBER 17 2014.....SUNRISE   656 AM CDT   SUNSET   717 PM CDT
SEPTEMBER 18 2014.....SUNRISE   657 AM CDT   SUNSET   716 PM CDT


-  INDICATES NEGATIVE NUMBERS.
R  INDICATES RECORD WAS SET OR TIED.
MM INDICATES DATA IS MISSING.
T  INDICATES TRACE AMOUNT.




$$
