000
CDUS43 KEAX 310633
CLIDMO


CLIMATE REPORT
NATIONAL WEATHER SERVICE KANSAS CITY/PLEASANT HILL MO
133 AM CDT TUE MAY 31 2016


...................................

...THE SEDALIA MO CLIMATE SUMMARY FOR MAY 30 2016...

CLIMATE NORMAL PERIOD 1981 TO 2010
CLIMATE RECORD PERIOD 9999 TO 9999


WEATHER ITEM   OBSERVED TIME   NORMAL DEPARTURE LAST
                VALUE   (LST)  VALUE  FROM      YEAR
                                      NORMAL
......................................................
TEMPERATURE (F)
 YESTERDAY
  MAXIMUM         85   1155 AM  80      5       69
  MINIMUM         64   1129 PM  60      4       61
  AVERAGE         75            70      5       65

PRECIPITATION (IN)
  YESTERDAY        0.06          0.15  -0.09     0.00
  MONTH TO DATE    4.31          4.54  -0.23     6.40
  SINCE MAR 1      7.91         11.40  -3.49    11.35
  SINCE JAN 1      9.06         15.00  -5.94    13.43

DEGREE DAYS
 HEATING
  YESTERDAY        0             1     -1        0
  MONTH TO DATE  110            82     28       61
  SINCE MAR 1    692           947   -255      788
  SINCE JUL 1   3680          4564   -884     4636

 COOLING
  YESTERDAY       10             6      4        0
  MONTH TO DATE   90            99     -9      110
  SINCE MAR 1    114           133    -19      127
  SINCE JAN 1    114           133    -19      127
......................................................


WIND (MPH)
  HIGHEST WIND SPEED    26   HIGHEST WIND DIRECTION    SW (220)
  HIGHEST GUST SPEED    35   HIGHEST GUST DIRECTION    SW (230)
  AVERAGE WIND SPEED     6.5


SKY COVER
  AVERAGE SKY COVER 0.1


WEATHER CONDITIONS
 THE FOLLOWING WEATHER WAS RECORDED YESTERDAY.
  THUNDERSTORM
  LIGHT RAIN


RELATIVE HUMIDITY (PERCENT)
 HIGHEST    87           100 AM
 LOWEST     51           100 PM
 AVERAGE    69

..........................................................


THE SEDALIA MO CLIMATE NORMALS FOR TODAY
                         NORMAL
 MAXIMUM TEMPERATURE (F)   81
 MINIMUM TEMPERATURE (F)   60


SUNRISE AND SUNSET
MAY 31 2016...........SUNRISE   550 AM CDT   SUNSET   831 PM CDT
JUNE  1 2016..........SUNRISE   549 AM CDT   SUNSET   832 PM CDT


-  INDICATES NEGATIVE NUMBERS.
R  INDICATES RECORD WAS SET OR TIED.
MM INDICATES DATA IS MISSING.
T  INDICATES TRACE AMOUNT.




$$
