000
CDUS43 KEAX 160635
CLIDMO


CLIMATE REPORT
NATIONAL WEATHER SERVICE KANSAS CITY/PLEASANT HILL MO
134 AM CDT WED AUG 16 2017


...................................

...THE SEDALIA MO CLIMATE SUMMARY FOR AUGUST 15 2017...

CLIMATE NORMAL PERIOD 1981 TO 2010
CLIMATE RECORD PERIOD 9999 TO 9999


WEATHER ITEM   OBSERVED TIME   NORMAL DEPARTURE LAST
                VALUE   (LST)  VALUE  FROM      YEAR
                                      NORMAL
......................................................
TEMPERATURE (F)
 YESTERDAY
  MAXIMUM         89    324 PM  90     -1       80
  MINIMUM         66    544 AM  67     -1       66
  AVERAGE         78            79     -1       73

PRECIPITATION (IN)
  YESTERDAY        0.00          0.11  -0.11     0.00
  MONTH TO DATE    0.34          1.33  -0.99     1.22
  SINCE JUN 1      8.72         10.63  -1.91    13.97
  SINCE JAN 1     24.91         25.78  -0.87    23.23

DEGREE DAYS
 HEATING
  YESTERDAY        0             0      0        0
  MONTH TO DATE    5             0      5        0
  SINCE JUN 1      5             6     -1        0
  SINCE JUL 1      5             0      5        0

 COOLING
  YESTERDAY       13            14     -1        8
  MONTH TO DATE  125           210    -85      220
  SINCE JUN 1    865           951    -86     1099
  SINCE JAN 1   1028          1090    -62     1221
......................................................


WIND (MPH)
  HIGHEST WIND SPEED    10   HIGHEST WIND DIRECTION    SE (150)
  HIGHEST GUST SPEED    14   HIGHEST GUST DIRECTION     S (160)
  AVERAGE WIND SPEED     4.2


SKY COVER
  AVERAGE SKY COVER 0.1


WEATHER CONDITIONS
 THE FOLLOWING WEATHER WAS RECORDED YESTERDAY.
  FOG


RELATIVE HUMIDITY (PERCENT)
 HIGHEST   100          1200 AM
 LOWEST     59           200 PM
 AVERAGE    80

..........................................................


THE SEDALIA MO CLIMATE NORMALS FOR TODAY
                         NORMAL
 MAXIMUM TEMPERATURE (F)   90
 MINIMUM TEMPERATURE (F)   67


SUNRISE AND SUNSET
AUGUST 16 2017........SUNRISE   627 AM CDT   SUNSET   805 PM CDT
AUGUST 17 2017........SUNRISE   628 AM CDT   SUNSET   804 PM CDT


-  INDICATES NEGATIVE NUMBERS.
R  INDICATES RECORD WAS SET OR TIED.
MM INDICATES DATA IS MISSING.
T  INDICATES TRACE AMOUNT.




$$
