000
CDUS43 KEAX 290632
CLIDMO


CLIMATE REPORT
NATIONAL WEATHER SERVICE KANSAS CITY/PLEASANT HILL MO
131 AM CDT SAT AUG 29 2015


...................................

...THE SEDALIA MO CLIMATE SUMMARY FOR AUGUST 28 2015...

CLIMATE NORMAL PERIOD 1981 TO 2010
CLIMATE RECORD PERIOD 9999 TO 9999


WEATHER ITEM   OBSERVED TIME   NORMAL DEPARTURE LAST
                VALUE   (LST)  VALUE  FROM      YEAR
                                      NORMAL
......................................................
TEMPERATURE (F)
 YESTERDAY
  MAXIMUM         80    134 PM  87     -7       93
  MINIMUM         64    414 AM  65     -1       70
  AVERAGE         72            76     -4       82

PRECIPITATION (IN)
  YESTERDAY        0.01          0.14  -0.13     0.00
  MONTH TO DATE    2.38          3.07  -0.69     3.35
  SINCE JUN 1     14.80         12.37   2.43    10.04
  SINCE JAN 1     28.23         27.52   0.71    21.41

DEGREE DAYS
 HEATING
  YESTERDAY        0             0      0        0
  MONTH TO DATE    0             0      0        0
  SINCE JUN 1      5             6     -1        0
  SINCE JUL 1      0             0      0        0

 COOLING
  YESTERDAY        7            11     -4       17
  MONTH TO DATE  288           371    -83      368
  SINCE JUN 1   1074          1112    -38      975
  SINCE JAN 1   1201          1251    -50     1170
......................................................


WIND (MPH)
  HIGHEST WIND SPEED    16   HIGHEST WIND DIRECTION     S (160)
  HIGHEST GUST SPEED    20   HIGHEST GUST DIRECTION     S (160)
  AVERAGE WIND SPEED     9.3


SKY COVER
  AVERAGE SKY COVER 0.3


WEATHER CONDITIONS
 THE FOLLOWING WEATHER WAS RECORDED YESTERDAY.
  LIGHT RAIN


RELATIVE HUMIDITY (PERCENT)
 HIGHEST    87          1200 AM
 LOWEST     60          1100 AM
 AVERAGE    74

..........................................................


THE SEDALIA MO CLIMATE NORMALS FOR TODAY
                         NORMAL
 MAXIMUM TEMPERATURE (F)   87
 MINIMUM TEMPERATURE (F)   65


SUNRISE AND SUNSET
AUGUST 29 2015........SUNRISE   639 AM CDT   SUNSET   747 PM CDT
AUGUST 30 2015........SUNRISE   640 AM CDT   SUNSET   746 PM CDT


-  INDICATES NEGATIVE NUMBERS.
R  INDICATES RECORD WAS SET OR TIED.
MM INDICATES DATA IS MISSING.
T  INDICATES TRACE AMOUNT.




$$
