000
CDUS43 KEAX 292123
CLIDMO


CLIMATE REPORT
NATIONAL WEATHER SERVICE KANSAS CITY/PLEASANT HILL MO
423 PM CDT FRI MAY 29 2015


...................................

...THE SEDALIA MO CLIMATE SUMMARY FOR MAY 29 2015...
VALID AS OF 0400 PM LOCAL TIME.

CLIMATE NORMAL PERIOD 1981 TO 2010
CLIMATE RECORD PERIOD 9999 TO 9999


WEATHER ITEM   OBSERVED TIME   NORMAL DEPARTURE LAST
                VALUE   (LST)  VALUE  FROM      YEAR
                                      NORMAL
......................................................
TEMPERATURE (F)
 TODAY
  MAXIMUM         74    256 PM  80     -6       85
  MINIMUM         64    521 AM  60      4       67
  AVERAGE         69            70     -1       76

PRECIPITATION (IN)
  TODAY            0.07          0.16  -0.09      T
  MONTH TO DATE    6.22          4.39   1.83     2.65
  SINCE MAR 1     11.17         11.25  -0.08    10.42
  SINCE JAN 1     13.25         14.85  -1.60    11.36

DEGREE DAYS
 HEATING
  TODAY            0             1     -1        0
  MONTH TO DATE   61            81    -20      101
  SINCE MAR 1    788           946   -158     1082
  SINCE JUL 1   4636          4563     73     5301

 COOLING
  TODAY            4             6     -2       11
  MONTH TO DATE  110            93     17      157
  SINCE MAR 1    127           127      0      171
  SINCE JAN 1    127           127      0      171
......................................................


WIND (MPH)
  HIGHEST WIND SPEED    20   HIGHEST WIND DIRECTION    SW (220)
  HIGHEST GUST SPEED    25   HIGHEST GUST DIRECTION    SW (230)
  AVERAGE WIND SPEED     6.2


SKY COVER
  AVERAGE SKY COVER 0.7


WEATHER CONDITIONS
 THE FOLLOWING WEATHER WAS RECORDED TODAY.
  LIGHT RAIN
  FOG


RELATIVE HUMIDITY (PERCENT)
 HIGHEST    93          1200 AM
 LOWEST     73           300 PM
 AVERAGE    83

..........................................................


THE SEDALIA MO CLIMATE NORMALS FOR TOMORROW
                         NORMAL
 MAXIMUM TEMPERATURE (F)   80
 MINIMUM TEMPERATURE (F)   60


SUNRISE AND SUNSET
MAY 29 2015...........SUNRISE   551 AM CDT   SUNSET   829 PM CDT
MAY 30 2015...........SUNRISE   550 AM CDT   SUNSET   830 PM CDT


-  INDICATES NEGATIVE NUMBERS.
R  INDICATES RECORD WAS SET OR TIED.
MM INDICATES DATA IS MISSING.
T  INDICATES TRACE AMOUNT.




$$
