683
CDUS42 KCAE 270636
CLIDNL


CLIMATE REPORT
NATIONAL WEATHER SERVICE COLUMBIA SC
236 AM EDT MON MAR 27 2017


...................................

...THE AUGUSTA DANIEL FIELD GA CLIMATE SUMMARY FOR MARCH 26 2017...

CLIMATE NORMAL PERIOD 1981 TO 2010
CLIMATE RECORD PERIOD 9999 TO 9999


WEATHER ITEM   OBSERVED TIME   NORMAL DEPARTURE LAST
                VALUE   (LST)  VALUE  FROM      YEAR
                                      NORMAL
......................................................
TEMPERATURE (F)
 YESTERDAY
  MAXIMUM         80    445 PM  71      9       70
  MINIMUM         58    659 AM  49      9       63
  AVERAGE         69            60      9       67

PRECIPITATION (IN)
  YESTERDAY        0.01          0.15  -0.14     0.19
  MONTH TO DATE    1.88          3.54  -1.66     1.47
  SINCE MAR 1      1.88          3.54  -1.66     1.47
  SINCE JAN 1     14.24         11.78   2.46     6.08

DEGREE DAYS
 HEATING
  YESTERDAY        0             6     -6        0
  MONTH TO DATE  205           222    -17      109
  SINCE MAR 1    205           222    -17      109
  SINCE JUL 1   1212          2035   -823     1410

 COOLING
  YESTERDAY        4             1      3        2
  MONTH TO DATE   29            24      5       81
  SINCE MAR 1     29            24      5       81
  SINCE JAN 1     63            28     35       87
......................................................


WIND (MPH)
  HIGHEST WIND SPEED    18   HIGHEST WIND DIRECTION     S (180)
  HIGHEST GUST SPEED    23   HIGHEST GUST DIRECTION     S (200)
  AVERAGE WIND SPEED     8.2


SKY COVER
  AVERAGE SKY COVER 0.4


WEATHER CONDITIONS
 THE FOLLOWING WEATHER WAS RECORDED YESTERDAY.
  LIGHT RAIN


RELATIVE HUMIDITY (PERCENT)
 HIGHEST    86           600 AM
 LOWEST     42           200 PM

..........................................................


THE AUGUSTA DANIEL FIELD GA CLIMATE NORMALS FOR TODAY
                         NORMAL    RECORD    YEAR
 MAXIMUM TEMPERATURE (F)   71        MM        MM
 MINIMUM TEMPERATURE (F)   49        MM        MM


SUNRISE AND SUNSET
MARCH 27 2017.........SUNRISE   722 AM EDT   SUNSET   745 PM EDT
MARCH 28 2017.........SUNRISE   721 AM EDT   SUNSET   746 PM EDT


-  INDICATES NEGATIVE NUMBERS.
R  INDICATES RECORD WAS SET OR TIED.
MM INDICATES DATA IS MISSING.
T  INDICATES TRACE AMOUNT.




$$
