000
CDUS42 KCAE 222120
CLIDNL


CLIMATE REPORT
NATIONAL WEATHER SERVICE COLUMBIA SC
519 PM EDT FRI MAY 22 2015


...................................

...THE AUGUSTA DANIEL FIELD GA CLIMATE SUMMARY FOR MAY 22 2015...
VALID TODAY AS OF 0500 PM LOCAL TIME.

CLIMATE NORMAL PERIOD 1981 TO 2010
CLIMATE RECORD PERIOD 9999 TO 9999


WEATHER ITEM   OBSERVED TIME   NORMAL DEPARTURE LAST
                VALUE   (LST)  VALUE  FROM      YEAR
                                      NORMAL
......................................................
TEMPERATURE (F)
 TODAY
  MAXIMUM         81    330 PM  85     -4       92
  MINIMUM         62    647 AM  65     -3       72
  AVERAGE         72            75     -3

PRECIPITATION (IN)
  TODAY            0.00          0.11  -0.11     0.00
  MONTH TO DATE    0.70          1.95  -1.25     3.40
  SINCE MAR 1      6.76          9.21  -2.45    10.32
  SINCE JAN 1     11.69         17.45  -5.76    16.61

DEGREE DAYS
 HEATING
  TODAY            0             0      0        0
  MONTH TO DATE    2             8     -6        3
  SINCE MAR 1    181           354   -173      389
  SINCE JUL 1   2036          2167   -131     2225

 COOLING
  TODAY            7            10     -3       17
  MONTH TO DATE  236           157     79      195
  SINCE MAR 1    427           254    173      329
  SINCE JAN 1    427           258    169      337
......................................................


WIND (MPH)
  HIGHEST WIND SPEED    18   HIGHEST WIND DIRECTION    NW (310)
  HIGHEST GUST SPEED    23   HIGHEST GUST DIRECTION    NW (310)
  AVERAGE WIND SPEED     9.7


SKY COVER
  AVERAGE SKY COVER 0.3


WEATHER CONDITIONS
 THE FOLLOWING WEATHER WAS RECORDED TODAY.
  NO SIGNIFICANT WEATHER WAS OBSERVED.


RELATIVE HUMIDITY (PERCENT)
 HIGHEST    65           400 AM
 LOWEST     35           200 PM

..........................................................


THE AUGUSTA DANIEL FIELD GA CLIMATE NORMALS FOR TOMORROW
                         NORMAL
 MAXIMUM TEMPERATURE (F)   85
 MINIMUM TEMPERATURE (F)   65


SUNRISE AND SUNSET
MAY 22 2015...........SUNRISE   624 AM EDT   SUNSET   826 PM EDT
MAY 23 2015...........SUNRISE   623 AM EDT   SUNSET   827 PM EDT


-  INDICATES NEGATIVE NUMBERS.
R  INDICATES RECORD WAS SET OR TIED.
MM INDICATES DATA IS MISSING.
T  INDICATES TRACE AMOUNT.




$$
