000
CDUS42 KCAE 230626
CLIDNL


CLIMATE REPORT
NATIONAL WEATHER SERVICE COLUMBIA SC
124 AM EST MON JAN 23 2017


...................................

...THE AUGUSTA DANIEL FIELD GA CLIMATE SUMMARY FOR JANUARY 22 2017...

CLIMATE NORMAL PERIOD 1981 TO 2010
CLIMATE RECORD PERIOD 9999 TO 9999


WEATHER ITEM   OBSERVED TIME   NORMAL DEPARTURE LAST
                VALUE   (LST)  VALUE  FROM      YEAR
                                      NORMAL
......................................................
TEMPERATURE (F)
 YESTERDAY
  MAXIMUM         64    158 PM  56      8       45
  MINIMUM         56   1159 PM  38     18       31
  AVERAGE         60            47     13       38

PRECIPITATION (IN)
  YESTERDAY        2.50          0.14   2.36     0.56
  MONTH TO DATE   10.35          2.75   7.60     1.50
  SINCE DEC 1     14.56          6.37   8.19     6.98
  SINCE JAN 1     10.35          2.75   7.60     1.50

DEGREE DAYS
 HEATING
  YESTERDAY        5            18    -13       27
  MONTH TO DATE  179           411   -232      434
  SINCE DEC 1    574           916   -342      597
  SINCE JUL 1    743          1250   -507      788

 COOLING
  YESTERDAY        0             0      0        0
  MONTH TO DATE   15             0     15        0
  SINCE DEC 1     19             5     14       64
  SINCE JAN 1     15             0     15        0
......................................................


WIND (MPH)
  HIGHEST WIND SPEED    26   HIGHEST WIND DIRECTION     E (110)
  HIGHEST GUST SPEED    31   HIGHEST GUST DIRECTION     E (100)
  AVERAGE WIND SPEED     7.6


SKY COVER
  AVERAGE SKY COVER 1.0


WEATHER CONDITIONS
 THE FOLLOWING WEATHER WAS RECORDED YESTERDAY.
  THUNDERSTORM
  HEAVY RAIN
  RAIN
  LIGHT RAIN
  FOG


RELATIVE HUMIDITY (PERCENT)
 HIGHEST    90           200 AM
 LOWEST     75          1100 PM

..........................................................


THE AUGUSTA DANIEL FIELD GA CLIMATE NORMALS FOR TODAY
                         NORMAL    RECORD    YEAR
 MAXIMUM TEMPERATURE (F)   56        MM        MM
 MINIMUM TEMPERATURE (F)   38        MM        MM


SUNRISE AND SUNSET
JANUARY 23 2017.......SUNRISE   729 AM EST   SUNSET   551 PM EST
JANUARY 24 2017.......SUNRISE   729 AM EST   SUNSET   552 PM EST


-  INDICATES NEGATIVE NUMBERS.
R  INDICATES RECORD WAS SET OR TIED.
MM INDICATES DATA IS MISSING.
T  INDICATES TRACE AMOUNT.




$$
