000
CDUS45 KGJT 262333
CLIDRO


CLIMATE REPORT
NATIONAL WEATHER SERVICE GRAND JUNCTION CO
528 PM MDT WED JUL 26 2017


...................................

...THE DURANGO AIRPORT CO CLIMATE SUMMARY FOR JULY 26 2017...
VALID TODAY AS OF 0500 PM LOCAL TIME.

CLIMATE NORMAL PERIOD 1981 TO 2010
CLIMATE RECORD PERIOD 9999 TO 9999


WEATHER ITEM   OBSERVED TIME   RECORD YEAR NORMAL DEPARTURE LAST
                VALUE   (LST)  VALUE       VALUE  FROM      YEAR
                                                  NORMAL
..................................................................
TEMPERATURE (F)
 TODAY
  MAXIMUM         84    359 PM  MM      MM  86     -2       87
  MINIMUM         56    532 AM  MM      MM  54      2       58
  AVERAGE         70                        70      0       73

PRECIPITATION (IN)
  TODAY            0.00         MM      MM   0.07  -0.07      T
  MONTH TO DATE    1.19                      1.33  -0.14     1.48
  SINCE JUN 1      1.20                      1.97  -0.77     1.84
  SINCE JAN 1      6.65                      7.40  -0.75     5.08

SNOWFALL (IN)
  TODAY           MM            MM      MM  MM     MM       MM
  MONTH TO DATE   MM                        MM     MM       MM
  SINCE JUN 1     MM                        MM     MM       MM
  SINCE JUL 1     MM                        MM     MM       MM
  SNOW DEPTH      MM

DEGREE DAYS
 HEATING
  TODAY            0                         0      0        0
  MONTH TO DATE    0                         8     -8        5
  SINCE JUN 1     57                       123    -66       42
  SINCE JUL 1      0                         8     -8        5

 COOLING
  TODAY            5                         5      0        8
  MONTH TO DATE  151                       100     51      117
  SINCE JUN 1    220                       128     92      218
  SINCE JAN 1    220                       129     91      218
..................................................................


WIND (MPH)
  HIGHEST WIND SPEED    17   HIGHEST WIND DIRECTION     W (270)
  HIGHEST GUST SPEED    24   HIGHEST GUST DIRECTION     W (250)
  AVERAGE WIND SPEED     5.6


SKY COVER
  POSSIBLE SUNSHINE  MM
  AVERAGE SKY COVER 0.3


WEATHER CONDITIONS
 THE FOLLOWING WEATHER WAS RECORDED TODAY.
  NO SIGNIFICANT WEATHER WAS OBSERVED.


RELATIVE HUMIDITY (PERCENT)
 HIGHEST    90          1200 AM
 LOWEST     28           400 PM
 AVERAGE    59

..........................................................


THE DURANGO AIRPORT CO CLIMATE NORMALS FOR TOMORROW
                         NORMAL    RECORD    YEAR
 MAXIMUM TEMPERATURE (F)   85        MM        MM
 MINIMUM TEMPERATURE (F)   54        MM        MM


SUNRISE AND SUNSET
JULY 26 2017..........SUNRISE   611 AM MDT   SUNSET   823 PM MDT
JULY 27 2017..........SUNRISE   612 AM MDT   SUNSET   822 PM MDT


-  INDICATES NEGATIVE NUMBERS.
R  INDICATES RECORD WAS SET OR TIED.
MM INDICATES DATA IS MISSING.
T  INDICATES TRACE AMOUNT.




$$
