000
CDUS44 KEWX 102339
CLIDRT


CLIMATE REPORT
NATIONAL WEATHER SERVICE AUSTIN/SAN ANTONIO, TX
538 PM CST SAT DEC 10 2016


...................................

...THE DEL RIO CLIMATE SUMMARY FOR DECEMBER 10 2016...
VALID TODAY AS OF 0538 PM LOCAL TIME.

CLIMATE NORMAL PERIOD 1981 TO 2010
CLIMATE RECORD PERIOD 1906 TO 2016


WEATHER ITEM   OBSERVED TIME   RECORD YEAR NORMAL DEPARTURE LAST
                VALUE   (LST)  VALUE       VALUE  FROM      YEAR
                                                  NORMAL
..................................................................
TEMPERATURE (F)
 TODAY
  MAXIMUM         51    259 PM  86    1910  65    -14       83
  MINIMUM         42    708 AM  25    1978  41      1       43
  AVERAGE         47                        53     -6       63

PRECIPITATION (IN)
  TODAY            0.00          0.49 1986   0.02  -0.02     0.00
  MONTH TO DATE    2.37                      0.19   2.18     0.00
  SINCE DEC 1      2.37                      0.19   2.18     0.00
  SINCE JAN 1     32.36                     19.06  13.30    27.47

SNOWFALL (IN)
  TODAY            0.0
  MONTH TO DATE    0.0
  SINCE DEC 1      0.0
  SINCE JUL 1      0.0
  SNOW DEPTH       0

DEGREE DAYS
 HEATING
  TODAY           18                        12      6        2
  MONTH TO DATE  144                       113     31       88
  SINCE DEC 1    144                       113     31       88
  SINCE JUL 1    213                       310    -97      231

 COOLING
  TODAY            0                         0      0        0
  MONTH TO DATE    0                         0      0        0
  SINCE DEC 1      0                         0      0        0
  SINCE JAN 1   3579                      3372    207     3530
..................................................................


WIND (MPH)
  HIGHEST WIND SPEED    16   HIGHEST WIND DIRECTION    SE (120)
  HIGHEST GUST SPEED    20   HIGHEST GUST DIRECTION    SE (130)
  AVERAGE WIND SPEED    10.6



WEATHER CONDITIONS
 THE FOLLOWING WEATHER WAS RECORDED TODAY.
  NO SIGNIFICANT WEATHER WAS OBSERVED.


RELATIVE HUMIDITY (PERCENT)
 HIGHEST    77           500 PM
 LOWEST     60          1100 AM
 AVERAGE    69

..........................................................


THE DEL RIO CLIMATE NORMALS FOR TOMORROW
                         NORMAL    RECORD    YEAR
 MAXIMUM TEMPERATURE (F)   64        89      1987
 MINIMUM TEMPERATURE (F)   41        24      1966


SUNRISE AND SUNSET
DECEMBER 10 2016......SUNRISE   728 AM CST   SUNSET   546 PM CST
DECEMBER 11 2016......SUNRISE   728 AM CST   SUNSET   546 PM CST


-  INDICATES NEGATIVE NUMBERS.
R  INDICATES RECORD WAS SET OR TIED.
MM INDICATES DATA IS MISSING.
T  INDICATES TRACE AMOUNT.




$$
