000
CDUS44 KDRT 280811
CLIDRT


CLIMATE REPORT
NATIONAL WEATHER SERVICE AUSTIN/SAN ANTONIO, TX
310 AM CDT SAT MAY 28 2016


...................................

...THE DEL RIO CLIMATE SUMMARY FOR MAY 27 2016...

CLIMATE NORMAL PERIOD 1981 TO 2010
CLIMATE RECORD PERIOD 1906 TO 2016


WEATHER ITEM   OBSERVED TIME   RECORD YEAR NORMAL DEPARTURE LAST
                VALUE   (LST)  VALUE       VALUE  FROM      YEAR
                                                  NORMAL
..................................................................
TEMPERATURE (F)
 YESTERDAY
  MAXIMUM         98    511 PM 105    2011  92      6       89
  MINIMUM         67    634 AM  58    1907  71     -4       77
  AVERAGE         83                        81      2       83

PRECIPITATION (IN)
  YESTERDAY        0.00          6.53 2003   0.10  -0.10      T
  MONTH TO DATE    1.48                      2.39  -0.91     7.23
  SINCE MAR 1      7.72                      5.18   2.54    11.15
  SINCE JAN 1      8.47                      6.78   1.69    12.14

SNOWFALL (IN)
  YESTERDAY        0.0
  MONTH TO DATE    0.0
  SINCE MAR 1      0.0
  SINCE JUL 1      T

DEGREE DAYS
 HEATING
  YESTERDAY        0                         0      0        0
  MONTH TO DATE    1                         0      1        0
  SINCE MAR 1     70                       139    -69      148
  SINCE JUL 1   1050                      1375   -325     1475

 COOLING
  YESTERDAY       18                        16      2       18
  MONTH TO DATE  319                       363    -44      336
  SINCE MAR 1    639                       673    -34      627
  SINCE JAN 1    674                       692    -18      642
..................................................................


WIND (MPH)
  HIGHEST WIND SPEED    18   HIGHEST WIND DIRECTION    NW (300)
  HIGHEST GUST SPEED    22   HIGHEST GUST DIRECTION    NW (310)
  AVERAGE WIND SPEED     7.5


SKY COVER
  AVERAGE SKY COVER 0.0


WEATHER CONDITIONS
 THE FOLLOWING WEATHER WAS RECORDED YESTERDAY.
  FOG


RELATIVE HUMIDITY (PERCENT)
 HIGHEST    87           600 AM
 LOWEST      8           200 PM
 AVERAGE    48

..........................................................


THE DEL RIO CLIMATE NORMALS FOR TODAY
                         NORMAL    RECORD    YEAR
 MAXIMUM TEMPERATURE (F)   92       108      1927
                                             1912
 MINIMUM TEMPERATURE (F)   71        58      1907


SUNRISE AND SUNSET
MAY 28 2016...........SUNRISE   645 AM CDT   SUNSET   837 PM CDT
MAY 29 2016...........SUNRISE   645 AM CDT   SUNSET   837 PM CDT


-  INDICATES NEGATIVE NUMBERS.
R  INDICATES RECORD WAS SET OR TIED.
MM INDICATES DATA IS MISSING.
T  INDICATES TRACE AMOUNT.




$$
