000
CDUS44 KEWX 202246
CLIDRT


CLIMATE REPORT
NATIONAL WEATHER SERVICE AUSTIN/SAN ANTONIO, TX
546 PM CDT THU JUL 20 2017


...................................

...THE DEL RIO CLIMATE SUMMARY FOR JULY 20 2017...
VALID TODAY AS OF 0546 PM LOCAL TIME.

CLIMATE NORMAL PERIOD 1981 TO 2010
CLIMATE RECORD PERIOD 1906 TO 2017


WEATHER ITEM   OBSERVED TIME   RECORD YEAR NORMAL DEPARTURE LAST
                VALUE   (LST)  VALUE       VALUE  FROM      YEAR
                                                  NORMAL
..................................................................
TEMPERATURE (F)
 TODAY
  MAXIMUM        100    445 PM 106    2009  97      3       99
  MINIMUM         77    626 AM  67    1959  75      2       78
  AVERAGE         89                        86      3       89

PRECIPITATION (IN)
  TODAY            0.00          2.14 1988   0.05  -0.05     0.00
  MONTH TO DATE    0.66                      1.18  -0.52     0.00
  SINCE JUN 1      3.12                      3.53  -0.41     2.93
  SINCE JAN 1     14.21                     10.73   3.48    11.54

SNOWFALL (IN)
  TODAY            0.0
  MONTH TO DATE    0.0
  SINCE JUN 1      0.0
  SINCE JUL 1      0.0
  SNOW DEPTH       0

DEGREE DAYS
 HEATING
  TODAY            0                         0      0        0
  MONTH TO DATE    0                         0      0        0
  SINCE JUN 1      0                         0      0        0
  SINCE JUL 1      0                         0      0        0

 COOLING
  TODAY           24                        21      3       24
  MONTH TO DATE  434                       414     20      519
  SINCE JUN 1   1008                       985     23     1098
  SINCE JAN 1   1833                      1744     89     1824
..................................................................


WIND (MPH)
  HIGHEST WIND SPEED    22   HIGHEST WIND DIRECTION    SE (150)
  HIGHEST GUST SPEED    28   HIGHEST GUST DIRECTION     S (160)
  AVERAGE WIND SPEED    11.3



WEATHER CONDITIONS
 THE FOLLOWING WEATHER WAS RECORDED TODAY.
  NO SIGNIFICANT WEATHER WAS OBSERVED.


RELATIVE HUMIDITY (PERCENT)
 HIGHEST    82           600 AM
 LOWEST     26           400 PM
 AVERAGE    54

..........................................................


THE DEL RIO CLIMATE NORMALS FOR TOMORROW
                         NORMAL    RECORD    YEAR
 MAXIMUM TEMPERATURE (F)   97       106      1980
 MINIMUM TEMPERATURE (F)   75        63      1923


SUNRISE AND SUNSET
JULY 20 2017..........SUNRISE   657 AM CDT   SUNSET   843 PM CDT
JULY 21 2017..........SUNRISE   658 AM CDT   SUNSET   842 PM CDT


-  INDICATES NEGATIVE NUMBERS.
R  INDICATES RECORD WAS SET OR TIED.
MM INDICATES DATA IS MISSING.
T  INDICATES TRACE AMOUNT.




$$
