000
CDUS44 KDRT 232246
CLIDRT


CLIMATE REPORT
NATIONAL WEATHER SERVICE AUSTIN/SAN ANTONIO, TX
545 PM CDT SAT JUL 23 2016


...................................

...THE DEL RIO CLIMATE SUMMARY FOR JULY 23 2016...
VALID TODAY AS OF 545 PM LOCAL TIME.

CLIMATE NORMAL PERIOD 1981 TO 2010
CLIMATE RECORD PERIOD 1906 TO 2016


WEATHER ITEM   OBSERVED TIME   RECORD YEAR NORMAL DEPARTURE LAST
                VALUE   (LST)  VALUE       VALUE  FROM      YEAR
                                                  NORMAL
..................................................................
TEMPERATURE (F)
 TODAY
  MAXIMUM        103    412 PM 105    1995  97      6      101
  MINIMUM         80    706 AM  68    1990  75      5       77
  AVERAGE         92                        86      6       89

PRECIPITATION (IN)
  TODAY            0.00          2.05 1926   0.05  -0.05     0.00
  MONTH TO DATE    0.00                      1.34  -1.34     0.04
  SINCE JUN 1      2.93                      3.69  -0.76     3.52
  SINCE JAN 1     11.54                     10.89   0.65    18.60

SNOWFALL (IN)
  TODAY            0.0
  MONTH TO DATE    0.0
  SINCE JUN 1      0.0
  SINCE JUL 1      0.0
  SNOW DEPTH       0

DEGREE DAYS
 HEATING
  TODAY            0                         0      0        0
  MONTH TO DATE    0                         0      0        0
  SINCE JUN 1      0                         0      0        0
  SINCE JUL 1      0                         0      0        0

 COOLING
  TODAY           27                        21      6       24
  MONTH TO DATE  596                       477    119      471
  SINCE JUN 1   1175                      1048    127      972
  SINCE JAN 1   1901                      1807     94     1652
..................................................................


WIND (MPH)
  HIGHEST WIND SPEED    20   HIGHEST WIND DIRECTION     S (160)
  HIGHEST GUST SPEED    26   HIGHEST GUST DIRECTION     E (90)
  AVERAGE WIND SPEED    11.5



WEATHER CONDITIONS
 THE FOLLOWING WEATHER WAS RECORDED TODAY.
  NO SIGNIFICANT WEATHER WAS OBSERVED.


RELATIVE HUMIDITY (PERCENT)
 HIGHEST    69           600 AM
 LOWEST     25           400 PM
 AVERAGE    47

..........................................................


THE DEL RIO CLIMATE NORMALS FOR TOMORROW
                         NORMAL    RECORD    YEAR
 MAXIMUM TEMPERATURE (F)   97       104      2000
                                             1998
                                             1995
 MINIMUM TEMPERATURE (F)   75        68      1915


SUNRISE AND SUNSET
JULY 23 2016..........SUNRISE   659 AM CDT   SUNSET   841 PM CDT
JULY 24 2016..........SUNRISE   700 AM CDT   SUNSET   841 PM CDT


-  INDICATES NEGATIVE NUMBERS.
R  INDICATES RECORD WAS SET OR TIED.
MM INDICATES DATA IS MISSING.
T  INDICATES TRACE AMOUNT.




$$
