425
CDUS44 KEWX 252353
CLIDRT


CLIMATE REPORT
NATIONAL WEATHER SERVICE AUSTIN/SAN ANTONIO, TX
552 PM CST SAT FEB 25 2017


...................................

...THE DEL RIO CLIMATE SUMMARY FOR FEBRUARY 25 2017...
VALID TODAY AS OF 552 PM LOCAL TIME.

CLIMATE NORMAL PERIOD 1981 TO 2010
CLIMATE RECORD PERIOD 1906 TO 2017


WEATHER ITEM   OBSERVED TIME   RECORD YEAR NORMAL DEPARTURE LAST
                VALUE   (LST)  VALUE       VALUE  FROM      YEAR
                                                  NORMAL
..................................................................
TEMPERATURE (F)
 TODAY
  MAXIMUM         69    346 PM  99    2008  71     -2       75
  MINIMUM         43    652 AM  22    1960  48     -5       37
  AVERAGE         56                        59     -3       56

PRECIPITATION (IN)
  TODAY            0.00          2.55 1949   0.04  -0.04     0.00
  MONTH TO DATE    0.78                      0.76   0.02     0.07
  SINCE DEC 1      3.45                      2.13   1.32     1.09
  SINCE JAN 1      0.97                      1.48  -0.51     0.75

SNOWFALL (IN)
  TODAY            0.0
  MONTH TO DATE    0.0
  SINCE DEC 1      0.0
  SINCE JUL 1      0.0
  SNOW DEPTH       0

DEGREE DAYS
 HEATING
  TODAY            9                         7      2        9
  MONTH TO DATE   98                       227   -129      154
  SINCE DEC 1    721                      1020   -299      821
  SINCE JUL 1    790                      1217   -427      964

 COOLING
  TODAY            0                         1     -1        0
  MONTH TO DATE   34                         9     25       27
  SINCE DEC 1     62                        15     47       28
  SINCE JAN 1     50                        12     38       27
..................................................................


WIND (MPH)
  HIGHEST WIND SPEED    20   HIGHEST WIND DIRECTION    SE (140)
  HIGHEST GUST SPEED    24   HIGHEST GUST DIRECTION    SE (150)
  AVERAGE WIND SPEED     6.5



WEATHER CONDITIONS
 THE FOLLOWING WEATHER WAS RECORDED TODAY.
  NO SIGNIFICANT WEATHER WAS OBSERVED.


RELATIVE HUMIDITY (PERCENT)
 HIGHEST    65           600 AM
 LOWEST     22           400 PM
 AVERAGE    44

..........................................................


THE DEL RIO CLIMATE NORMALS FOR TOMORROW
                         NORMAL    RECORD    YEAR
 MAXIMUM TEMPERATURE (F)   71        96      1986
 MINIMUM TEMPERATURE (F)   48        30      2002
                                             1924


SUNRISE AND SUNSET
FEBRUARY 25 2017......SUNRISE   713 AM CST   SUNSET   641 PM CST
FEBRUARY 26 2017......SUNRISE   712 AM CST   SUNSET   641 PM CST


-  INDICATES NEGATIVE NUMBERS.
R  INDICATES RECORD WAS SET OR TIED.
MM INDICATES DATA IS MISSING.
T  INDICATES TRACE AMOUNT.




$$
