000
CDUS44 KEWX 200708
CLIDRT


CLIMATE REPORT
NATIONAL WEATHER SERVICE AUSTIN/SAN ANTONIO, TX
207 AM CDT WED SEP 20 2017


...................................

...THE DEL RIO CLIMATE SUMMARY FOR SEPTEMBER 19 2017...

CLIMATE NORMAL PERIOD 1981 TO 2010
CLIMATE RECORD PERIOD 1906 TO 2017


WEATHER ITEM   OBSERVED TIME   RECORD YEAR NORMAL DEPARTURE LAST
                VALUE   (LST)  VALUE       VALUE  FROM      YEAR
                                                  NORMAL
..................................................................
TEMPERATURE (F)
 YESTERDAY
  MAXIMUM         96   1223 PM 100    1977  90      6       95
                                      1952
                                      1912
  MINIMUM         75   1159 PM  52    1991  69      6       75
  AVERAGE         86                        79      7       85

PRECIPITATION (IN)
  YESTERDAY        0.01          2.65 1991   0.05  -0.04     0.00
  MONTH TO DATE    0.45                      1.41  -0.96     2.21
  SINCE SEP 1      0.45                      1.41  -0.96     2.21
  SINCE JAN 1     16.34                     14.92   1.42    24.06

SNOWFALL (IN)
  YESTERDAY        0.0
  MONTH TO DATE    0.0
  SINCE SEP 1      0.0
  SINCE JUL 1      0.0

DEGREE DAYS
 HEATING
  YESTERDAY        0                         0      0        0
  MONTH TO DATE    0                         0      0        0
  SINCE SEP 1      0                         0      0        0
  SINCE JUL 1      0                         0      0        0

 COOLING
  YESTERDAY       21                        14      7       20
  MONTH TO DATE  347                       321     26      338
  SINCE SEP 1    347                       321     26      338
  SINCE JAN 1   3137                      2956    181     3052
..................................................................


WIND (MPH)
  HIGHEST WIND SPEED    16   HIGHEST WIND DIRECTION     S (170)
  HIGHEST GUST SPEED    21   HIGHEST GUST DIRECTION    SE (150)
  AVERAGE WIND SPEED     8.2


SKY COVER
  AVERAGE SKY COVER 0.0


WEATHER CONDITIONS
 THE FOLLOWING WEATHER WAS RECORDED YESTERDAY.
  LIGHT RAIN


RELATIVE HUMIDITY (PERCENT)
 HIGHEST    79           500 AM
 LOWEST     52          1200 PM
 AVERAGE    66

..........................................................


THE DEL RIO CLIMATE NORMALS FOR TODAY
                         NORMAL    RECORD    YEAR
 MAXIMUM TEMPERATURE (F)   90       102      1912
 MINIMUM TEMPERATURE (F)   69        51      1971


SUNRISE AND SUNSET
SEPTEMBER 20 2017.....SUNRISE   731 AM CDT   SUNSET   742 PM CDT
SEPTEMBER 21 2017.....SUNRISE   732 AM CDT   SUNSET   741 PM CDT


-  INDICATES NEGATIVE NUMBERS.
R  INDICATES RECORD WAS SET OR TIED.
MM INDICATES DATA IS MISSING.
T  INDICATES TRACE AMOUNT.




$$
