000
CDUS44 KEWX 122225
CLIDRT


CLIMATE REPORT
NATIONAL WEATHER SERVICE AUSTIN/SAN ANTONIO, TX
525 PM CDT SAT JUL 12 2014


...................................

...THE DEL RIO CLIMATE SUMMARY FOR JULY 12 2014...
VALID TODAY AS OF 525 PM LOCAL TIME.

CLIMATE NORMAL PERIOD 1981 TO 2010
CLIMATE RECORD PERIOD 1906 TO 2014


WEATHER ITEM   OBSERVED TIME   RECORD YEAR NORMAL DEPARTURE LAST
                VALUE   (LST)  VALUE       VALUE  FROM      YEAR
                                                  NORMAL
..................................................................
TEMPERATURE (F)
 TODAY
  MAXIMUM         94    341 PM 107    1998  96     -2      100
  MINIMUM         73    457 AM  70    1983  75     -2       79
                                      1976
                                      1950
  AVERAGE         84                        86     -2       90

PRECIPITATION (IN)
  TODAY            0.00          0.80 1925   0.06  -0.06     0.00
  MONTH TO DATE    0.14                      0.72  -0.58      T
  SINCE JUN 1      4.83                      3.07   1.76     1.76
  SINCE JAN 1      6.18                     10.27  -4.09     4.98

SNOWFALL (IN)
  TODAY            0.0
  MONTH TO DATE    0.0
  SINCE JUN 1      0.0
  SINCE JUL 1      0.0
  SNOW DEPTH       0

DEGREE DAYS
 HEATING
  TODAY            0                         0      0        0
  MONTH TO DATE    0                         0      0        0
  SINCE JUN 1      0                         0      0        0
  SINCE JUL 1      0                         0      0        0

 COOLING
  TODAY           19                        21     -2       25
  MONTH TO DATE  240                       246     -6      248
  SINCE JUN 1    868                       817     51      873
  SINCE JAN 1   1718                      1576    142     1779
..................................................................


WIND (MPH)
  HIGHEST WIND SPEED    21   HIGHEST WIND DIRECTION    SE (130)
  HIGHEST GUST SPEED    30   HIGHEST GUST DIRECTION    SE (130)
  AVERAGE WIND SPEED    10.7



WEATHER CONDITIONS
 THE FOLLOWING WEATHER WAS RECORDED TODAY.
  NO SIGNIFICANT WEATHER WAS OBSERVED.


RELATIVE HUMIDITY (PERCENT)
 HIGHEST    87           300 AM
 LOWEST     39           300 PM
 AVERAGE    63

..........................................................


THE DEL RIO CLIMATE NORMALS FOR TOMORROW
                         NORMAL    RECORD    YEAR
 MAXIMUM TEMPERATURE (F)   96       106      1998
 MINIMUM TEMPERATURE (F)   75        68      1986
                                             1908


SUNRISE AND SUNSET
JULY 12 2014..........SUNRISE   653 AM CDT   SUNSET   846 PM CDT
JULY 13 2014..........SUNRISE   653 AM CDT   SUNSET   845 PM CDT


-  INDICATES NEGATIVE NUMBERS.
R  INDICATES RECORD WAS SET OR TIED.
MM INDICATES DATA IS MISSING.
T  INDICATES TRACE AMOUNT.




$$
