000
CDUS44 KDRT 052222
CLIDRT


CLIMATE REPORT
NATIONAL WEATHER SERVICE AUSTIN/SAN ANTONIO, TX
421 PM CST FRI FEB 5 2016


...................................

...THE DEL RIO CLIMATE SUMMARY FOR FEBRUARY 5 2016...
VALID TODAY AS OF 420 PM LOCAL TIME.

CLIMATE NORMAL PERIOD 1981 TO 2010
CLIMATE RECORD PERIOD 1906 TO 2016


WEATHER ITEM   OBSERVED TIME   RECORD YEAR NORMAL DEPARTURE LAST
                VALUE   (LST)  VALUE       VALUE  FROM      YEAR
                                                  NORMAL
..................................................................
TEMPERATURE (F)
 TODAY
  MAXIMUM         63    359 PM  86    1953  67     -4       52
  MINIMUM         34    748 AM  18    1912  43     -9       41
  AVERAGE         49                        55     -6       47

PRECIPITATION (IN)
  TODAY            0.00          2.57 1987   0.02  -0.02      T
  MONTH TO DATE    0.00                      0.13  -0.13     0.18
  SINCE DEC 1      1.02                      1.50  -0.48     1.20
  SINCE JAN 1      0.68                      0.85  -0.17     0.95

SNOWFALL (IN)
  TODAY            0.0
  MONTH TO DATE    0.0
  SINCE DEC 1      T
  SINCE JUL 1      T
  SNOW DEPTH       0

DEGREE DAYS
 HEATING
  TODAY           16                        11      5       18
  MONTH TO DATE   57                        55      2       71
  SINCE DEC 1    724                       848   -124      819
  SINCE JUL 1    867                      1045   -178     1091

 COOLING
  TODAY            0                         0      0        0
  MONTH TO DATE    5                         0      5        0
  SINCE DEC 1      6                         6      0        6
  SINCE JAN 1      5                         3      2        0
..................................................................


WIND (MPH)
  HIGHEST WIND SPEED    24   HIGHEST WIND DIRECTION    SE (140)
  HIGHEST GUST SPEED    31   HIGHEST GUST DIRECTION    SE (150)
  AVERAGE WIND SPEED    11.8



WEATHER CONDITIONS
 THE FOLLOWING WEATHER WAS RECORDED TODAY.
  NO SIGNIFICANT WEATHER WAS OBSERVED.


RELATIVE HUMIDITY (PERCENT)
 HIGHEST    61           600 AM
 LOWEST     27           200 PM
 AVERAGE    44

..........................................................


THE DEL RIO CLIMATE NORMALS FOR TOMORROW
                         NORMAL    RECORD    YEAR
 MAXIMUM TEMPERATURE (F)   67        87      1911
 MINIMUM TEMPERATURE (F)   43        22      1989


SUNRISE AND SUNSET
FEBRUARY  5 2016......SUNRISE   731 AM CST   SUNSET   625 PM CST
FEBRUARY  6 2016......SUNRISE   730 AM CST   SUNSET   626 PM CST


-  INDICATES NEGATIVE NUMBERS.
R  INDICATES RECORD WAS SET OR TIED.
MM INDICATES DATA IS MISSING.
T  INDICATES TRACE AMOUNT.




$$
