000
CDUS43 KDMX 050629
CLIDSM

CLIMATE REPORT
NATIONAL WEATHER SERVICE DES MOINES IA
127 AM CDT SAT SEP 5 2015


...................................

...THE DES MOINES IA CLIMATE SUMMARY FOR SEPTEMBER 4 2015...

CLIMATE NORMAL PERIOD 1981 TO 2010
CLIMATE RECORD PERIOD 1878 TO 2015


WEATHER ITEM   OBSERVED TIME   RECORD YEAR NORMAL DEPARTURE LAST
                VALUE   (LST)  VALUE       VALUE  FROM      YEAR
                                                  NORMAL
..................................................................
TEMPERATURE (F)
 YESTERDAY
  MAXIMUM         91    402 PM  99    1913  81     10       93
  MINIMUM         71    615 AM  40    1891  60     11       76
  AVERAGE         81                        70     11       85

PRECIPITATION (IN)
  YESTERDAY        0.00          1.98 1994   0.11  -0.11     0.00
  MONTH TO DATE    0.16                      0.44  -0.28      T
  SINCE SEP 1      0.16                      0.44  -0.28      T
  SINCE JAN 1     29.33                     27.16   2.17    32.37

SNOWFALL (IN)
  YESTERDAY        0.0          MM      MM   0.0    0.0      0.0
  MONTH TO DATE    0.0                       0.0    0.0      0.0
  SINCE SEP 1      0.0                       0.0    0.0      0.0
  SINCE JUL 1      0.0                       0.0    0.0      0.0
  SNOW DEPTH       0

DEGREE DAYS
 HEATING
  YESTERDAY        0                         1     -1        0
  MONTH TO DATE    0                         4     -4        0
  SINCE SEP 1      0                         4     -4        0
  SINCE JUL 1      2                        10     -8        2

 COOLING
  YESTERDAY       16                         6     10       20
  MONTH TO DATE   63                        26     37       45
  SINCE SEP 1     63                        26     37       45
  SINCE JAN 1   1015                       965     50     1014
..................................................................


WIND (MPH)
  HIGHEST WIND SPEED    17   HIGHEST WIND DIRECTION     S (180)
  HIGHEST GUST SPEED    22   HIGHEST GUST DIRECTION     S (190)
  AVERAGE WIND SPEED     9.2


SKY COVER
  POSSIBLE SUNSHINE  MM
  AVERAGE SKY COVER 0.5


WEATHER CONDITIONS
 THE FOLLOWING WEATHER WAS RECORDED YESTERDAY.
  NO SIGNIFICANT WEATHER WAS OBSERVED.


RELATIVE HUMIDITY (PERCENT)
 HIGHEST    84           200 AM
 LOWEST     50           400 PM
 AVERAGE    67

..........................................................


THE DES MOINES IA CLIMATE NORMALS FOR TODAY
                         NORMAL    RECORD    YEAR
 MAXIMUM TEMPERATURE (F)   80        99      1925
                                             1913
                                             1899
 MINIMUM TEMPERATURE (F)   60        44      1889


SUNRISE AND SUNSET
SEPTEMBER  5 2015.....SUNRISE   645 AM CDT   SUNSET   741 PM CDT
SEPTEMBER  6 2015.....SUNRISE   646 AM CDT   SUNSET   740 PM CDT


-  INDICATES NEGATIVE NUMBERS.
R  INDICATES RECORD WAS SET OR TIED.
MM INDICATES DATA IS MISSING.
T  INDICATES TRACE AMOUNT.




$$
