000
CDUS43 KDTX 292030
CLIDTW


CLIMATE REPORT
NATIONAL WEATHER SERVICE DETROIT/PONTIAC MI
429 PM EDT THU SEP 29 2016


...................................

...THE DETROIT MI CLIMATE SUMMARY FOR SEPTEMBER 29 2016...
VALID TODAY AS OF 0400 PM LOCAL TIME.

CLIMATE NORMAL PERIOD 1981 TO 2010
CLIMATE RECORD PERIOD 1874 TO 2016


WEATHER ITEM   OBSERVED TIME   RECORD YEAR NORMAL DEPARTURE LAST
                VALUE   (LST)  VALUE       VALUE  FROM      YEAR
                                                  NORMAL
..................................................................
TEMPERATURE (F)
 TODAY
  MAXIMUM         64    225 PM  89    1953  68     -4       74
  MINIMUM         59   1008 AM  32    1942  49     10       57
  AVERAGE         62                        59      3       66

PRECIPITATION (IN)
  TODAY            2.65R         1.53 1896   0.10   2.55     0.17
  MONTH TO DATE    5.68                      3.17   2.51     1.29
  SINCE SEP 1      5.68                      3.17   2.51     1.29
  SINCE JAN 1     26.90                     25.60   1.30    23.27

SNOWFALL (IN)
  TODAY            0.0           0.0    MM   0.0    0.0      0.0
  MONTH TO DATE    0.0                       0.0    0.0      0.0
  SINCE SEP 1      0.0                       0.0    0.0      0.0
  SINCE JUL 1      0.0                       0.0    0.0      0.0
  SNOW DEPTH       0

DEGREE DAYS
 HEATING
  TODAY            3                         7     -4        0
  MONTH TO DATE   26                        96    -70       27
  SINCE SEP 1     26                        96    -70       27
  SINCE JUL 1     26                       106    -80       37

 COOLING
  TODAY            0                         1     -1        1
  MONTH TO DATE  132                        82     50      170
  SINCE SEP 1    132                        82     50      170
  SINCE JAN 1   1155                       793    362      890
..................................................................


WIND (MPH)
  HIGHEST WIND SPEED    18   HIGHEST WIND DIRECTION    NE (40)
  HIGHEST GUST SPEED    23   HIGHEST GUST DIRECTION    NE (50)
  AVERAGE WIND SPEED     8.5


SKY COVER
  POSSIBLE SUNSHINE  MM
  AVERAGE SKY COVER 0.9


WEATHER CONDITIONS
 THE FOLLOWING WEATHER WAS RECORDED TODAY.
  HEAVY RAIN
  RAIN
  LIGHT RAIN
  FOG


RELATIVE HUMIDITY (PERCENT)
 HIGHEST   100           400 AM
 LOWEST     93           100 AM
 AVERAGE    97

..........................................................


THE DETROIT MI CLIMATE NORMALS FOR TOMORROW
                         NORMAL    RECORD    YEAR
 MAXIMUM TEMPERATURE (F)   68        85      1991
 MINIMUM TEMPERATURE (F)   49        30      1899


SUNRISE AND SUNSET
SEPTEMBER 29 2016.....SUNRISE   729 AM EDT   SUNSET   717 PM EDT
SEPTEMBER 30 2016.....SUNRISE   730 AM EDT   SUNSET   716 PM EDT


-  INDICATES NEGATIVE NUMBERS.
R  INDICATES RECORD WAS SET OR TIED.
MM INDICATES DATA IS MISSING.
T  INDICATES TRACE AMOUNT.




$$
