000
CDUS45 KTWC 030729 RRA
CLIDUG

CLIMATE REPORT
NATIONAL WEATHER SERVICE TUCSON AZ
1229 AM MST TUE MAY 3 2016


...................................

...THE DOUGLAS AZ CLIMATE SUMMARY FOR MAY 2 2016...

CLIMATE NORMAL PERIOD 1981 TO 2010
CLIMATE RECORD PERIOD 1948 TO 2016


WEATHER ITEM   OBSERVED TIME   RECORD YEAR NORMAL DEPARTURE LAST
                VALUE   (LST)  VALUE       VALUE  FROM      YEAR
                                                  NORMAL
..................................................................
TEMPERATURE (F)
 YESTERDAY
  MAXIMUM         78    531 PM  93    2000  84     -6       87
                                      1989
                                      1986
  MINIMUM         44    315 AM  29    1967  48     -4       52
  AVERAGE         61                        66     -5       70

PRECIPITATION (IN)
  YESTERDAY        0.00          0.25 1990   0.01  -0.01      T
  MONTH TO DATE    0.00                      0.02  -0.02      T
  SINCE OCT 1      2.68                      4.69  -2.01     4.80
  SINCE JAN 1      1.47                      2.14  -0.67     2.83

DEGREE DAYS
 HEATING
  YESTERDAY        4                         2      2        0
  MONTH TO DATE   10                         4      6        0
  SINCE MAR 1    431                       469    -38      381
  SINCE JUL 1   2603                      2505     98     2219

 COOLING
  YESTERDAY        0                         3     -3        5
  MONTH TO DATE    0                         6     -6        5
  SINCE MAR 1     18                        36    -18        9
  SINCE JAN 1     18                        36    -18        9
..................................................................


WIND (MPH)
  HIGHEST WIND SPEED    18   HIGHEST WIND DIRECTION     E (90)
  HIGHEST GUST SPEED    30   HIGHEST GUST DIRECTION     E (90)
  AVERAGE WIND SPEED     7.0


SKY COVER
  POSSIBLE SUNSHINE  MM
  AVERAGE SKY COVER 0.0


WEATHER CONDITIONS
 THE FOLLOWING WEATHER WAS RECORDED YESTERDAY.
  NO SIGNIFICANT WEATHER WAS OBSERVED.


RELATIVE HUMIDITY (PERCENT)
 HIGHEST    49
 LOWEST     15
 AVERAGE    32

..........................................................


THE DOUGLAS AZ CLIMATE NORMALS FOR TODAY
                         NORMAL    RECORD    YEAR
 MAXIMUM TEMPERATURE (F)   84        94      2000
 MINIMUM TEMPERATURE (F)   48        32      1955
                                             1953


SUNRISE AND SUNSET
MAY  3 2016...........SUNRISE   531 AM MST   SUNSET   700 PM MST
MAY  4 2016...........SUNRISE   530 AM MST   SUNSET   701 PM MST


-  INDICATES NEGATIVE NUMBERS.
R  INDICATES RECORD WAS SET OR TIED.
MM INDICATES DATA IS MISSING.
T  INDICATES TRACE AMOUNT.




$$
