000
CDUS45 KTWC 010031 RRA
CLIDUG

CLIMATE REPORT
NATIONAL WEATHER SERVICE TUCSON AZ
530 PM MST WED AUG 31 2016


...................................

...THE DOUGLAS AZ CLIMATE SUMMARY FOR AUGUST 31 2016...
VALID TODAY AS OF 0500 PM LOCAL TIME.

CLIMATE NORMAL PERIOD 1981 TO 2010
CLIMATE RECORD PERIOD 1948 TO 2016


WEATHER ITEM   OBSERVED TIME   RECORD YEAR NORMAL DEPARTURE LAST
                VALUE   (LST)  VALUE       VALUE  FROM      YEAR
                                                  NORMAL
..................................................................
TEMPERATURE (F)
 TODAY
  MAXIMUM         85    334 PM 102    2011  92     -7       91
  MINIMUM         69   1243 AM  54    1956  63      6       61
  AVERAGE         77                        78     -1       76

PRECIPITATION (IN)
  TODAY            0.04                      0.06  -0.02     0.00
  MONTH TO DATE    2.58                      3.05  -0.47     3.05
  SINCE OCT 1     11.41                     11.56  -0.15    13.33
  SINCE JAN 1     10.20                      9.01   1.19    11.36

DEGREE DAYS
 COOLING
  TODAY           12                        13     -1       11
  MONTH TO DATE  347                       409    -62      410
  SINCE JUN 1   1324                      1269     55     1247
  SINCE JAN 1   1472                      1470      2     1309
..................................................................


WIND (MPH)
  HIGHEST WIND SPEED    29   HIGHEST WIND DIRECTION     E (80)
  HIGHEST GUST SPEED    34   HIGHEST GUST DIRECTION     E (90)
  AVERAGE WIND SPEED    11.0


SKY COVER
  POSSIBLE SUNSHINE  MM
  AVERAGE SKY COVER 0.5


WEATHER CONDITIONS
 THE FOLLOWING WEATHER WAS RECORDED TODAY.
  THUNDERSTORM
  HEAVY RAIN
  LIGHT RAIN


RELATIVE HUMIDITY (PERCENT)
 HIGHEST    73
 LOWEST     40
 AVERAGE    57

..........................................................


THE DOUGLAS AZ CLIMATE NORMALS FOR TOMORROW
                         NORMAL    RECORD    YEAR
 MAXIMUM TEMPERATURE (F)   92       101      2011
                                             1950
 MINIMUM TEMPERATURE (F)   63        54      1957


SUNRISE AND SUNSET
AUGUST 31 2016........SUNRISE   554 AM MST   SUNSET   643 PM MST
SEPTEMBER  1 2016.....SUNRISE   555 AM MST   SUNSET   641 PM MST


-  INDICATES NEGATIVE NUMBERS.
R  INDICATES RECORD WAS SET OR TIED.
MM INDICATES DATA IS MISSING.
T  INDICATES TRACE AMOUNT.




$$
