000
CDUS45 KTWC 220735
CLIDUG

CLIMATE REPORT
NATIONAL WEATHER SERVICE TUCSON AZ
1232 AM MST SAT JUL 22 2017


...................................

...THE DOUGLAS AZ CLIMATE SUMMARY FOR JULY 21 2017...

CLIMATE NORMAL PERIOD 1981 TO 2010
CLIMATE RECORD PERIOD 1948 TO 2017


WEATHER ITEM   OBSERVED TIME   RECORD YEAR NORMAL DEPARTURE LAST
                VALUE   (LST)  VALUE       VALUE  FROM      YEAR
                                                  NORMAL
..................................................................
TEMPERATURE (F)
 YESTERDAY
  MAXIMUM         84   1246 PM 101    2006  93     -9       99
                                      2005
  MINIMUM         65    141 PM  57    1958  66     -1       67
  AVERAGE         75                        80     -5       83

PRECIPITATION (IN)
  YESTERDAY        1.02          1.25 1971   0.11   0.91     0.03
  MONTH TO DATE    3.22                      1.75   1.47     3.22
  SINCE OCT 1      6.38                      7.31  -0.93     7.76
  SINCE JAN 1      5.03                      4.76   0.27     6.55

DEGREE DAYS
 HEATING
  YESTERDAY        0                         0      0        0
  MONTH TO DATE    0                         0      0        0
  SINCE JUN 1      0                         0      0        0
  SINCE JUL 1      0                         0      0        0

 COOLING
  YESTERDAY       10                        15     -5       18
  MONTH TO DATE  316                       327    -11      348
  SINCE JUN 1    807                       722     85      816
  SINCE JAN 1   1000                       923     77      964
..................................................................


WIND (MPH)
  HIGHEST WIND SPEED    38   HIGHEST WIND DIRECTION     N (20)
  HIGHEST GUST SPEED    46   HIGHEST GUST DIRECTION     N (20)
  AVERAGE WIND SPEED     6.1


SKY COVER
  POSSIBLE SUNSHINE  MM
  AVERAGE SKY COVER 0.1


WEATHER CONDITIONS
 THE FOLLOWING WEATHER WAS RECORDED YESTERDAY.
  THUNDERSTORM
  HEAVY RAIN
  RAIN
  LIGHT RAIN
  FOG


RELATIVE HUMIDITY (PERCENT)
 HIGHEST   100
 LOWEST     55
 AVERAGE    78

..........................................................


THE DOUGLAS AZ CLIMATE NORMALS FOR TODAY
                         NORMAL    RECORD    YEAR
 MAXIMUM TEMPERATURE (F)   93       100      2006
                                             1987
 MINIMUM TEMPERATURE (F)   66        56      1961


SUNRISE AND SUNSET
JULY 22 2017..........SUNRISE   529 AM MST   SUNSET   721 PM MST
JULY 23 2017..........SUNRISE   529 AM MST   SUNSET   720 PM MST


-  INDICATES NEGATIVE NUMBERS.
R  INDICATES RECORD WAS SET OR TIED.
MM INDICATES DATA IS MISSING.
T  INDICATES TRACE AMOUNT.




$$
