000
CDUS45 KTWC 060730
CLIDUG

CLIMATE REPORT
NATIONAL WEATHER SERVICE TUCSON AZ
1229 AM MST FRI MAR 6 2015


...................................

...THE DOUGLAS AZ CLIMATE SUMMARY FOR MARCH 5 2015...

CLIMATE NORMAL PERIOD 1981 TO 2010
CLIMATE RECORD PERIOD 1948 TO 2015


WEATHER ITEM   OBSERVED TIME   RECORD YEAR NORMAL DEPARTURE LAST
                VALUE   (LST)  VALUE       VALUE  FROM      YEAR
                                                  NORMAL
..................................................................
TEMPERATURE (F)
 YESTERDAY
  MAXIMUM         59    318 PM  81    2012  70    -11       73
                                      1991
                                      1972
  MINIMUM         28    547 AM  17    1966  36     -8       37
  AVERAGE         44                        53     -9       55

PRECIPITATION (IN)
  YESTERDAY        0.00          0.46 1970   0.02  -0.02     0.00
  MONTH TO DATE    0.39                      0.10   0.29     0.43
  SINCE OCT 1      3.87                      4.04  -0.17     1.25
  SINCE JAN 1      1.90                      1.49   0.41     0.43

DEGREE DAYS
 HEATING
  YESTERDAY       21                        12      9       10
  MONTH TO DATE   67                        63      4       46
  SINCE MAR 1     67                        63      4       46
  SINCE JUL 1   1905                      2099   -194     2010

 COOLING
  YESTERDAY        0                         0      0        0
  MONTH TO DATE    0                         0      0        0
  SINCE MAR 1      0                         0      0        0
  SINCE JAN 1      0                         0      0        0
..................................................................


WIND (MPH)
  HIGHEST WIND SPEED    28   HIGHEST WIND DIRECTION     E (90)
  HIGHEST GUST SPEED    33   HIGHEST GUST DIRECTION     E (90)
  AVERAGE WIND SPEED    11.9


SKY COVER
  POSSIBLE SUNSHINE  MM
  AVERAGE SKY COVER 0.0


WEATHER CONDITIONS
 THE FOLLOWING WEATHER WAS RECORDED YESTERDAY.
  NO SIGNIFICANT WEATHER WAS OBSERVED.


RELATIVE HUMIDITY (PERCENT)
 HIGHEST    92
 LOWEST     28
 AVERAGE    60

..........................................................


THE DOUGLAS AZ CLIMATE NORMALS FOR TODAY
                         NORMAL    RECORD    YEAR
 MAXIMUM TEMPERATURE (F)   70        85      1972
 MINIMUM TEMPERATURE (F)   36        18      1959


SUNRISE AND SUNSET
MARCH  6 2015.........SUNRISE   640 AM MST   SUNSET   620 PM MST
MARCH  7 2015.........SUNRISE   638 AM MST   SUNSET   621 PM MST


-  INDICATES NEGATIVE NUMBERS.
R  INDICATES RECORD WAS SET OR TIED.
MM INDICATES DATA IS MISSING.
T  INDICATES TRACE AMOUNT.




$$
