000
CDUS45 KTWC 201426
CLIDUG

CLIMATE REPORT
NATIONAL WEATHER SERVICE TUCSON AZ
725 AM MST WED AUG 20 2014


...................................

...THE DOUGLAS AZ CLIMATE SUMMARY FOR AUGUST 20 2014...
VALID AS OF 0700 AM LOCAL TIME.

CLIMATE NORMAL PERIOD 1981 TO 2010
CLIMATE RECORD PERIOD 1948 TO 2014


WEATHER ITEM   OBSERVED TIME   RECORD YEAR NORMAL DEPARTURE LAST
                VALUE   (LST)  VALUE       VALUE  FROM      YEAR
                                                  NORMAL
..................................................................
TEMPERATURE (F)
 TODAY
  MINIMUM         62    552 AM  54    1979  65     -3       66

PRECIPITATION (IN)
  TODAY            0.00          1.30 1955   0.09  -0.09     0.01
  MONTH TO DATE    3.85                      2.22   1.63     3.08
  SINCE OCT 1     10.11                     10.73  -0.62    14.81
  SINCE JAN 1      9.29                      8.18   1.11    14.18

DEGREE DAYS
 HEATING
  TODAY            2                         0      2        0

 COOLING
  TODAY            0                        13    -13       16
..................................................................


WIND (MPH)
  HIGHEST WIND SPEED     8   HIGHEST WIND DIRECTION    SE (130)
  HIGHEST GUST SPEED    10   HIGHEST GUST DIRECTION    SE (140)
  AVERAGE WIND SPEED     4.9


SKY COVER
  POSSIBLE SUNSHINE  MM
  AVERAGE SKY COVER 0.3


WEATHER CONDITIONS
 THE FOLLOWING WEATHER WAS RECORDED TODAY.
  NO SIGNIFICANT WEATHER WAS OBSERVED.


RELATIVE HUMIDITY (PERCENT)
 HIGHEST    93          1200 AM

..........................................................


THE DOUGLAS AZ CLIMATE NORMALS FOR TOMORROW
                         NORMAL    RECORD    YEAR
 MAXIMUM TEMPERATURE (F)   92        98      2011
 MINIMUM TEMPERATURE (F)   64        54      1979


SUNRISE AND SUNSET
AUGUST 20 2014........SUNRISE   547 AM MST   SUNSET   656 PM MST
AUGUST 21 2014........SUNRISE   548 AM MST   SUNSET   655 PM MST


-  INDICATES NEGATIVE NUMBERS.
R  INDICATES RECORD WAS SET OR TIED.
MM INDICATES DATA IS MISSING.
T  INDICATES TRACE AMOUNT.




$$
