000
CDUS45 KTWC 260027 RRA
CLIDUG

CLIMATE REPORT
NATIONAL WEATHER SERVICE TUCSON AZ
526 PM MST MON JUL 25 2016

...................................

...THE DOUGLAS AZ CLIMATE SUMMARY FOR JULY 25 2016...
VALID TODAY AS OF 0500 PM LOCAL TIME.

CLIMATE NORMAL PERIOD 1981 TO 2010
CLIMATE RECORD PERIOD 1948 TO 2016


WEATHER ITEM   OBSERVED TIME   RECORD YEAR NORMAL DEPARTURE LAST
                VALUE   (LST)  VALUE       VALUE  FROM      YEAR
                                                  NORMAL
..................................................................
TEMPERATURE (F)
 TODAY
  MAXIMUM         90    459 PM 103    1963  93     -3       93
  MINIMUM         66    448 AM  57    1995  66      0       69
  AVERAGE         78                        79     -1       81

PRECIPITATION (IN)
  TODAY            0.00                      0.12  -0.12      T
  MONTH TO DATE    3.45                      2.21   1.24     4.26
  SINCE OCT 1      7.99                      7.77   0.22    10.25
  SINCE JAN 1      6.78                      5.22   1.56     8.28

DEGREE DAYS
 COOLING
  TODAY           13                        14     -1       16
  MONTH TO DATE  413                       384     29      352
  SINCE JUN 1    881                       779    102      808
  SINCE JAN 1   1029                       980     49      870
..................................................................


WIND (MPH)
  HIGHEST WIND SPEED    13   HIGHEST WIND DIRECTION    NW (330)
  HIGHEST GUST SPEED    16   HIGHEST GUST DIRECTION    NW (330)
  AVERAGE WIND SPEED     3.4


SKY COVER
  POSSIBLE SUNSHINE  MM
  AVERAGE SKY COVER 0.0


WEATHER CONDITIONS
 THE FOLLOWING WEATHER WAS RECORDED TODAY.
  NO SIGNIFICANT WEATHER WAS OBSERVED.


RELATIVE HUMIDITY (PERCENT)
 HIGHEST    93
 LOWEST     34
 AVERAGE    64

..........................................................


THE DOUGLAS AZ CLIMATE NORMALS FOR TOMORROW
                         NORMAL    RECORD    YEAR
 MAXIMUM TEMPERATURE (F)   92       104      1995
 MINIMUM TEMPERATURE (F)   66        58      1976


SUNRISE AND SUNSET
JULY 25 2016..........SUNRISE   531 AM MST   SUNSET   719 PM MST
JULY 26 2016..........SUNRISE   531 AM MST   SUNSET   718 PM MST


-  INDICATES NEGATIVE NUMBERS.
R  INDICATES RECORD WAS SET OR TIED.
MM INDICATES DATA IS MISSING.
T  INDICATES TRACE AMOUNT.

$$
