000
CDUS45 KTWC 290734
CLIDUG

CLIMATE REPORT
NATIONAL WEATHER SERVICE TUCSON AZ
1231 AM MST MON DEC 29 2014


...................................

...THE DOUGLAS AZ CLIMATE SUMMARY FOR DECEMBER 28 2014...

CLIMATE NORMAL PERIOD 1981 TO 2010
CLIMATE RECORD PERIOD 1948 TO 2014


WEATHER ITEM   OBSERVED TIME   RECORD YEAR NORMAL DEPARTURE LAST
                VALUE   (LST)  VALUE       VALUE  FROM      YEAR
                                                  NORMAL
..................................................................
TEMPERATURE (F)
 YESTERDAY
  MAXIMUM         52    327 PM  79    1980  62    -10       58
  MINIMUM         16    553 AM  10    1988  29    -13       17
  AVERAGE         34                        45    -11       38

PRECIPITATION (IN)
  YESTERDAY        0.00          0.33 1972   0.03  -0.03     0.00
  MONTH TO DATE    0.60                      0.88  -0.28     0.30
  SINCE OCT 1      1.97                      2.46  -0.49     0.82
  SINCE JAN 1     15.54                     13.01   2.53    17.93

DEGREE DAYS
 HEATING
  YESTERDAY       31                        20     11       27
  MONTH TO DATE  505                       532    -27      582
  SINCE DEC 1    505                       532    -27      582
  SINCE JUL 1    899                       967    -68     1028

 COOLING
  YESTERDAY        0                         0      0        0
  MONTH TO DATE    0                         0      0        0
  SINCE DEC 1      0                         0      0        0
  SINCE JAN 1   1780                      1813    -33     1842
..................................................................


WIND (MPH)
  HIGHEST WIND SPEED    10   HIGHEST WIND DIRECTION     N (10)
  HIGHEST GUST SPEED    12   HIGHEST GUST DIRECTION     S (190)
  AVERAGE WIND SPEED     3.0


SKY COVER
  POSSIBLE SUNSHINE  MM
  AVERAGE SKY COVER 0.0


WEATHER CONDITIONS
 THE FOLLOWING WEATHER WAS RECORDED YESTERDAY.
  NO SIGNIFICANT WEATHER WAS OBSERVED.


RELATIVE HUMIDITY (PERCENT)
 HIGHEST    92
 LOWEST     23
 AVERAGE    58

..........................................................


THE DOUGLAS AZ CLIMATE NORMALS FOR TODAY
                         NORMAL    RECORD    YEAR
 MAXIMUM TEMPERATURE (F)   62        77      1998
 MINIMUM TEMPERATURE (F)   29         8      2003


SUNRISE AND SUNSET
DECEMBER 29 2014......SUNRISE   717 AM MST   SUNSET   524 PM MST
DECEMBER 30 2014......SUNRISE   717 AM MST   SUNSET   525 PM MST


-  INDICATES NEGATIVE NUMBERS.
R  INDICATES RECORD WAS SET OR TIED.
MM INDICATES DATA IS MISSING.
T  INDICATES TRACE AMOUNT.




$$
