000
CDUS45 KTWC 240730 RRA
CLIDUG

CLIMATE REPORT
NATIONAL WEATHER SERVICE TUCSON AZ
1229 AM MST TUE JAN 24 2017


...................................

...THE DOUGLAS AZ CLIMATE SUMMARY FOR JANUARY 23 2017...

CLIMATE NORMAL PERIOD 1981 TO 2010
CLIMATE RECORD PERIOD 1948 TO 2017


WEATHER ITEM   OBSERVED TIME   RECORD YEAR NORMAL DEPARTURE LAST
                VALUE   (LST)  VALUE       VALUE  FROM      YEAR
                                                  NORMAL
..................................................................
TEMPERATURE (F)
 YESTERDAY
  MAXIMUM         67    240 PM  77    1986  63      4       72
                                      1950
  MINIMUM         37    529 AM  14    1955  30      7       26
  AVERAGE         52                        47      5       49

PRECIPITATION (IN)
  YESTERDAY        0.00          0.15 1961   0.02  -0.02     0.00
  MONTH TO DATE    1.24                      0.54   0.70     1.16
  SINCE OCT 1      2.59                      3.09  -0.50     2.37
  SINCE JAN 1      1.24                      0.54   0.70     1.16

DEGREE DAYS
 HEATING
  YESTERDAY       13                        18     -5       16
  MONTH TO DATE  401                       437    -36      512
  SINCE DEC 1    905                      1026   -121     1175
  SINCE JUL 1   1241                      1461   -220     1628

 COOLING
  YESTERDAY        0                         0      0        0
  MONTH TO DATE    0                         0      0        0
  SINCE DEC 1      0                         0      0        0
  SINCE JAN 1      0                         0      0        0
..................................................................


WIND (MPH)
  HIGHEST WIND SPEED    35   HIGHEST WIND DIRECTION    SW (230)
  HIGHEST GUST SPEED    42   HIGHEST GUST DIRECTION    SW (240)
  AVERAGE WIND SPEED    14.1


SKY COVER
  POSSIBLE SUNSHINE  MM
  AVERAGE SKY COVER 0.0


WEATHER CONDITIONS
 THE FOLLOWING WEATHER WAS RECORDED YESTERDAY.
  NO SIGNIFICANT WEATHER WAS OBSERVED.


RELATIVE HUMIDITY (PERCENT)
 HIGHEST    85
 LOWEST     27
 AVERAGE    56

..........................................................


THE DOUGLAS AZ CLIMATE NORMALS FOR TODAY
                         NORMAL    RECORD    YEAR
 MAXIMUM TEMPERATURE (F)   63        81      1999
 MINIMUM TEMPERATURE (F)   30        16      1996


SUNRISE AND SUNSET
JANUARY 24 2017.......SUNRISE   715 AM MST   SUNSET   546 PM MST
JANUARY 25 2017.......SUNRISE   715 AM MST   SUNSET   547 PM MST


-  INDICATES NEGATIVE NUMBERS.
R  INDICATES RECORD WAS SET OR TIED.
MM INDICATES DATA IS MISSING.
T  INDICATES TRACE AMOUNT.




$$
