000
CDUS45 KTWC 150943 RRA
CLIDUG

CLIMATE REPORT
NATIONAL WEATHER SERVICE TUCSON AZ
1252 AM MST FRI DEC 15 2017


...................................

...THE DOUGLAS AZ CLIMATE SUMMARY FOR DECEMBER 14 2017...

CLIMATE NORMAL PERIOD 1981 TO 2010
CLIMATE RECORD PERIOD 1948 TO 2017


WEATHER ITEM   OBSERVED TIME   RECORD YEAR NORMAL DEPARTURE LAST
                VALUE   (LST)  VALUE       VALUE  FROM      YEAR
                                                  NORMAL
..................................................................
TEMPERATURE (F)
 YESTERDAY
  MAXIMUM         69    249 PM  76    2010  62      7       75
  MINIMUM         33    601 AM  14    2001  29      4       32
  AVERAGE         51                        46      5       54

PRECIPITATION (IN)
  YESTERDAY        0.00          0.39 1965   0.03  -0.03     0.00
  MONTH TO DATE    0.03                      0.45  -0.42     0.16
  SINCE OCT 1      0.26                      2.03  -1.77     0.42
  SINCE JAN 1      8.94                     12.58  -3.64    12.56

DEGREE DAYS
 HEATING
  YESTERDAY       14                        19     -5       11
  MONTH TO DATE  211                       255    -44      232
  SINCE DEC 1    211                       255    -44      232
  SINCE JUL 1    409                       690   -281      568

 COOLING
  YESTERDAY        0                         0      0        0
  MONTH TO DATE    0                         0      0        0
  SINCE DEC 1      0                         0      0        0
  SINCE JAN 1   1892                      1813     79     1786
..................................................................


WIND (MPH)
  HIGHEST WIND SPEED    23   HIGHEST WIND DIRECTION    SE (120)
  HIGHEST GUST SPEED    27   HIGHEST GUST DIRECTION    SE (120)
  AVERAGE WIND SPEED     7.1


SKY COVER
  POSSIBLE SUNSHINE  MM
  AVERAGE SKY COVER  MM


WEATHER CONDITIONS
 THE FOLLOWING WEATHER WAS RECORDED YESTERDAY.
  NO SIGNIFICANT WEATHER WAS OBSERVED.


RELATIVE HUMIDITY (PERCENT)
 HIGHEST    MM
 LOWEST     MM
 AVERAGE    MM

..........................................................


THE DOUGLAS AZ CLIMATE NORMALS FOR TODAY
                         NORMAL    RECORD    YEAR
 MAXIMUM TEMPERATURE (F)   62        80      2016
 MINIMUM TEMPERATURE (F)   29        13      1987


SUNRISE AND SUNSET
DECEMBER 15 2017......SUNRISE   710 AM MST   SUNSET   517 PM MST
DECEMBER 16 2017......SUNRISE   711 AM MST   SUNSET   517 PM MST


-  INDICATES NEGATIVE NUMBERS.
R  INDICATES RECORD WAS SET OR TIED.
MM INDICATES DATA IS MISSING.
T  INDICATES TRACE AMOUNT.




$$
