000
CDUS45 KTWC 211426
CLIDUG

CLIMATE REPORT
NATIONAL WEATHER SERVICE TUCSON AZ
725 AM MST MON APR 21 2014

...................................

...THE DOUGLAS AZ CLIMATE SUMMARY FOR APRIL 21 2014...
VALID AS OF 0700 AM LOCAL TIME.

CLIMATE NORMAL PERIOD 1981 TO 2010
CLIMATE RECORD PERIOD 1948 TO 2014


WEATHER ITEM   OBSERVED TIME   RECORD YEAR NORMAL DEPARTURE LAST
                VALUE   (LST)  VALUE       VALUE  FROM      YEAR
                                                  NORMAL
..................................................................
TEMPERATURE (F)
 TODAY
  MINIMUM         43    538 AM  31    2002  45     -2       39

PRECIPITATION (IN)
  TODAY            0.00          0.03 1957   0.01  -0.01     0.00
  MONTH TO DATE    0.13                      0.16  -0.03     0.01
  SINCE OCT 1      1.39                      4.60  -3.21     1.50
  SINCE JAN 1      0.57                      2.05  -1.48     0.87

DEGREE DAYS
 HEATING
  TODAY           15                         3     12        2

 COOLING
  TODAY            0                         1     -1        0
..................................................................


WIND (MPH)
  HIGHEST WIND SPEED    13   HIGHEST WIND DIRECTION     N (360)
  HIGHEST GUST SPEED    13   HIGHEST GUST DIRECTION     N (10)
  AVERAGE WIND SPEED     5.6


SKY COVER
  POSSIBLE SUNSHINE  MM
  AVERAGE SKY COVER 0.0


WEATHER CONDITIONS
 THE FOLLOWING WEATHER WAS RECORDED TODAY.
  NO SIGNIFICANT WEATHER WAS OBSERVED.


RELATIVE HUMIDITY (PERCENT)
 HIGHEST    66           200 AM

..........................................................


THE DOUGLAS AZ CLIMATE NORMALS FOR TOMORROW
                         NORMAL    RECORD    YEAR
 MAXIMUM TEMPERATURE (F)   81        96      2012
 MINIMUM TEMPERATURE (F)   45        32      1983


SUNRISE AND SUNSET
APRIL 21 2014.........SUNRISE   543 AM MST   SUNSET   651 PM MST
APRIL 22 2014.........SUNRISE   542 AM MST   SUNSET   652 PM MST


-  INDICATES NEGATIVE NUMBERS.
R  INDICATES RECORD WAS SET OR TIED.
MM INDICATES DATA IS MISSING.
T  INDICATES TRACE AMOUNT.

$$
