682
CDUS43 KDVN 290924
CLIDVN


CLIMATE REPORT
NATIONAL WEATHER SERVICE QUAD CITIES IA IL
423 AM CDT THU SEP 29 2016


...................................

...THE DAVENPORT IA CLIMATE SUMMARY FOR SEPTEMBER 28 2016...

CLIMATE NORMAL PERIOD 1981 TO 2010
CLIMATE RECORD PERIOD 9999 TO 9999


WEATHER ITEM   OBSERVED TIME   RECORD YEAR NORMAL DEPARTURE LAST
                VALUE   (LST)  VALUE       VALUE  FROM      YEAR
                                                  NORMAL
..................................................................
TEMPERATURE (F)
 YESTERDAY
  MAXIMUM         65    104 PM  MM      MM  70     -5       83
  MINIMUM         48    524 AM  MM      MM  47      1       59
  AVERAGE         57                        58     -1       71

PRECIPITATION (IN)
  YESTERDAY        0.01         MM      MM   0.09  -0.08     0.00
  MONTH TO DATE    2.89                      2.88   0.01     4.03
  SINCE SEP 1      2.89                      2.88   0.01     4.03
  SINCE JAN 1     35.37                     28.70   6.67    32.58

SNOWFALL (IN)
  YESTERDAY        0.0          MM      MM  MM     MM        0.0
  MONTH TO DATE    0.0                      MM     MM         T
  SINCE SEP 1      0.0                      MM     MM         T
  SINCE JUL 1      0.0                      MM     MM         T
  SNOW DEPTH       0

DEGREE DAYS
 HEATING
  YESTERDAY        8                         8      0        0
  MONTH TO DATE   18                       104    -86       33
  SINCE SEP 1     18                       104    -86       33
  SINCE JUL 1     22                       118    -96       47

 COOLING
  YESTERDAY        0                         1     -1        6
  MONTH TO DATE  167                        66    101      195
  SINCE SEP 1    167                        66    101      195
  SINCE JAN 1   1019                       770    249      858
..................................................................


WIND (MPH)
  HIGHEST WIND SPEED    20   HIGHEST WIND DIRECTION     N (360)
  HIGHEST GUST SPEED    25   HIGHEST GUST DIRECTION     N (360)
  AVERAGE WIND SPEED    10.6


SKY COVER
  POSSIBLE SUNSHINE  MM
  AVERAGE SKY COVER 0.7


WEATHER CONDITIONS
 THE FOLLOWING WEATHER WAS RECORDED YESTERDAY.
  LIGHT RAIN
  FOG


RELATIVE HUMIDITY (PERCENT)
 HIGHEST    89          1000 PM
 LOWEST     56           100 PM
 AVERAGE    73

..........................................................


THE DAVENPORT IA CLIMATE NORMALS FOR TODAY
                         NORMAL    RECORD    YEAR
 MAXIMUM TEMPERATURE (F)   70        MM        MM
 MINIMUM TEMPERATURE (F)   46        MM        MM


SUNRISE AND SUNSET
SEPTEMBER 29 2016.....SUNRISE   658 AM CDT   SUNSET   647 PM CDT
SEPTEMBER 30 2016.....SUNRISE   659 AM CDT   SUNSET   645 PM CDT


-  INDICATES NEGATIVE NUMBERS.
R  INDICATES RECORD WAS SET OR TIED.
MM INDICATES DATA IS MISSING.
T  INDICATES TRACE AMOUNT.




$$
