000
CDUS43 KDVN 012141
CLIDVN


CLIMATE REPORT
NATIONAL WEATHER SERVICE QUAD CITIES IA IL
441 PM CDT MON JUN 1 2015


...................................

...THE DAVENPORT IA CLIMATE SUMMARY FOR JUNE 1 2015...
VALID TODAY AS OF 0400 PM LOCAL TIME.

CLIMATE NORMAL PERIOD 1981 TO 2010
CLIMATE RECORD PERIOD 9999 TO 9999


WEATHER ITEM   OBSERVED TIME   RECORD YEAR NORMAL DEPARTURE LAST
                VALUE   (LST)  VALUE       VALUE  FROM      YEAR
                                                  NORMAL
..................................................................
TEMPERATURE (F)
 TODAY
  MAXIMUM         70    259 PM  MM      MM  77     -7       90
  MINIMUM         48    450 AM  MM      MM  55     -7       72
  AVERAGE         59                        66     -7       81

PRECIPITATION (IN)
  TODAY            0.00         MM      MM   0.22  -0.22     0.00
  MONTH TO DATE    0.00                      0.22  -0.22     0.00
  SINCE JUN 1      0.00                      0.22  -0.22     0.00
  SINCE JAN 1     10.64                     13.03  -2.39    11.56

SNOWFALL (IN)
  TODAY            0.0          MM      MM  MM     MM        0.0
  MONTH TO DATE    0.0                      MM     MM        0.0
  SINCE JUN 1      0.0                      MM     MM        0.0
  SINCE JUL 1     32.5                      MM     MM       50.2
  SNOW DEPTH       0

DEGREE DAYS
 HEATING
  TODAY            6                         2      4        0
  MONTH TO DATE    6                         2      4        0
  SINCE JUN 1      6                         2      4        0
  SINCE JUL 1   6923                      6489    434     7552

 COOLING
  TODAY            0                         4     -4       16
  MONTH TO DATE    0                         4     -4       16
  SINCE JUN 1      0                         4     -4       16
  SINCE JAN 1     80                        65     15      124
..................................................................


WIND (MPH)
  HIGHEST WIND SPEED    17   HIGHEST WIND DIRECTION    NE (60)
  HIGHEST GUST SPEED    21   HIGHEST GUST DIRECTION    NE (50)
  AVERAGE WIND SPEED     9.4


SKY COVER
  POSSIBLE SUNSHINE  MM
  AVERAGE SKY COVER 0.6


WEATHER CONDITIONS
 THE FOLLOWING WEATHER WAS RECORDED TODAY.
  NO SIGNIFICANT WEATHER WAS OBSERVED.


RELATIVE HUMIDITY (PERCENT)
 HIGHEST    80           500 AM
 LOWEST     36           900 AM
 AVERAGE    58

..........................................................


THE DAVENPORT IA CLIMATE NORMALS FOR TOMORROW
                         NORMAL    RECORD    YEAR
 MAXIMUM TEMPERATURE (F)   78        MM        MM
 MINIMUM TEMPERATURE (F)   56        MM        MM


SUNRISE AND SUNSET
JUNE  1 2015..........SUNRISE   531 AM CDT   SUNSET   830 PM CDT
JUNE  2 2015..........SUNRISE   530 AM CDT   SUNSET   831 PM CDT


-  INDICATES NEGATIVE NUMBERS.
R  INDICATES RECORD WAS SET OR TIED.
MM INDICATES DATA IS MISSING.
T  INDICATES TRACE AMOUNT.




$$
