000
CDUS43 KDVN 242122
CLIDVN


CLIMATE REPORT
NATIONAL WEATHER SERVICE QUAD CITIES IA IL
421 PM CDT FRI MAR 24 2017


...................................

...THE DAVENPORT IA CLIMATE SUMMARY FOR MARCH 24 2017...
VALID TODAY AS OF 0400 PM LOCAL TIME.

CLIMATE NORMAL PERIOD 1981 TO 2010
CLIMATE RECORD PERIOD 9999 TO 9999


WEATHER ITEM   OBSERVED TIME   RECORD YEAR NORMAL DEPARTURE LAST
                VALUE   (LST)  VALUE       VALUE  FROM      YEAR
                                                  NORMAL
..................................................................
TEMPERATURE (F)
 TODAY
  MAXIMUM         78    106 PM  MM      MM  53     25       38
  MINIMUM         47   1223 AM  MM      MM  31     16       30
  AVERAGE         63                        42     21       34

PRECIPITATION (IN)
  TODAY            0.00         MM      MM   0.08  -0.08     0.63
  MONTH TO DATE    0.71                      1.92  -1.21     2.74
  SINCE MAR 1      0.71                      1.92  -1.21     2.74
  SINCE JAN 1      2.66                      4.45  -1.79     3.52

SNOWFALL (IN)
  TODAY            0.0          MM      MM  MM     MM        0.4
  MONTH TO DATE    6.1                      MM     MM        1.2
  SINCE MAR 1      6.1                      MM     MM        1.2
  SINCE JUL 1     25.2                      MM     MM       16.6
  SNOW DEPTH       0

DEGREE DAYS
 HEATING
  TODAY            2                        23    -21       31
  MONTH TO DATE  662                       682    -20      518
  SINCE MAR 1    662                       682    -20      518
  SINCE JUL 1   4718                      5707   -989     4742

 COOLING
  TODAY            0                         0      0        0
  MONTH TO DATE    0                         0      0        1
  SINCE MAR 1      0                         0      0        1
  SINCE JAN 1      0                         0      0        1
..................................................................


WIND (MPH)
  HIGHEST WIND SPEED    29   HIGHEST WIND DIRECTION    SW (220)
  HIGHEST GUST SPEED    36   HIGHEST GUST DIRECTION    SW (220)
  AVERAGE WIND SPEED    18.7


SKY COVER
  POSSIBLE SUNSHINE  MM
  AVERAGE SKY COVER 0.0


WEATHER CONDITIONS
 THE FOLLOWING WEATHER WAS RECORDED TODAY.
  NO SIGNIFICANT WEATHER WAS OBSERVED.


RELATIVE HUMIDITY (PERCENT)
 HIGHEST    83          1200 AM
 LOWEST     29           100 PM
 AVERAGE    56

..........................................................


THE DAVENPORT IA CLIMATE NORMALS FOR TOMORROW
                         NORMAL    RECORD    YEAR
 MAXIMUM TEMPERATURE (F)   53        MM        MM
 MINIMUM TEMPERATURE (F)   31        MM        MM


SUNRISE AND SUNSET
MARCH 24 2017.........SUNRISE   658 AM CDT   SUNSET   719 PM CDT
MARCH 25 2017.........SUNRISE   657 AM CDT   SUNSET   720 PM CDT


-  INDICATES NEGATIVE NUMBERS.
R  INDICATES RECORD WAS SET OR TIED.
MM INDICATES DATA IS MISSING.
T  INDICATES TRACE AMOUNT.




$$
