000
CDUS43 KDVN 182226
CLIDVN


CLIMATE REPORT
NATIONAL WEATHER SERVICE QUAD CITIES IA IL
424 PM CST WED JAN 18 2017


...................................

...THE DAVENPORT IA CLIMATE SUMMARY FOR JANUARY 18 2017...
VALID TODAY AS OF 0400 PM LOCAL TIME.

CLIMATE NORMAL PERIOD 1981 TO 2010
CLIMATE RECORD PERIOD 9999 TO 9999


WEATHER ITEM   OBSERVED TIME   RECORD YEAR NORMAL DEPARTURE LAST
                VALUE   (LST)  VALUE       VALUE  FROM      YEAR
                                                  NORMAL
..................................................................
TEMPERATURE (F)
 TODAY
  MAXIMUM         39    359 PM  MM      MM  30      9        7
  MINIMUM         31    936 AM  MM      MM  12     19       -5
  AVERAGE         35                        21     14        1

PRECIPITATION (IN)
  TODAY            0.00         MM      MM   0.04  -0.04      T
  MONTH TO DATE    0.83                      0.45   0.38     0.21
  SINCE DEC 1      2.21                      2.18   0.03     4.65
  SINCE JAN 1      0.83                      0.45   0.38     0.21

SNOWFALL (IN)
  TODAY            0.0          MM      MM  MM     MM         T
  MONTH TO DATE    T                        MM     MM        0.6
  SINCE DEC 1     16.5                      MM     MM        4.9
  SINCE JUL 1     16.5                      MM     MM       11.8
  SNOW DEPTH       0

DEGREE DAYS
 HEATING
  TODAY           30                        44    -14       64
  MONTH TO DATE  758                       791    -33      798
  SINCE DEC 1   2000                      2023    -23     1651
  SINCE JUL 1   2855                      3371   -516     2714

 COOLING
  TODAY            0                         0      0        0
  MONTH TO DATE    0                         0      0        0
  SINCE DEC 1      0                         0      0        0
  SINCE JAN 1      0                         0      0        0
..................................................................


WIND (MPH)
  HIGHEST WIND SPEED    20   HIGHEST WIND DIRECTION     W (270)
  HIGHEST GUST SPEED    23   HIGHEST GUST DIRECTION     W (270)
  AVERAGE WIND SPEED    10.4


SKY COVER
  POSSIBLE SUNSHINE  MM
  AVERAGE SKY COVER 0.8


WEATHER CONDITIONS
 THE FOLLOWING WEATHER WAS RECORDED TODAY.
  FOG
  HAZE


RELATIVE HUMIDITY (PERCENT)
 HIGHEST   100           400 AM
 LOWEST     79           400 PM
 AVERAGE    90

..........................................................


THE DAVENPORT IA CLIMATE NORMALS FOR TOMORROW
                         NORMAL    RECORD    YEAR
 MAXIMUM TEMPERATURE (F)   30        MM        MM
 MINIMUM TEMPERATURE (F)   12        MM        MM


SUNRISE AND SUNSET
JANUARY 18 2017.......SUNRISE   725 AM CST   SUNSET   501 PM CST
JANUARY 19 2017.......SUNRISE   724 AM CST   SUNSET   502 PM CST


-  INDICATES NEGATIVE NUMBERS.
R  INDICATES RECORD WAS SET OR TIED.
MM INDICATES DATA IS MISSING.
T  INDICATES TRACE AMOUNT.




$$
