000
CDUS43 KDVN 061004
CLIDVN


CLIMATE REPORT
NATIONAL WEATHER SERVICE QUAD CITIES IA IL
403 AM CST FRI MAR 6 2015


...................................

...THE DAVENPORT IA CLIMATE SUMMARY FOR MARCH 5 2015...

CLIMATE NORMAL PERIOD 1981 TO 2010
CLIMATE RECORD PERIOD 9999 TO 9999


WEATHER ITEM   OBSERVED TIME   RECORD YEAR NORMAL DEPARTURE LAST
                VALUE   (LST)  VALUE       VALUE  FROM      YEAR
                                                  NORMAL
..................................................................
TEMPERATURE (F)
 YESTERDAY
  MAXIMUM         11    506 PM  MM      MM  42    -31       23
  MINIMUM         -8    656 AM  MM      MM  24    -32       17
  AVERAGE          2                        33    -31       20

PRECIPITATION (IN)
  YESTERDAY        0.00         MM      MM   0.08  -0.08     0.05
  MONTH TO DATE    0.37                      0.37   0.00     0.26
  SINCE MAR 1      0.37                      0.37   0.00     0.26
  SINCE JAN 1      2.94                      2.90   0.04     3.05

SNOWFALL (IN)
  YESTERDAY        0.0          MM      MM  MM     MM        1.3
  MONTH TO DATE    0.3                      MM     MM        5.3
  SINCE MAR 1      0.3                      MM     MM        5.3
  SINCE JUL 1     32.5                      MM     MM       48.1
  SNOW DEPTH       3

DEGREE DAYS
 HEATING
  YESTERDAY       63                        32     31       45
  MONTH TO DATE  253                       164     89      272
  SINCE MAR 1    253                       164     89      272
  SINCE JUL 1   5749                      5189    560     6135

 COOLING
  YESTERDAY        0                         0      0        0
  MONTH TO DATE    0                         0      0        0
  SINCE MAR 1      0                         0      0        0
  SINCE JAN 1      0                         0      0        0
..................................................................


WIND (MPH)
  HIGHEST WIND SPEED    13   HIGHEST WIND DIRECTION    NW (300)
  HIGHEST GUST SPEED    18   HIGHEST GUST DIRECTION     W (290)
  AVERAGE WIND SPEED     7.0


SKY COVER
  POSSIBLE SUNSHINE  MM
  AVERAGE SKY COVER 0.0


WEATHER CONDITIONS
 THE FOLLOWING WEATHER WAS RECORDED YESTERDAY.
  NO SIGNIFICANT WEATHER WAS OBSERVED.


RELATIVE HUMIDITY (PERCENT)
 HIGHEST    76           200 AM
 LOWEST     58           200 PM
 AVERAGE    67

..........................................................


THE DAVENPORT IA CLIMATE NORMALS FOR TODAY
                         NORMAL    RECORD    YEAR
 MAXIMUM TEMPERATURE (F)   43        MM        MM
 MINIMUM TEMPERATURE (F)   25        MM        MM


SUNRISE AND SUNSET
MARCH  6 2015.........SUNRISE   629 AM CST   SUNSET   558 PM CST
MARCH  7 2015.........SUNRISE   628 AM CST   SUNSET   600 PM CST


-  INDICATES NEGATIVE NUMBERS.
R  INDICATES RECORD WAS SET OR TIED.
MM INDICATES DATA IS MISSING.
T  INDICATES TRACE AMOUNT.




$$
