000
CDUS46 KOTX 010453
CLIEAT


CLIMATE REPORT
NATIONAL WEATHER SERVICE SPOKANE, WA
953 PM PDT TUE JUN 30 2015


...................................

...THE WENATCHEE WA PANGBORN FIELD CLIMATE SUMMARY FOR JUNE 30 2015...
VALID TODAY AS OF 0800 PM LOCAL TIME.

CLIMATE NORMAL PERIOD 1981 TO 2010
CLIMATE RECORD PERIOD 1959 TO 2015


WEATHER ITEM   OBSERVED TIME   RECORD YEAR NORMAL DEPARTURE LAST
                VALUE   (LST)  VALUE       VALUE  FROM      YEAR
                                                  NORMAL
..................................................................
TEMPERATURE (F)
 TODAY
  MAXIMUM        100        MM 102    1987  82     18       84
  MINIMUM         74        MM  46    1970  58     16       57
  AVERAGE         87                        70     17       71

PRECIPITATION (IN)
  TODAY            0.00          0.36 1990   0.01  -0.01     0.00
  MONTH TO DATE    0.04                      0.60  -0.56     0.44
  SINCE OCT 1      6.91                      7.20  -0.29     3.31
  SINCE JAN 1      3.73                      4.25  -0.52     2.75

DEGREE DAYS
 HEATING
  TODAY            0                         1     -1        0
  MONTH TO DATE    0                        58    -58       15
  SINCE JUN 1      0                        58    -58       15
  SINCE JUL 1   4498                      5772  -1274     5638

 COOLING
  TODAY           22                         6     16        6
  MONTH TO DATE  383                       292     91      156
  SINCE JUN 1    383                       292     91      156
  SINCE JAN 1    482                       439     43      214
..................................................................


WIND (MPH)
  HIGHEST WIND SPEED    17   HIGHEST WIND DIRECTION    NW (300)
  HIGHEST GUST SPEED    MM   HIGHEST GUST DIRECTION    MM
  AVERAGE WIND SPEED     8.4


SKY COVER
  POSSIBLE SUNSHINE   0 PERCENT
  AVERAGE SKY COVER 0.0


WEATHER CONDITIONS
 THE FOLLOWING WEATHER WAS RECORDED TODAY.
  NO SIGNIFICANT WEATHER WAS OBSERVED.


RELATIVE HUMIDITY (PERCENT)
 HIGHEST     0          1200 AM
 LOWEST      0          1200 AM
 AVERAGE     0

..........................................................


THE WENATCHEE WA PANGBORN FIELD CLIMATE NORMALS FOR TOMORROW
                         NORMAL    RECORD    YEAR
 MAXIMUM TEMPERATURE (F)   83       101      1987
 MINIMUM TEMPERATURE (F)   58        48      1979


SUNRISE AND SUNSET
JUNE 30 2015..........SUNRISE   507 AM PDT   SUNSET   901 PM PDT
JULY  1 2015..........SUNRISE   508 AM PDT   SUNSET   901 PM PDT


-  INDICATES NEGATIVE NUMBERS.
R  INDICATES RECORD WAS SET OR TIED.
MM INDICATES DATA IS MISSING.
T  INDICATES TRACE AMOUNT.




$$
