000
CDUS46 KOTX 220837
CLIEAT


CLIMATE REPORT
NATIONAL WEATHER SERVICE SPOKANE, WA
137 AM PDT WED OCT 22 2014


...................................

...THE WENATCHEE WA PANGBORN FIELD CLIMATE SUMMARY FOR OCTOBER 21 2014...

CLIMATE NORMAL PERIOD 1981 TO 2010
CLIMATE RECORD PERIOD 1959 TO 2014


WEATHER ITEM   OBSERVED TIME   RECORD YEAR NORMAL DEPARTURE LAST
                VALUE   (LST)  VALUE       VALUE  FROM      YEAR
                                                  NORMAL
..................................................................
TEMPERATURE (F)
 YESTERDAY
  MAXIMUM         66    320 PM  71    1972  58      8       69
  MINIMUM         46   1014 PM  27    1984  39      7       42
  AVERAGE         56                        48      8       56

PRECIPITATION (IN)
  YESTERDAY        0.00          0.43 1975   0.01  -0.01     0.00
  MONTH TO DATE    0.10                      0.23  -0.13      T
  SINCE OCT 1      0.10                      0.23  -0.13      T
  SINCE JAN 1      4.22                      5.29  -1.07     6.69

SNOWFALL (IN)
  YESTERDAY       MM

DEGREE DAYS
 HEATING
  YESTERDAY        9                        17     -8        9
  MONTH TO DATE  120                       249   -129      286
  SINCE SEP 1    155                       347   -192      382
  SINCE JUL 1    155                       361   -206      382

 COOLING
  YESTERDAY        0                         0      0        0
  MONTH TO DATE   17                         0     17        0
  SINCE SEP 1    127                         2    125      147
  SINCE JAN 1   1218                       790    428     1028
..................................................................


WIND (MPH)
  HIGHEST WIND SPEED    15   HIGHEST WIND DIRECTION     W (260)
  HIGHEST GUST SPEED    20   HIGHEST GUST DIRECTION     W (270)
  AVERAGE WIND SPEED     3.5


SKY COVER
  POSSIBLE SUNSHINE  MM
  AVERAGE SKY COVER 0.4


WEATHER CONDITIONS
 THE FOLLOWING WEATHER WAS RECORDED YESTERDAY.
  FOG
  HAZE


RELATIVE HUMIDITY (PERCENT)
 HIGHEST    93           500 AM
 LOWEST     34           400 PM
 AVERAGE    64

..........................................................


THE WENATCHEE WA PANGBORN FIELD CLIMATE NORMALS FOR TODAY
                         NORMAL    RECORD    YEAR
 MAXIMUM TEMPERATURE (F)   57        72      2003
 MINIMUM TEMPERATURE (F)   39        27      1984


SUNRISE AND SUNSET
OCTOBER 22 2014.......SUNRISE   730 AM PDT   SUNSET   600 PM PDT
OCTOBER 23 2014.......SUNRISE   731 AM PDT   SUNSET   558 PM PDT


-  INDICATES NEGATIVE NUMBERS.
R  INDICATES RECORD WAS SET OR TIED.
MM INDICATES DATA IS MISSING.
T  INDICATES TRACE AMOUNT.




$$
