000
CDUS46 KOTX 290851
CLIEAT


CLIMATE REPORT
NATIONAL WEATHER SERVICE SPOKANE, WA
150 AM PDT SAT APR 29 2017


...................................

...THE WENATCHEE WA PANGBORN FIELD CLIMATE SUMMARY FOR APRIL 28 2017...

CLIMATE NORMAL PERIOD 1981 TO 2010
CLIMATE RECORD PERIOD 1959 TO 2017


WEATHER ITEM   OBSERVED TIME   RECORD YEAR NORMAL DEPARTURE LAST
                VALUE   (LST)  VALUE       VALUE  FROM      YEAR
                                                  NORMAL
..................................................................
TEMPERATURE (F)
 YESTERDAY
  MAXIMUM         65    241 PM  83    1987  66     -1       73
  MINIMUM         44    457 AM  32    1986  43      1       46
  AVERAGE         55                        54      1       60

PRECIPITATION (IN)
  YESTERDAY        0.00          0.24 1980   0.01  -0.01     0.00
  MONTH TO DATE    2.15                      0.43   1.72     0.50
  SINCE OCT 1      9.01                      5.89   3.12     9.30
  SINCE JAN 1      6.19                      2.94   3.25     5.44

SNOWFALL (IN)
  YESTERDAY       MM

DEGREE DAYS
 HEATING
  YESTERDAY       10                        11     -1        5
  MONTH TO DATE  445                       382     63      172
  SINCE MAR 1   1183                      1030    153      758
  SINCE JUL 1   5974                      5494    480     4631

 COOLING
  YESTERDAY        0                         0      0        0
  MONTH TO DATE    0                         0      0       12
  SINCE MAR 1      0                         2     -2       12
  SINCE JAN 1      0                         2     -2       12
..................................................................


WIND (MPH)
  HIGHEST WIND SPEED    23   HIGHEST WIND DIRECTION    NW (300)
  HIGHEST GUST SPEED    29   HIGHEST GUST DIRECTION    NW (300)
  AVERAGE WIND SPEED    13.5


SKY COVER
  POSSIBLE SUNSHINE  MM
  AVERAGE SKY COVER 0.3


WEATHER CONDITIONS
 THE FOLLOWING WEATHER WAS RECORDED YESTERDAY.
  NO SIGNIFICANT WEATHER WAS OBSERVED.


RELATIVE HUMIDITY (PERCENT)
 HIGHEST    53           400 AM
 LOWEST     25           500 PM
 AVERAGE    39

..........................................................


THE WENATCHEE WA PANGBORN FIELD CLIMATE NORMALS FOR TODAY
                         NORMAL    RECORD    YEAR
 MAXIMUM TEMPERATURE (F)   66        84      1998
 MINIMUM TEMPERATURE (F)   44        33      1982


SUNRISE AND SUNSET
APRIL 29 2017.........SUNRISE   547 AM PDT   SUNSET   810 PM PDT
APRIL 30 2017.........SUNRISE   545 AM PDT   SUNSET   812 PM PDT


-  INDICATES NEGATIVE NUMBERS.
R  INDICATES RECORD WAS SET OR TIED.
MM INDICATES DATA IS MISSING.
T  INDICATES TRACE AMOUNT.




$$
