000
CDUS46 KOTX 300830
CLIEAT


CLIMATE REPORT
NATIONAL WEATHER SERVICE SPOKANE, WA
130 AM PDT SAT MAY 30 2015


...................................

...THE WENATCHEE WA PANGBORN FIELD CLIMATE SUMMARY FOR MAY 29 2015...

CLIMATE NORMAL PERIOD 1981 TO 2010
CLIMATE RECORD PERIOD 1959 TO 2015


WEATHER ITEM   OBSERVED TIME   RECORD YEAR NORMAL DEPARTURE LAST
                VALUE   (LST)  VALUE       VALUE  FROM      YEAR
                                                  NORMAL
..................................................................
TEMPERATURE (F)
 YESTERDAY
  MAXIMUM         88    212 PM  98    1986  75     13       74
  MINIMUM         63    525 AM  40    1976  52     11       53
  AVERAGE         76                        63     13       64

PRECIPITATION (IN)
  YESTERDAY        0.03          0.16 1970   0.03   0.00     0.00
  MONTH TO DATE    1.21                      0.62   0.59     0.18
  SINCE OCT 1      6.87                      6.54   0.33     2.87
  SINCE JAN 1      3.69                      3.59   0.10     2.31

SNOWFALL (IN)
  YESTERDAY       MM

DEGREE DAYS
 HEATING
  YESTERDAY        0                         4     -4        1
  MONTH TO DATE   74                       193   -119       78
  SINCE MAR 1    869                      1245   -376     1052
  SINCE JUL 1   4498                      5709  -1211     5622

 COOLING
  YESTERDAY       11                         2      9        0
  MONTH TO DATE   77                        32     45       54
  SINCE MAR 1     77                        70      7       54
  SINCE JAN 1     77                        70      7       54
..................................................................


WIND (MPH)
  HIGHEST WIND SPEED    17   HIGHEST WIND DIRECTION     W (260)
  HIGHEST GUST SPEED    23   HIGHEST GUST DIRECTION     W (270)
  AVERAGE WIND SPEED     4.6


SKY COVER
  POSSIBLE SUNSHINE  MM
  AVERAGE SKY COVER 0.2


WEATHER CONDITIONS
 THE FOLLOWING WEATHER WAS RECORDED YESTERDAY.
  THUNDERSTORM
  RAIN
  LIGHT RAIN


RELATIVE HUMIDITY (PERCENT)
 HIGHEST    78          1100 PM
 LOWEST     23           200 PM
 AVERAGE    51

..........................................................


THE WENATCHEE WA PANGBORN FIELD CLIMATE NORMALS FOR TODAY
                         NORMAL    RECORD    YEAR
 MAXIMUM TEMPERATURE (F)   75       103      1986
 MINIMUM TEMPERATURE (F)   52        42      1984


SUNRISE AND SUNSET
MAY 30 2015...........SUNRISE   509 AM PDT   SUNSET   848 PM PDT
MAY 31 2015...........SUNRISE   509 AM PDT   SUNSET   849 PM PDT


-  INDICATES NEGATIVE NUMBERS.
R  INDICATES RECORD WAS SET OR TIED.
MM INDICATES DATA IS MISSING.
T  INDICATES TRACE AMOUNT.




$$
