000
CDUS46 KOTX 010825
CLIEAT


CLIMATE REPORT
NATIONAL WEATHER SERVICE SPOKANE, WA
1224 AM PST SUN FEB 1 2015


...................................

...THE WENATCHEE WA PANGBORN FIELD CLIMATE SUMMARY FOR JANUARY 31 2015...

CLIMATE NORMAL PERIOD 1981 TO 2010
CLIMATE RECORD PERIOD 1959 TO 2015


WEATHER ITEM   OBSERVED TIME   RECORD YEAR NORMAL DEPARTURE LAST
                VALUE   (LST)  VALUE       VALUE  FROM      YEAR
                                                  NORMAL
..................................................................
TEMPERATURE (F)
 YESTERDAY
  MAXIMUM         40    210 PM  60    1971  38      2       38
  MINIMUM         34    453 AM  -9    1996  26      8       20
  AVERAGE         37                        32      5       29

PRECIPITATION (IN)
  YESTERDAY        0.00          0.50 1963   0.03  -0.03     0.00
  MONTH TO DATE    0.63                      1.06  -0.43     0.44
  SINCE OCT 1      3.81                      4.01  -0.20     1.00
  SINCE JAN 1      0.63                      1.06  -0.43     0.44

SNOWFALL (IN)
  YESTERDAY       MM

DEGREE DAYS
 HEATING
  YESTERDAY       28                        33     -5       36
  MONTH TO DATE  993                      1100   -107     1017
  SINCE DEC 1   1923                      2248   -325     2218
  SINCE JUL 1   3029                      3620   -591     3583

 COOLING
  YESTERDAY        0                         0      0        0
  MONTH TO DATE    0                         0      0        0
  SINCE DEC 1      0                         0      0        0
  SINCE JAN 1      0                         0      0        0
..................................................................


WIND (MPH)
  HIGHEST WIND SPEED    12   HIGHEST WIND DIRECTION     E (110)
  HIGHEST GUST SPEED    15   HIGHEST GUST DIRECTION     E (110)
  AVERAGE WIND SPEED     4.5


SKY COVER
  POSSIBLE SUNSHINE  MM
  AVERAGE SKY COVER 0.9


WEATHER CONDITIONS
 THE FOLLOWING WEATHER WAS RECORDED YESTERDAY.
  NO SIGNIFICANT WEATHER WAS OBSERVED.


RELATIVE HUMIDITY (PERCENT)
 HIGHEST    89           300 AM
 LOWEST     70          1100 AM
 AVERAGE    80

..........................................................


THE WENATCHEE WA PANGBORN FIELD CLIMATE NORMALS FOR TODAY
                         NORMAL    RECORD    YEAR
 MAXIMUM TEMPERATURE (F)   38        52      2005
                                             1992
 MINIMUM TEMPERATURE (F)   26       -10      1996


SUNRISE AND SUNSET
FEBRUARY  1 2015......SUNRISE   727 AM PST   SUNSET   502 PM PST
FEBRUARY  2 2015......SUNRISE   726 AM PST   SUNSET   504 PM PST


-  INDICATES NEGATIVE NUMBERS.
R  INDICATES RECORD WAS SET OR TIED.
MM INDICATES DATA IS MISSING.
T  INDICATES TRACE AMOUNT.




$$
