000
CDUS46 KOTX 160822
CLIEAT


CLIMATE REPORT
NATIONAL WEATHER SERVICE SPOKANE, WA
1221 AM PST TUE JAN 16 2018


...................................

...THE WENATCHEE WA PANGBORN FIELD CLIMATE SUMMARY FOR JANUARY 15 2018...

CLIMATE NORMAL PERIOD 1981 TO 2010
CLIMATE RECORD PERIOD 1959 TO 2018


WEATHER ITEM   OBSERVED TIME   RECORD YEAR NORMAL DEPARTURE LAST
                VALUE   (LST)  VALUE       VALUE  FROM      YEAR
                                                  NORMAL
..................................................................
TEMPERATURE (F)
 YESTERDAY
  MAXIMUM         37    254 PM  53    1994  34      3       16
  MINIMUM         33    918 AM   3    1997  25      8       12
  AVERAGE         35                        29      6       14

PRECIPITATION (IN)
  YESTERDAY        0.01          0.39 1974   0.03  -0.02      T
  MONTH TO DATE    0.52                      0.55  -0.03     0.30
  SINCE OCT 1      3.60                      3.50   0.10     3.12
  SINCE JAN 1      0.52                      0.55  -0.03     0.30

SNOWFALL (IN)
  YESTERDAY       MM

DEGREE DAYS
 HEATING
  YESTERDAY       30                        36     -6       51
  MONTH TO DATE  525                       554    -29      775
  SINCE DEC 1   1681                      1702    -21     2057
  SINCE JUL 1   3104                      3074     30     3134

 COOLING
  YESTERDAY        0                         0      0        0
  MONTH TO DATE    0                         0      0        0
  SINCE DEC 1      0                         0      0        0
  SINCE JAN 1      0                         0      0        0
..................................................................


WIND (MPH)
  HIGHEST WIND SPEED     9   HIGHEST WIND DIRECTION     W (280)
  HIGHEST GUST SPEED    11   HIGHEST GUST DIRECTION     W (290)
  AVERAGE WIND SPEED     2.1


SKY COVER
  POSSIBLE SUNSHINE  MM
  AVERAGE SKY COVER 1.0


WEATHER CONDITIONS
 THE FOLLOWING WEATHER WAS RECORDED YESTERDAY.
  LIGHT RAIN
  FOG
  FOG W/VISIBILITY <= 1/4 MILE


RELATIVE HUMIDITY (PERCENT)
 HIGHEST   100          1200 AM
 LOWEST    100          1200 AM
 AVERAGE   100

..........................................................


THE WENATCHEE WA PANGBORN FIELD CLIMATE NORMALS FOR TODAY
                         NORMAL    RECORD    YEAR
 MAXIMUM TEMPERATURE (F)   34        55      1994
 MINIMUM TEMPERATURE (F)   25         6      1997


SUNRISE AND SUNSET
JANUARY 16 2018.......SUNRISE   743 AM PST   SUNSET   439 PM PST
JANUARY 17 2018.......SUNRISE   742 AM PST   SUNSET   440 PM PST


-  INDICATES NEGATIVE NUMBERS.
R  INDICATES RECORD WAS SET OR TIED.
MM INDICATES DATA IS MISSING.
T  INDICATES TRACE AMOUNT.




$$
