000
CDUS46 KOTX 040824
CLIEAT


CLIMATE REPORT
NATIONAL WEATHER SERVICE SPOKANE, WA
124 AM PDT WED MAY 4 2016


...................................

...THE WENATCHEE WA PANGBORN FIELD CLIMATE SUMMARY FOR MAY 3 2016...

CLIMATE NORMAL PERIOD 1981 TO 2010
CLIMATE RECORD PERIOD 1959 TO 2016


WEATHER ITEM   OBSERVED TIME   RECORD YEAR NORMAL DEPARTURE LAST
                VALUE   (LST)  VALUE       VALUE  FROM      YEAR
                                                  NORMAL
..................................................................
TEMPERATURE (F)
 YESTERDAY
  MAXIMUM         81    327 PM  87    1966  67     14       75
  MINIMUM         54    558 AM  34    1996  45      9       45
  AVERAGE         68                        56     12       60

PRECIPITATION (IN)
  YESTERDAY        0.01          0.29 1960   0.01   0.00     0.00
  MONTH TO DATE    0.01                      0.04  -0.03     0.00
  SINCE OCT 1      9.31                      5.96   3.35     5.66
  SINCE JAN 1      5.45                      3.01   2.44     2.48

SNOWFALL (IN)
  YESTERDAY       MM

DEGREE DAYS
 HEATING
  YESTERDAY        0                        10    -10        5
  MONTH TO DATE    2                        30    -28        9
  SINCE MAR 1    768                      1082   -314      804
  SINCE JUL 1   4641                      5546   -905     4433

 COOLING
  YESTERDAY        3                         0      3        0
  MONTH TO DATE    5                         0      5        2
  SINCE MAR 1     17                        38    -21        2
  SINCE JAN 1     17                        38    -21        2
..................................................................


WIND (MPH)
  HIGHEST WIND SPEED    26   HIGHEST WIND DIRECTION    NW (310)
  HIGHEST GUST SPEED    38   HIGHEST GUST DIRECTION     N (340)
  AVERAGE WIND SPEED    10.1


SKY COVER
  POSSIBLE SUNSHINE  MM
  AVERAGE SKY COVER 0.2


WEATHER CONDITIONS
 THE FOLLOWING WEATHER WAS RECORDED YESTERDAY.
  LIGHT RAIN


RELATIVE HUMIDITY (PERCENT)
 HIGHEST    59           600 AM
 LOWEST     23           100 PM
 AVERAGE    41

..........................................................


THE WENATCHEE WA PANGBORN FIELD CLIMATE NORMALS FOR TODAY
                         NORMAL    RECORD    YEAR
 MAXIMUM TEMPERATURE (F)   68        89      1966
 MINIMUM TEMPERATURE (F)   45        32      1962


SUNRISE AND SUNSET
MAY  4 2016...........SUNRISE   539 AM PDT   SUNSET   817 PM PDT
MAY  5 2016...........SUNRISE   537 AM PDT   SUNSET   819 PM PDT


-  INDICATES NEGATIVE NUMBERS.
R  INDICATES RECORD WAS SET OR TIED.
MM INDICATES DATA IS MISSING.
T  INDICATES TRACE AMOUNT.




$$
