000
CDUS46 KOTX 270848
CLIEAT


CLIMATE REPORT
NATIONAL WEATHER SERVICE SPOKANE, WA
147 AM PDT SAT AUG 27 2016


...................................

...THE WENATCHEE WA PANGBORN FIELD CLIMATE SUMMARY FOR AUGUST 26 2016...

CLIMATE NORMAL PERIOD 1981 TO 2010
CLIMATE RECORD PERIOD 1959 TO 2016


WEATHER ITEM   OBSERVED TIME   RECORD YEAR NORMAL DEPARTURE LAST
                VALUE   (LST)  VALUE       VALUE  FROM      YEAR
                                                  NORMAL
..................................................................
TEMPERATURE (F)
 YESTERDAY
  MAXIMUM         89    335 PM  95    2011  84      5       91
                                      1984
  MINIMUM         62    554 AM  47    1976  59      3       61
  AVERAGE         76                        71      5       76

PRECIPITATION (IN)
  YESTERDAY        0.00          0.33 1994   0.00   0.00     0.00
  MONTH TO DATE    T                         0.16  -0.16      T
  SINCE OCT 1     11.16                      7.63   3.53     7.15
  SINCE JAN 1      7.30                      4.68   2.62     3.97

SNOWFALL (IN)
  YESTERDAY       MM

DEGREE DAYS
 HEATING
  YESTERDAY        0                         0      0        0
  MONTH TO DATE    2                         0      2        0
  SINCE JUN 1     60                        65     -5        0
  SINCE JUL 1      4                         7     -3        0

 COOLING
  YESTERDAY       11                         6      5       11
  MONTH TO DATE  267                       239     28      336
  SINCE JUN 1    691                       800   -109     1199
  SINCE JAN 1    733                       947   -214     1298
..................................................................


WIND (MPH)
  HIGHEST WIND SPEED    15   HIGHEST WIND DIRECTION    NW (320)
  HIGHEST GUST SPEED    18   HIGHEST GUST DIRECTION    NW (330)
  AVERAGE WIND SPEED     7.4


SKY COVER
  POSSIBLE SUNSHINE  MM
  AVERAGE SKY COVER 0.2


WEATHER CONDITIONS
 THE FOLLOWING WEATHER WAS RECORDED YESTERDAY.
  NO SIGNIFICANT WEATHER WAS OBSERVED.


RELATIVE HUMIDITY (PERCENT)
 HIGHEST    60           500 AM
 LOWEST     21           100 PM
 AVERAGE    41

..........................................................


THE WENATCHEE WA PANGBORN FIELD CLIMATE NORMALS FOR TODAY
                         NORMAL    RECORD    YEAR
 MAXIMUM TEMPERATURE (F)   83        96      2011
                                             1999
 MINIMUM TEMPERATURE (F)   58        47      1960


SUNRISE AND SUNSET
AUGUST 27 2016........SUNRISE   614 AM PDT   SUNSET   749 PM PDT
AUGUST 28 2016........SUNRISE   615 AM PDT   SUNSET   747 PM PDT


-  INDICATES NEGATIVE NUMBERS.
R  INDICATES RECORD WAS SET OR TIED.
MM INDICATES DATA IS MISSING.
T  INDICATES TRACE AMOUNT.




$$
