000
CDUS46 KOTX 030822
CLIEAT


CLIMATE REPORT
NATIONAL WEATHER SERVICE SPOKANE, WA
120 AM PDT THU SEP 3 2015


...................................

...THE WENATCHEE WA PANGBORN FIELD CLIMATE SUMMARY FOR SEPTEMBER 2 2015...

CLIMATE NORMAL PERIOD 1981 TO 2010
CLIMATE RECORD PERIOD 1959 TO 2015


WEATHER ITEM   OBSERVED TIME   RECORD YEAR NORMAL DEPARTURE LAST
                VALUE   (LST)  VALUE       VALUE  FROM      YEAR
                                                  NORMAL
..................................................................
TEMPERATURE (F)
 YESTERDAY
  MAXIMUM         74    352 PM 100    1998  81     -7       82
  MINIMUM         56   1159 PM  44    1960  57     -1       57
  AVERAGE         65                        69     -4       70

PRECIPITATION (IN)
  YESTERDAY        0.00          0.02 1979   0.01  -0.01      T
  MONTH TO DATE    0.00                      0.02  -0.02      T
  SINCE OCT 1      7.17                      7.69  -0.52     4.52
  SINCE JAN 1      3.99                      4.74  -0.75     3.96

SNOWFALL (IN)
  YESTERDAY       MM

DEGREE DAYS
 HEATING
  YESTERDAY        0                         1     -1        0
  MONTH TO DATE    0                         2     -2        0
  SINCE SEP 1      0                         2     -2        0
  SINCE JUL 1      0                        16    -16        0

 COOLING
  YESTERDAY        0                         5     -5        5
  MONTH TO DATE    1                        10     -9        9
  SINCE SEP 1      1                        10     -9        9
  SINCE JAN 1   1339                       798    541     1100
..................................................................


WIND (MPH)
  HIGHEST WIND SPEED    22   HIGHEST WIND DIRECTION     W (280)
  HIGHEST GUST SPEED    33   HIGHEST GUST DIRECTION     W (250)
  AVERAGE WIND SPEED    12.0


SKY COVER
  POSSIBLE SUNSHINE  MM
  AVERAGE SKY COVER 0.1


WEATHER CONDITIONS
 THE FOLLOWING WEATHER WAS RECORDED YESTERDAY.
  NO SIGNIFICANT WEATHER WAS OBSERVED.


RELATIVE HUMIDITY (PERCENT)
 HIGHEST    57           600 AM
 LOWEST     16           100 PM
 AVERAGE    37

..........................................................


THE WENATCHEE WA PANGBORN FIELD CLIMATE NORMALS FOR TODAY
                         NORMAL    RECORD    YEAR
 MAXIMUM TEMPERATURE (F)   81        98      1988
 MINIMUM TEMPERATURE (F)   56        46      1980


SUNRISE AND SUNSET
SEPTEMBER  3 2015.....SUNRISE   622 AM PDT   SUNSET   737 PM PDT
SEPTEMBER  4 2015.....SUNRISE   623 AM PDT   SUNSET   735 PM PDT


-  INDICATES NEGATIVE NUMBERS.
R  INDICATES RECORD WAS SET OR TIED.
MM INDICATES DATA IS MISSING.
T  INDICATES TRACE AMOUNT.




$$
