000
CDUS46 KOTX 290829
CLIEAT


CLIMATE REPORT
NATIONAL WEATHER SERVICE SPOKANE, WA
129 AM PDT FRI JUL 29 2016


...................................

...THE WENATCHEE WA PANGBORN FIELD CLIMATE SUMMARY FOR JULY 28 2016...

CLIMATE NORMAL PERIOD 1981 TO 2010
CLIMATE RECORD PERIOD 1959 TO 2016


WEATHER ITEM   OBSERVED TIME   RECORD YEAR NORMAL DEPARTURE LAST
                VALUE   (LST)  VALUE       VALUE  FROM      YEAR
                                                  NORMAL
..................................................................
TEMPERATURE (F)
 YESTERDAY
  MAXIMUM         98    527 PM 105    1998  89      9       86
  MINIMUM         70    322 AM  52    1995  63      7       60
  AVERAGE         84                        76      8       73

PRECIPITATION (IN)
  YESTERDAY        0.00          0.27 1993   0.01  -0.01     0.00
  MONTH TO DATE    0.26                      0.25   0.01     0.24
  SINCE OCT 1     11.16                      7.45   3.71     7.15
  SINCE JAN 1      7.30                      4.50   2.80     3.97

SNOWFALL (IN)
  YESTERDAY       MM

DEGREE DAYS
 HEATING
  YESTERDAY        0                         0      0        0
  MONTH TO DATE    2                         2      0        0
  SINCE JUN 1     58                        60     -2        0
  SINCE JUL 1      2                         2      0        0

 COOLING
  YESTERDAY       19                        11      8        8
  MONTH TO DATE  196                       257    -61      428
  SINCE JUN 1    376                       549   -173      811
  SINCE JAN 1    418                       696   -278      910
..................................................................


WIND (MPH)
  HIGHEST WIND SPEED    16   HIGHEST WIND DIRECTION    NW (310)
  HIGHEST GUST SPEED    20   HIGHEST GUST DIRECTION     N (340)
  AVERAGE WIND SPEED     8.5


SKY COVER
  POSSIBLE SUNSHINE  MM
  AVERAGE SKY COVER 0.0


WEATHER CONDITIONS
 THE FOLLOWING WEATHER WAS RECORDED YESTERDAY.
  NO SIGNIFICANT WEATHER WAS OBSERVED.


RELATIVE HUMIDITY (PERCENT)
 HIGHEST    57           300 AM
 LOWEST     18           100 PM
 AVERAGE    38

..........................................................


THE WENATCHEE WA PANGBORN FIELD CLIMATE NORMALS FOR TODAY
                         NORMAL    RECORD    YEAR
 MAXIMUM TEMPERATURE (F)   89       105      2014
 MINIMUM TEMPERATURE (F)   63        52      1983


SUNRISE AND SUNSET
JULY 29 2016..........SUNRISE   536 AM PDT   SUNSET   838 PM PDT
JULY 30 2016..........SUNRISE   537 AM PDT   SUNSET   836 PM PDT


-  INDICATES NEGATIVE NUMBERS.
R  INDICATES RECORD WAS SET OR TIED.
MM INDICATES DATA IS MISSING.
T  INDICATES TRACE AMOUNT.




$$
