000
CDUS43 KMPX 260635
CLIEAU


CLIMATE REPORT
NATIONAL WEATHER SERVICE CHANHASSEN MN
133 AM CDT SUN OCT 26 2014


...................................

...THE EAU CLAIRE WI CLIMATE SUMMARY FOR OCTOBER 25 2014...

CLIMATE NORMAL PERIOD 1981 TO 2010
CLIMATE RECORD PERIOD 1893 TO 2014


WEATHER ITEM   OBSERVED TIME   RECORD YEAR NORMAL DEPARTURE LAST
                VALUE   (LST)  VALUE       VALUE  FROM      YEAR
                                                  NORMAL
..................................................................
TEMPERATURE (F)
 YESTERDAY
  MAXIMUM         63    251 PM  81    1989  54      9       54
  MINIMUM         40   1040 PM  17    1962  34      6       34
  AVERAGE         52                        44      8       44

PRECIPITATION (IN)
  YESTERDAY        0.00          1.72 1899   0.06  -0.06     0.00
  MONTH TO DATE    2.43                      1.99   0.44     3.36
  SINCE SEP 1      7.89                      5.67   2.22     5.13
  SINCE JAN 1     40.56                     27.79  12.77    32.77

SNOWFALL (IN)
  YESTERDAY        0.0           0.6  1942   0.0    0.0      0.0
  MONTH TO DATE    0.6                       0.2    0.4       T
  SINCE SEP 1      0.6                       0.2    0.4       T
  SINCE JUL 1      0.6                       0.2    0.4       T
  SNOW DEPTH       0

DEGREE DAYS
 HEATING
  YESTERDAY       13                        21     -8       21
  MONTH TO DATE  435                       416     19      407
  SINCE SEP 1    622                       610     12      536
  SINCE JUL 1    645                       649     -4      574

 COOLING
  YESTERDAY        0                         0      0        0
  MONTH TO DATE    0                         0      0        0
  SINCE SEP 1     22                        48    -26       87
  SINCE JAN 1    500                       575    -75      653
..................................................................


WIND (MPH)
  HIGHEST WIND SPEED    22   HIGHEST WIND DIRECTION     W (290)
  HIGHEST GUST SPEED    28   HIGHEST GUST DIRECTION     W (260)
  AVERAGE WIND SPEED     9.3


SKY COVER
  POSSIBLE SUNSHINE  MM
  AVERAGE SKY COVER 0.0


WEATHER CONDITIONS
 THE FOLLOWING WEATHER WAS RECORDED YESTERDAY.
  FOG
  FOG W/VISIBILITY <= 1/4 MILE


RELATIVE HUMIDITY (PERCENT)
 HIGHEST   100          1200 AM
 LOWEST     25           200 PM
 AVERAGE    63

..........................................................


THE EAU CLAIRE WI CLIMATE NORMALS FOR TODAY
                         NORMAL    RECORD    YEAR
 MAXIMUM TEMPERATURE (F)   53        84      1927
 MINIMUM TEMPERATURE (F)   34        13      1962


SUNRISE AND SUNSET
OCTOBER 26 2014.......SUNRISE   736 AM CDT   SUNSET   603 PM CDT
OCTOBER 27 2014.......SUNRISE   737 AM CDT   SUNSET   602 PM CDT


-  INDICATES NEGATIVE NUMBERS.
R  INDICATES RECORD WAS SET OR TIED.
MM INDICATES DATA IS MISSING.
T  INDICATES TRACE AMOUNT.




$$
