000
CDUS43 KMPX 250740
CLIEAU


CLIMATE REPORT
NATIONAL WEATHER SERVICE CHANHASSEN MN
239 AM CDT MON MAY 25 2015


...................................

...THE EAU CLAIRE WI CLIMATE SUMMARY FOR MAY 24 2015...

CLIMATE NORMAL PERIOD 1981 TO 2010
CLIMATE RECORD PERIOD 1893 TO 2015


WEATHER ITEM   OBSERVED TIME   RECORD YEAR NORMAL DEPARTURE LAST
                VALUE   (LST)  VALUE       VALUE  FROM      YEAR
                                                  NORMAL
..................................................................
TEMPERATURE (F)
 YESTERDAY
  MAXIMUM         67    957 AM  93    2010  72     -5       79
  MINIMUM         55    459 AM  33    2013  48      7       45
                                      1917
  AVERAGE         61                        60      1       62

PRECIPITATION (IN)
  YESTERDAY        0.88          1.86 1945   0.11   0.77     0.00
  MONTH TO DATE    3.43                      2.63   0.80     3.42
  SINCE MAR 1      6.90                      7.11  -0.21    10.24
  SINCE JAN 1      7.49                      8.81  -1.32    13.44

SNOWFALL (IN)
  YESTERDAY        0.0           T    1925   0.0    0.0      0.0
  MONTH TO DATE    0.0                       0.2   -0.2      0.0
  SINCE MAR 1      7.3                      10.7   -3.4     13.1
  SINCE JUL 1     38.1                      47.0   -8.9     74.8
  SNOW DEPTH       0

DEGREE DAYS
 HEATING
  YESTERDAY        4                         6     -2        3
  MONTH TO DATE  208                       219    -11      255
  SINCE MAR 1   1719                      1839   -120     2249
  SINCE JUL 1   8072                      7860    212     9141

 COOLING
  YESTERDAY        0                         1     -1        0
  MONTH TO DATE   10                        18     -8        0
  SINCE MAR 1     10                        22    -12        0
  SINCE JAN 1     10                        22    -12        0
..................................................................


WIND (MPH)
  HIGHEST WIND SPEED    21   HIGHEST WIND DIRECTION     S (160)
  HIGHEST GUST SPEED    25   HIGHEST GUST DIRECTION     S (160)
  AVERAGE WIND SPEED     7.2


SKY COVER
  POSSIBLE SUNSHINE  MM
  AVERAGE SKY COVER 0.8


WEATHER CONDITIONS
 THE FOLLOWING WEATHER WAS RECORDED YESTERDAY.
  HEAVY RAIN
  RAIN
  LIGHT RAIN
  FOG


RELATIVE HUMIDITY (PERCENT)
 HIGHEST    93           500 PM
 LOWEST     52           800 AM
 AVERAGE    73

..........................................................


THE EAU CLAIRE WI CLIMATE NORMALS FOR TODAY
                         NORMAL    RECORD    YEAR
 MAXIMUM TEMPERATURE (F)   72        89      1980
 MINIMUM TEMPERATURE (F)   48        32      1988
                                             1925


SUNRISE AND SUNSET
MAY 25 2015...........SUNRISE   528 AM CDT   SUNSET   838 PM CDT
MAY 26 2015...........SUNRISE   527 AM CDT   SUNSET   839 PM CDT


-  INDICATES NEGATIVE NUMBERS.
R  INDICATES RECORD WAS SET OR TIED.
MM INDICATES DATA IS MISSING.
T  INDICATES TRACE AMOUNT.




$$
