000
CDUS42 KAKQ 280545
CLIECG


CLIMATE REPORT
NATIONAL WEATHER SERVICE WAKEFIELD, VA
145 AM EDT WED JUN 28 2017


...................................

...THE ELIZABETH CITY NC CLIMATE SUMMARY FOR JUNE 27 2017...

CLIMATE NORMAL PERIOD 1981 TO 2010
CLIMATE RECORD PERIOD 1934 TO 2017


WEATHER ITEM   OBSERVED TIME   RECORD YEAR NORMAL DEPARTURE LAST
                VALUE   (LST)  VALUE       VALUE  FROM      YEAR
                                                  NORMAL
..................................................................
TEMPERATURE (F)
 YESTERDAY
  MAXIMUM         85    109 PM 100    1952  87     -2       86
  MINIMUM         65   1144 PM  54    1985  69     -4       64
  AVERAGE         75                        78     -3       75

PRECIPITATION (IN)
  YESTERDAY        0.00          1.09 1973   0.14  -0.14     0.00
  MONTH TO DATE    3.42                      4.05  -0.63     2.64
  SINCE JUN 1      3.42                      4.05  -0.63     2.64
  SINCE JAN 1     20.39                     21.22  -0.83    20.85

SNOWFALL (IN)
  YESTERDAY        0.0           0.0  2002  MM     MM
  MONTH TO DATE    0.0                      MM     MM
  SINCE NOV 1      1.2                      MM     MM
  SINCE JUL 1      1.2                      MM     MM
  SNOW DEPTH       0

DEGREE DAYS
 HEATING
  YESTERDAY        0                         0      0        0
  MONTH TO DATE    4                         0      4        0
  SINCE JUN 1      4                         0      4        0
  SINCE JUL 1   2691                      3229   -538     2481

 COOLING
  YESTERDAY       10                        13     -3       10
  MONTH TO DATE  321                       275     46      280
  SINCE JUN 1    321                       275     46      280
  SINCE JAN 1    619                       439    180      450
..................................................................


WIND (MPH)
  HIGHEST WIND SPEED    17   HIGHEST WIND DIRECTION    NE (50)
  HIGHEST GUST SPEED    24   HIGHEST GUST DIRECTION     N (20)
  AVERAGE WIND SPEED     5.8


SKY COVER
  POSSIBLE SUNSHINE  MM
  AVERAGE SKY COVER 0.2


WEATHER CONDITIONS
 THE FOLLOWING WEATHER WAS RECORDED YESTERDAY.
  FOG


RELATIVE HUMIDITY (PERCENT)
 HIGHEST   100          1100 PM
 LOWEST     47          1200 PM
 AVERAGE    74

..........................................................


THE ELIZABETH CITY NC CLIMATE NORMALS FOR TODAY
                         NORMAL    RECORD    YEAR
 MAXIMUM TEMPERATURE (F)   87        97      2011
                                             2010
                                             2008
 MINIMUM TEMPERATURE (F)   69        56      1981


SUNRISE AND SUNSET
JUNE 28 2017..........SUNRISE   550 AM EDT   SUNSET   826 PM EDT
JUNE 29 2017..........SUNRISE   550 AM EDT   SUNSET   826 PM EDT


-  INDICATES NEGATIVE NUMBERS.
R  INDICATES RECORD WAS SET OR TIED.
MM INDICATES DATA IS MISSING.
T  INDICATES TRACE AMOUNT.




$$
