000
CDUS42 KAKQ 232226
CLIECG


CLIMATE REPORT
NATIONAL WEATHER SERVICE WAKEFIELD, VA
526 PM EST SUN NOV 23 2014


...................................

...THE ELIZABETH CITY NC CLIMATE SUMMARY FOR NOVEMBER 23 2014...
VALID TODAY AS OF 0500 PM LOCAL TIME.

CLIMATE NORMAL PERIOD 1981 TO 2010
CLIMATE RECORD PERIOD 1934 TO 2014


WEATHER ITEM   OBSERVED TIME   RECORD YEAR NORMAL DEPARTURE LAST
                VALUE   (LST)  VALUE       VALUE  FROM      YEAR
                                                  NORMAL
..................................................................
TEMPERATURE (F)
 TODAY
  MAXIMUM         64    126 PM  81    1992  62      2       63
  MINIMUM         35   1218 AM  19    1937  40     -5       39
  AVERAGE         50

PRECIPITATION (IN)
  TODAY            T             1.53 1953   0.10  -0.10     0.01
  MONTH TO DATE    0.87                      2.42  -1.55     1.48
  SINCE SEP 1      7.80                      9.42  -1.62     8.05
  SINCE JAN 1     35.24                     43.38  -8.14    38.08

SNOWFALL (IN)
  TODAY           MM
  MONTH TO DATE    0.0
  SINCE NOV 1      0.0
  SINCE JUL 1      0.0
  SNOW DEPTH       0

DEGREE DAYS
 HEATING
  TODAY           15
  MONTH TO DATE  335
  SINCE SEP 1    416
  SINCE JUL 1    416

 COOLING
  TODAY            0
  MONTH TO DATE    3
  SINCE SEP 1    337
  SINCE JAN 1   1580
..................................................................


WIND (MPH)
  RESULTANT WIND SPEED   2   RESULTANT WIND DIRECTION  SE (130)
  HIGHEST WIND SPEED    10   HIGHEST WIND DIRECTION    SE (120)
  HIGHEST GUST SPEED    14   HIGHEST GUST DIRECTION    SE (150)


SKY COVER
  POSSIBLE SUNSHINE  MM
  AVERAGE SKY COVER 0.2


WEATHER CONDITIONS
 THE FOLLOWING WEATHER WAS RECORDED TODAY.
  LIGHT RAIN


RELATIVE HUMIDITY (PERCENT)
 HIGHEST    86
 LOWEST     60
 AVERAGE    73

..........................................................


THE ELIZABETH CITY NC CLIMATE NORMALS FOR TOMORROW
                         NORMAL    RECORD    YEAR
 MAXIMUM TEMPERATURE (F)   61        77      1983
 MINIMUM TEMPERATURE (F)   40        20      1937


SUNRISE AND SUNSET
NOVEMBER 23 2014......SUNRISE   650 AM EST   SUNSET   452 PM EST
NOVEMBER 24 2014......SUNRISE   651 AM EST   SUNSET   452 PM EST


-  INDICATES NEGATIVE NUMBERS.
R  INDICATES RECORD WAS SET OR TIED.
MM INDICATES DATA IS MISSING.
T  INDICATES TRACE AMOUNT.




$$
