000
CDUS42 KAKQ 180645
CLIECG


CLIMATE REPORT
NATIONAL WEATHER SERVICE WAKEFIELD, VA
145 AM EST WED JAN 18 2017


...................................

...THE ELIZABETH CITY NC CLIMATE SUMMARY FOR JANUARY 17 2017...

CLIMATE NORMAL PERIOD 1981 TO 2010
CLIMATE RECORD PERIOD 1934 TO 2017


WEATHER ITEM   OBSERVED TIME   RECORD YEAR NORMAL DEPARTURE LAST
                VALUE   (LST)  VALUE       VALUE  FROM      YEAR
                                                  NORMAL
..................................................................
TEMPERATURE (F)
 YESTERDAY
  MAXIMUM         59    732 PM  77    1943  51      8       48
  MINIMUM         38   1257 AM   6    1977  32      6       32
  AVERAGE         49                        41      8       40

PRECIPITATION (IN)
  YESTERDAY        0.04          2.15 1946   0.10  -0.06     0.16
  MONTH TO DATE    3.01                      1.71   1.30     1.46
  SINCE DEC 1      5.68                      4.27   1.41     5.47
  SINCE JAN 1      3.01                      1.71   1.30     1.46

SNOWFALL (IN)
  YESTERDAY       MM             1.0  1965  MM     MM
  MONTH TO DATE    1.2                      MM     MM
  SINCE NOV 1      1.2                      MM     MM
  SINCE JUL 1      1.2                      MM     MM
  SNOW DEPTH       0

DEGREE DAYS
 HEATING
  YESTERDAY       16                        24     -8       25
  MONTH TO DATE  364                       408    -44      358
  SINCE DEC 1    969                      1048    -79      602
  SINCE JUL 1   1459                      1563   -104      958

 COOLING
  YESTERDAY        0                         0      0        0
  MONTH TO DATE    0                         0      0        0
  SINCE DEC 1      0                         2     -2       31
  SINCE JAN 1      0                         0      0        0
..................................................................


WIND (MPH)
  HIGHEST WIND SPEED    13   HIGHEST WIND DIRECTION     S (180)
  HIGHEST GUST SPEED    17   HIGHEST GUST DIRECTION    SW (210)
  AVERAGE WIND SPEED     6.0


SKY COVER
  POSSIBLE SUNSHINE  MM
  AVERAGE SKY COVER 0.6


WEATHER CONDITIONS
 THE FOLLOWING WEATHER WAS RECORDED YESTERDAY.
  LIGHT RAIN
  FOG


RELATIVE HUMIDITY (PERCENT)
 HIGHEST   100          1200 AM
 LOWEST     77          1200 PM
 AVERAGE    89

..........................................................


THE ELIZABETH CITY NC CLIMATE NORMALS FOR TODAY
                         NORMAL    RECORD    YEAR
 MAXIMUM TEMPERATURE (F)   51        78      1937
 MINIMUM TEMPERATURE (F)   32        10      1997


SUNRISE AND SUNSET
JANUARY 18 2017.......SUNRISE   714 AM EST   SUNSET   517 PM EST
JANUARY 19 2017.......SUNRISE   714 AM EST   SUNSET   518 PM EST


-  INDICATES NEGATIVE NUMBERS.
R  INDICATES RECORD WAS SET OR TIED.
MM INDICATES DATA IS MISSING.
T  INDICATES TRACE AMOUNT.




$$
