000
CDUS42 KAKQ 300828
CLIECG


CLIMATE REPORT
NATIONAL WEATHER SERVICE WAKEFIELD, VA
428 AM EDT SAT AUG 30 2014


...................................

...THE ELIZABETH CITY NC CLIMATE SUMMARY FOR AUGUST 29 2014...

CLIMATE NORMAL PERIOD 1981 TO 2010
CLIMATE RECORD PERIOD 1934 TO 2014


WEATHER ITEM   OBSERVED TIME   RECORD YEAR NORMAL DEPARTURE LAST
                VALUE   (LST)  VALUE       VALUE  FROM      YEAR
                                                  NORMAL
..................................................................
TEMPERATURE (F)
 YESTERDAY
  MAXIMUM         83   1158 AM 101    1948  85     -2       83
  MINIMUM         74   1159 PM  52    1986  67      7       71
  AVERAGE         79                        76      3       77

PRECIPITATION (IN)
  YESTERDAY        0.08          3.00 1939   0.19  -0.11     0.46
  MONTH TO DATE    3.27                      6.27  -3.00     6.26
  SINCE JUN 1     12.48                     16.42  -3.94    19.36
  SINCE JAN 1     27.44                     33.59  -6.15    30.03

SNOWFALL (IN)
  YESTERDAY        0.0           0.0  2002  MM     MM
  MONTH TO DATE    0.0                      MM     MM
  SINCE NOV 1     10.2                      MM     MM
  SINCE JUL 1      0.0                      MM     MM
  SNOW DEPTH       0

DEGREE DAYS
 HEATING
  YESTERDAY        0                         0      0        0
  MONTH TO DATE    0                         0      0        0
  SINCE JUN 1      5                         3      2        0
  SINCE JUL 1      0                         0      0        0

 COOLING
  YESTERDAY       14                        11      3       12
  MONTH TO DATE  319                       370    -51      332
  SINCE JUN 1   1004                      1110   -106     1152
  SINCE JAN 1   1213                      1274    -61     1358
..................................................................


WIND (MPH)
  HIGHEST WIND SPEED    15   HIGHEST WIND DIRECTION     E (70)
  HIGHEST GUST SPEED    18   HIGHEST GUST DIRECTION    NE (40)
  AVERAGE WIND SPEED     8.6


SKY COVER
  POSSIBLE SUNSHINE  MM
  AVERAGE SKY COVER 0.7


WEATHER CONDITIONS
 THE FOLLOWING WEATHER WAS RECORDED YESTERDAY.
  LIGHT RAIN
  FOG


RELATIVE HUMIDITY (PERCENT)
 HIGHEST    87          1200 AM
 LOWEST     62          1100 AM
 AVERAGE    75

..........................................................


THE ELIZABETH CITY NC CLIMATE NORMALS FOR TODAY
                         NORMAL    RECORD    YEAR
 MAXIMUM TEMPERATURE (F)   85        95      1990
 MINIMUM TEMPERATURE (F)   67        49      1965


SUNRISE AND SUNSET
AUGUST 30 2014........SUNRISE   635 AM EDT   SUNSET   735 PM EDT
AUGUST 31 2014........SUNRISE   635 AM EDT   SUNSET   734 PM EDT


-  INDICATES NEGATIVE NUMBERS.
R  INDICATES RECORD WAS SET OR TIED.
MM INDICATES DATA IS MISSING.
T  INDICATES TRACE AMOUNT.




$$
