000
CDUS42 KAKQ 150630
CLIECG


CLIMATE REPORT
NATIONAL WEATHER SERVICE WAKEFIELD, VA
130 AM EST FRI DEC 15 2017


...................................

...THE ELIZABETH CITY NC CLIMATE SUMMARY FOR DECEMBER 14 2017...

CLIMATE NORMAL PERIOD 1981 TO 2010
CLIMATE RECORD PERIOD 1934 TO 2017


WEATHER ITEM   OBSERVED TIME   RECORD YEAR NORMAL DEPARTURE LAST
                VALUE   (LST)  VALUE       VALUE  FROM      YEAR
                                                  NORMAL
..................................................................
TEMPERATURE (F)
 YESTERDAY
  MAXIMUM         57    247 PM  76    2015  54      3       52
  MINIMUM         38   1159 PM  15    1960  35      3       35
  AVERAGE         48                        45      3       44

PRECIPITATION (IN)
  YESTERDAY        0.00          1.84 2003   0.09  -0.09     0.00
  MONTH TO DATE    2.73                      1.17   1.56     1.52
  SINCE DEC 1      2.73                      1.17   1.56     1.52
  SINCE JAN 1     44.33                     45.19  -0.86    52.96

SNOWFALL (IN)
  YESTERDAY        0.0           T    1944  MM     MM
  MONTH TO DATE    0.0                      MM     MM
  SINCE NOV 1      0.0                      MM     MM
  SINCE JUL 1      0.0                      MM     MM
  SNOW DEPTH       0

DEGREE DAYS
 HEATING
  YESTERDAY       17                        20     -3       21
  MONTH TO DATE  262                       260      2      264
  SINCE DEC 1    262                       260      2      264
  SINCE JUL 1    696                       775    -79      754

 COOLING
  YESTERDAY        0                         0      0        0
  MONTH TO DATE    0                         0      0        0
  SINCE DEC 1      0                         0      0        0
  SINCE JAN 1   1961                      1588    373     1954
..................................................................


WIND (MPH)
  HIGHEST WIND SPEED    24   HIGHEST WIND DIRECTION     W (270)
  HIGHEST GUST SPEED    30   HIGHEST GUST DIRECTION     W (280)
  AVERAGE WIND SPEED    12.1


SKY COVER
  POSSIBLE SUNSHINE  MM
  AVERAGE SKY COVER 0.1


WEATHER CONDITIONS
 THE FOLLOWING WEATHER WAS RECORDED YESTERDAY.
  NO SIGNIFICANT WEATHER WAS OBSERVED.


RELATIVE HUMIDITY (PERCENT)
 HIGHEST    79          1100 PM
 LOWEST     36           100 PM
 AVERAGE    58

..........................................................


THE ELIZABETH CITY NC CLIMATE NORMALS FOR TODAY
                         NORMAL    RECORD    YEAR
 MAXIMUM TEMPERATURE (F)   54        74      1971
 MINIMUM TEMPERATURE (F)   35        14      1943


SUNRISE AND SUNSET
DECEMBER 15 2017......SUNRISE   709 AM EST   SUNSET   451 PM EST
DECEMBER 16 2017......SUNRISE   709 AM EST   SUNSET   452 PM EST


-  INDICATES NEGATIVE NUMBERS.
R  INDICATES RECORD WAS SET OR TIED.
MM INDICATES DATA IS MISSING.
T  INDICATES TRACE AMOUNT.




$$
