000
CDUS45 KGJT 310733
CLIEEO


CLIMATE REPORT
NATIONAL WEATHER SERVICE GRAND JUNCTION CO
130 AM MDT THU JUL 31 2014


...................................

...THE MEEKER CO CLIMATE SUMMARY FOR JULY 30 2014...

CLIMATE NORMAL PERIOD 1981 TO 2010
CLIMATE RECORD PERIOD 9999 TO 9999


WEATHER ITEM   OBSERVED TIME   RECORD YEAR NORMAL DEPARTURE LAST
                VALUE   (LST)  VALUE       VALUE  FROM      YEAR
                                                  NORMAL
..................................................................
TEMPERATURE (F)
 YESTERDAY
  MAXIMUM         79    237 PM  MM      MM  87     -8       83
  MINIMUM         51    402 AM  MM      MM  50      1       49
  AVERAGE         65                        68     -3       66

PRECIPITATION (IN)
  YESTERDAY        T            MM      MM   0.05  -0.05     0.01
  MONTH TO DATE    0.47                      1.10  -0.63     2.05
  SINCE JUN 1      0.97                      2.34  -1.37     2.12
  SINCE JAN 1      8.40                      8.49  -0.09     8.49

SNOWFALL (IN)
  YESTERDAY       MM            MM      MM  MM     MM       MM
  MONTH TO DATE   MM                        MM     MM       MM
  SINCE JUN 1     MM                        MM     MM       MM
  SINCE JUL 1     MM                        MM     MM       MM
  SNOW DEPTH      MM

DEGREE DAYS
 HEATING
  YESTERDAY        0                         0      0        0
  MONTH TO DATE    7                        16     -9        0
  SINCE JUN 1    142                       160    -18       76
  SINCE JUL 1      7                        16     -9        0

 COOLING
  YESTERDAY        0                         3     -3        1
  MONTH TO DATE  149                        80     69      160
  SINCE JUN 1    154                        97     57      197
  SINCE JAN 1    155                        98     57      197
..................................................................


WIND (MPH)
  HIGHEST WIND SPEED    16   HIGHEST WIND DIRECTION     N (350)
  HIGHEST GUST SPEED    21   HIGHEST GUST DIRECTION     N (350)
  AVERAGE WIND SPEED     3.9


SKY COVER
  POSSIBLE SUNSHINE  MM
  AVERAGE SKY COVER 0.7


WEATHER CONDITIONS
 THE FOLLOWING WEATHER WAS RECORDED YESTERDAY.
  THUNDERSTORM
  LIGHT RAIN
  FOG


RELATIVE HUMIDITY (PERCENT)
 HIGHEST    96           400 AM
 LOWEST     43           200 PM
 AVERAGE    70

..........................................................


THE MEEKER CO CLIMATE NORMALS FOR TODAY
                         NORMAL    RECORD    YEAR
 MAXIMUM TEMPERATURE (F)   86        MM        MM
 MINIMUM TEMPERATURE (F)   50        MM        MM


SUNRISE AND SUNSET
JULY 31 2014..........SUNRISE   609 AM MDT   SUNSET   826 PM MDT
AUGUST  1 2014........SUNRISE   610 AM MDT   SUNSET   825 PM MDT


-  INDICATES NEGATIVE NUMBERS.
R  INDICATES RECORD WAS SET OR TIED.
MM INDICATES DATA IS MISSING.
T  INDICATES TRACE AMOUNT.




$$
