000
CDUS44 KBMX 040837
CLIEET


CLIMATE REPORT
NATIONAL WEATHER SERVICE BIRMINGHAM, AL
236 AM CST SUN DEC 4 2016


...................................

...THE SHELBY COUNTY AIRPORT CLIMATE SUMMARY FOR DECEMBER 3 2016...

CLIMATE NORMAL PERIOD 1981 TO 2010
CLIMATE RECORD PERIOD 9999 TO 9999


WEATHER ITEM   OBSERVED TIME   RECORD YEAR NORMAL DEPARTURE LAST
                VALUE   (LST)  VALUE       VALUE  FROM      YEAR
                                                  NORMAL
..................................................................
TEMPERATURE (F)
 YESTERDAY
  MAXIMUM         54    213 PM  MM      MM  60     -6       52
  MINIMUM         42   1249 AM  MM      MM  39      3       37
  AVERAGE         48                        50     -2       45

PRECIPITATION (IN)
  YESTERDAY        0.22                      0.15   0.07     0.00
  MONTH TO DATE    0.22                      0.47  -0.25     1.86
  SINCE DEC 1      0.22                      0.47  -0.25     1.86
  SINCE JAN 1     35.48                     50.35 -14.87    56.85

SNOWFALL (IN)
  YESTERDAY        0.0                      MM     MM        0.0
  MONTH TO DATE    0.0                      MM     MM        0.0
  SINCE DEC 1      0.0                      MM     MM        0.0
  SINCE JUL 1      0.0                      MM     MM        0.0
  SNOW DEPTH       0

DEGREE DAYS
 HEATING
  YESTERDAY       17                        16      1       20
  MONTH TO DATE   52                        46      6       35
  SINCE DEC 1     52                        46      6       35
  SINCE JUL 1    288                       490   -202      278
..................................................................


WIND (MPH)
  HIGHEST WIND SPEED     8   HIGHEST WIND DIRECTION     E (80)
  HIGHEST GUST SPEED    13   HIGHEST GUST DIRECTION     E (80)
  AVERAGE WIND SPEED     2.9


SKY COVER
  POSSIBLE SUNSHINE  MM
  AVERAGE SKY COVER 0.7


WEATHER CONDITIONS
 THE FOLLOWING WEATHER WAS RECORDED YESTERDAY.
  LIGHT RAIN
  FOG


RELATIVE HUMIDITY (PERCENT)
 HIGHEST   100           900 PM
 LOWEST     45          1200 PM
 AVERAGE    73

..........................................................


THE SHELBY COUNTY AIRPORT CLIMATE NORMALS FOR TODAY
                         NORMAL    RECORD    YEAR
 MAXIMUM TEMPERATURE (F)   59        MM        MM
 MINIMUM TEMPERATURE (F)   39        MM        MM


SUNRISE AND SUNSET
DECEMBER  4 2016......SUNRISE   635 AM CST   SUNSET   440 PM CST
DECEMBER  5 2016......SUNRISE   636 AM CST   SUNSET   440 PM CST


-  INDICATES NEGATIVE NUMBERS.
R  INDICATES RECORD WAS SET OR TIED.
MM INDICATES DATA IS MISSING.
T  INDICATES TRACE AMOUNT.




$$
