853
CDUS44 KBMX 232222
CLIEET


CLIMATE REPORT
NATIONAL WEATHER SERVICE BIRMINGHAM, AL
422 PM CST TUE JAN 23 2018


...................................

...THE SHELBY COUNTY AIRPORT CLIMATE SUMMARY FOR JANUARY 23 2018...
VALID TODAY AS OF 0400 PM LOCAL TIME.

CLIMATE NORMAL PERIOD 1981 TO 2010
CLIMATE RECORD PERIOD 9999 TO 9999


WEATHER ITEM   OBSERVED TIME   RECORD YEAR NORMAL DEPARTURE LAST
                VALUE   (LST)  VALUE       VALUE  FROM      YEAR
                                                  NORMAL
..................................................................
TEMPERATURE (F)
 TODAY
  MAXIMUM         55    237 PM  MM      MM  55      0       65
  MINIMUM         39    614 AM  MM      MM  34      5       46
  AVERAGE         47                        44      3       56

PRECIPITATION (IN)
  TODAY            0.00                      0.18  -0.18     0.04
  MONTH TO DATE    1.24                      3.81  -2.57     6.59
  SINCE DEC 1      4.22                      8.61  -4.39     8.72
  SINCE JAN 1      1.24                      3.81  -2.57     6.59

SNOWFALL (IN)
  TODAY            0.0                      MM     MM        0.0
  MONTH TO DATE    0.1                      MM     MM        0.0
  SINCE DEC 1      5.1                      MM     MM        0.0
  SINCE JUL 1      5.1                      MM     MM        0.0
  SNOW DEPTH       0

DEGREE DAYS
 HEATING
  TODAY           18                        20     -2        9
  MONTH TO DATE  590                       482    108      243
  SINCE DEC 1   1167                      1058    109      700
  SINCE JUL 1   1552                      1502     50      936
..................................................................


WIND (MPH)
  HIGHEST WIND SPEED    15   HIGHEST WIND DIRECTION    NW (300)
  HIGHEST GUST SPEED    21   HIGHEST GUST DIRECTION    NW (310)
  AVERAGE WIND SPEED     8.1


SKY COVER
  POSSIBLE SUNSHINE  MM
  AVERAGE SKY COVER 0.0


WEATHER CONDITIONS
 THE FOLLOWING WEATHER WAS RECORDED TODAY.
  NO SIGNIFICANT WEATHER WAS OBSERVED.


RELATIVE HUMIDITY (PERCENT)
 HIGHEST    70           600 AM
 LOWEST     41           100 PM
 AVERAGE    56

..........................................................


THE SHELBY COUNTY AIRPORT CLIMATE NORMALS FOR TOMORROW
                         NORMAL    RECORD    YEAR
 MAXIMUM TEMPERATURE (F)   55        MM        MM
 MINIMUM TEMPERATURE (F)   34        MM        MM


SUNRISE AND SUNSET
JANUARY 23 2018.......SUNRISE   648 AM CST   SUNSET   511 PM CST
JANUARY 24 2018.......SUNRISE   647 AM CST   SUNSET   511 PM CST


-  INDICATES NEGATIVE NUMBERS.
R  INDICATES RECORD WAS SET OR TIED.
MM INDICATES DATA IS MISSING.
T  INDICATES TRACE AMOUNT.




$$
