000
CDUS46 KEKA 141211
CLIEKA


CLIMATE REPORT
NATIONAL WEATHER SERVICE EUREKA CA
409 AM PST SUN FEB 14 2016


...................................

...THE EUREKA CA CLIMATE SUMMARY FOR FEBRUARY 13 2016...

CLIMATE NORMAL PERIOD 1981 TO 2010
CLIMATE RECORD PERIOD 1886 TO 2016


WEATHER ITEM   OBSERVED RECORD YEAR NORMAL DEPARTURE LAST
                VALUE   VALUE       VALUE  FROM      YEAR
                                           NORMAL
...........................................................
TEMPERATURE (F)
 YESTERDAY
  MAXIMUM         55     70    1943  56     -1       54
  MINIMUM         47     28    1903  42      5       44
  AVERAGE         51                 49      2       49

PRECIPITATION (IN)
  YESTERDAY        0.00   4.20 1945   0.20  -0.20     0.00
  MONTH TO DATE    0.45               2.63  -2.18     4.56
  SINCE OCT 1     33.23              25.10   8.13    24.30
  SINCE JAN 1     12.51               9.13   3.38     5.92

SNOWFALL (IN)
  YESTERDAY        0.0    0.0  2002   0.0    0.0      0.0
  MONTH TO DATE    0.0                0.1   -0.1      0.0
  SINCE DEC 1      T                  0.1   -0.1      0.0
  SINCE JUL 1      T                  0.1   -0.1      0.0
  SNOW DEPTH       0

DEGREE DAYS
 HEATING
  YESTERDAY       14                 16     -2       16
  MONTH TO DATE  170                208    -38      125
  SINCE DEC 1   1102               1257   -155      920
  SINCE JUL 1   2184               2679   -495     1940

 COOLING
  YESTERDAY        0                  0      0        0
  MONTH TO DATE    0                  0      0        0
  SINCE DEC 1      0                  0      0        0
  SINCE JAN 1      0                  0      0        0
...........................................................


WIND (MPH)
  HIGHEST WIND SPEED     8   HIGHEST WIND DIRECTION    NW (320)
  HIGHEST GUST SPEED     8   HIGHEST GUST DIRECTION    MM
  AVERAGE WIND SPEED     2.5


SKY COVER
  AVERAGE SKY COVER 1.0


WEATHER CONDITIONS
 THE FOLLOWING WEATHER WAS RECORDED YESTERDAY.
  FOG W/VISIBILITY <= 1/4 MILE


..........................................................


THE EUREKA CA CLIMATE NORMALS FOR TODAY
                         NORMAL    RECORD    YEAR
 MAXIMUM TEMPERATURE (F)   56        69      1943
 MINIMUM TEMPERATURE (F)   42        27      1990


SUNRISE AND SUNSET
FEBRUARY 14 2016......SUNRISE   712 AM PST   SUNSET   550 PM PST
FEBRUARY 15 2016......SUNRISE   711 AM PST   SUNSET   551 PM PST


-  INDICATES NEGATIVE NUMBERS.
R  INDICATES RECORD WAS SET OR TIED.
MM INDICATES DATA IS MISSING.
T  INDICATES TRACE AMOUNT.




&&

..........................................................

TOTAL SEASON     NORMAL   % OF NORMAL     LAST SEASON

    33.23         25.10        132            24.30


$$
