000
CDUS46 KEKA 021211
CLIEKA


CLIMATE REPORT
NATIONAL WEATHER SERVICE EUREKA CA
411 AM PST MON MAR 2 2015


...................................

...THE EUREKA CA CLIMATE SUMMARY FOR MARCH 1 2015...

CLIMATE NORMAL PERIOD 1981 TO 2010
CLIMATE RECORD PERIOD 1886 TO 2015


WEATHER ITEM   OBSERVED RECORD YEAR NORMAL DEPARTURE LAST
                VALUE   VALUE       VALUE  FROM      YEAR
                                           NORMAL
...........................................................
TEMPERATURE (F)
 YESTERDAY
  MAXIMUM         59     72    1925  56      3       62
  MINIMUM         37     29    1917  42     -5       41
  AVERAGE         48                 49     -1       52

PRECIPITATION (IN)
  YESTERDAY        0.00   1.30 1982   0.20  -0.20     0.02
  MONTH TO DATE    0.00               0.20  -0.20     0.02
  SINCE OCT 1     24.78              28.30  -3.52     9.36
  SINCE JAN 1      6.40              12.33  -5.93     7.46

SNOWFALL (IN)
  YESTERDAY        0.0   MM      MM   0.0    0.0     MM
  MONTH TO DATE    0.0                0.0    0.0     MM
  SINCE MAR 1      0.0                0.0    0.0     MM
  SINCE JUL 1      0.0                0.2   -0.2       T
  SNOW DEPTH       0

DEGREE DAYS
 HEATING
  YESTERDAY       17                 16      1       13
  MONTH TO DATE   17                 16      1       13
  SINCE MAR 1     17                 16      1       13
  SINCE JUL 1   2172               2938   -766     3104

 COOLING
  YESTERDAY        0                  0      0        0
  MONTH TO DATE    0                  0      0        0
  SINCE MAR 1      0                  0      0        0
  SINCE JAN 1      0                  0      0        0
...........................................................


WIND (MPH)
  HIGHEST WIND SPEED    16   HIGHEST WIND DIRECTION     N (360)
  HIGHEST GUST SPEED    24   HIGHEST GUST DIRECTION     N (360)
  AVERAGE WIND SPEED     5.1


SKY COVER
  AVERAGE SKY COVER 0.3


WEATHER CONDITIONS
 THE FOLLOWING WEATHER WAS RECORDED YESTERDAY.
  NO SIGNIFICANT WEATHER WAS OBSERVED.


..........................................................


THE EUREKA CA CLIMATE NORMALS FOR TODAY
                         NORMAL    RECORD    YEAR
 MAXIMUM TEMPERATURE (F)   56        68      1930
 MINIMUM TEMPERATURE (F)   42        30      1917


SUNRISE AND SUNSET
MARCH  2 2015.........SUNRISE   649 AM PST   SUNSET   609 PM PST
MARCH  3 2015.........SUNRISE   648 AM PST   SUNSET   610 PM PST


-  INDICATES NEGATIVE NUMBERS.
R  INDICATES RECORD WAS SET OR TIED.
MM INDICATES DATA IS MISSING.
T  INDICATES TRACE AMOUNT.




&&

..........................................................

TOTAL SEASON     NORMAL   % OF NORMAL     LAST SEASON

    24.78         28.30        88             9.36


$$
