000
CDUS46 KEKA 291211
CLIEKA


CLIMATE REPORT
NATIONAL WEATHER SERVICE EUREKA CA
511 AM PDT MON AUG 29 2016


...................................

...THE EUREKA CA CLIMATE SUMMARY FOR AUGUST 28 2016...

CLIMATE NORMAL PERIOD 1981 TO 2010
CLIMATE RECORD PERIOD 1886 TO 2016


WEATHER ITEM   OBSERVED RECORD YEAR NORMAL DEPARTURE LAST
                VALUE   VALUE       VALUE  FROM      YEAR
                                           NORMAL
...........................................................
TEMPERATURE (F)
 YESTERDAY
  MAXIMUM         61     78    2009  65     -4       72
  MINIMUM         54     46    1895  53      1       61
  AVERAGE         58                 59     -1       67

PRECIPITATION (IN)
  YESTERDAY        0.04   0.58 1954   0.01   0.03      T
  MONTH TO DATE    0.04               0.26  -0.22     0.05
  SINCE OCT 1     48.07              39.69   8.38    30.87
  SINCE JAN 1     27.35              23.72   3.63    12.49

SNOWFALL (IN)
  YESTERDAY        0.0    0.0  2002   0.0    0.0      0.0
                               2001
  MONTH TO DATE    0.0                0.0    0.0      0.0
  SINCE JUN 1      0.0                0.0    0.0      0.0
  SINCE JUL 1      0.0                0.0    0.0      0.0
  SNOW DEPTH       0

DEGREE DAYS
 HEATING
  YESTERDAY        7                  7      0        0
  MONTH TO DATE  231                176     55      104
  SINCE JUN 1    659                668     -9      462
  SINCE JUL 1    435                402     33      221

 COOLING
  YESTERDAY        0                  0      0        2
  MONTH TO DATE    0                  0      0        2
  SINCE JUN 1      0                  0      0        3
  SINCE JAN 1      0                  0      0        3
...........................................................


WIND (MPH)
  HIGHEST WIND SPEED     6   HIGHEST WIND DIRECTION    NW (320)
  HIGHEST GUST SPEED     9   HIGHEST GUST DIRECTION    MM
  AVERAGE WIND SPEED     4.2


SKY COVER
  AVERAGE SKY COVER 1.0


WEATHER CONDITIONS
 THE FOLLOWING WEATHER WAS RECORDED YESTERDAY.
  LIGHT RAIN
  FOG


..........................................................


THE EUREKA CA CLIMATE NORMALS FOR TODAY
                         NORMAL    RECORD    YEAR
 MAXIMUM TEMPERATURE (F)   64        74      2015
                                             2013
 MINIMUM TEMPERATURE (F)   52        47      1897


SUNRISE AND SUNSET
AUGUST 29 2016........SUNRISE   641 AM PDT   SUNSET   753 PM PDT
AUGUST 30 2016........SUNRISE   642 AM PDT   SUNSET   751 PM PDT


-  INDICATES NEGATIVE NUMBERS.
R  INDICATES RECORD WAS SET OR TIED.
MM INDICATES DATA IS MISSING.
T  INDICATES TRACE AMOUNT.




&&

..........................................................

TOTAL SEASON     NORMAL   % OF NORMAL     LAST SEASON

    48.07         39.69        121            30.87


$$
