000
CDUS46 KEKA 210018
CLIEKA


CLIMATE REPORT
NATIONAL WEATHER SERVICE EUREKA CA
418 PM PST MON NOV 20 2017


...................................

...THE EUREKA CA CLIMATE SUMMARY FOR NOVEMBER 20 2017...
VALID TODAY AS OF 0400 PM LOCAL TIME.

CLIMATE NORMAL PERIOD 1981 TO 2010
CLIMATE RECORD PERIOD 1886 TO 2017


WEATHER ITEM   OBSERVED RECORD YEAR NORMAL DEPARTURE LAST
                VALUE   VALUE       VALUE  FROM      YEAR
                                           NORMAL
...........................................................
TEMPERATURE (F)
 TODAY
  MAXIMUM         62     73    1926  57      5       61
  MINIMUM         56     33    2004  43     13       48
  AVERAGE         59                 50      9       55

PRECIPITATION (IN)
  TODAY            0.76   2.20 1909   0.20   0.56     1.05
  MONTH TO DATE    5.65               3.37   2.28     3.62
  SINCE OCT 1      7.29               5.61   1.68    14.54
  SINCE JAN 1     45.36              29.97  15.39    41.90

SNOWFALL (IN)
  TODAY            0.0    0.0  2002   0.0    0.0      0.0
                               2001
  MONTH TO DATE    0.0                0.0    0.0       T
  SINCE SEP 1      0.0                0.0    0.0       T
  SINCE JUL 1      0.0                0.0    0.0       T
  SNOW DEPTH      MM

...........................................................


WIND (MPH)
  HIGHEST WIND SPEED    12   HIGHEST WIND DIRECTION     S (180)
  HIGHEST GUST SPEED    18   HIGHEST GUST DIRECTION    MM
  AVERAGE WIND SPEED     9.1


SKY COVER
  AVERAGE SKY COVER 1.0


WEATHER CONDITIONS
 THE FOLLOWING WEATHER WAS RECORDED TODAY.
  LIGHT RAIN
  FOG


..........................................................


THE EUREKA CA CLIMATE NORMALS FOR TOMORROW
                         NORMAL    RECORD    YEAR
 MAXIMUM TEMPERATURE (F)   57        70      1930
                                             1912
 MINIMUM TEMPERATURE (F)   43        32      1994


SUNRISE AND SUNSET
NOVEMBER 20 2017......SUNRISE   710 AM PST   SUNSET   455 PM PST
NOVEMBER 21 2017......SUNRISE   711 AM PST   SUNSET   454 PM PST


-  INDICATES NEGATIVE NUMBERS.
R  INDICATES RECORD WAS SET OR TIED.
MM INDICATES DATA IS MISSING.
T  INDICATES TRACE AMOUNT.




&&

..........................................................

TOTAL SEASON     NORMAL   % OF NORMAL     LAST SEASON

     7.29          5.61        130            14.54


$$
