000
CDUS46 KEKA 201217
CLIEKA


CLIMATE REPORT
NATIONAL WEATHER SERVICE EUREKA CA
517 AM PDT WED SEP 20 2017


...................................

...THE EUREKA CA CLIMATE SUMMARY FOR SEPTEMBER 19 2017...

CLIMATE NORMAL PERIOD 1981 TO 2010
CLIMATE RECORD PERIOD 1886 TO 2017


WEATHER ITEM   OBSERVED RECORD YEAR NORMAL DEPARTURE LAST
                VALUE   VALUE       VALUE  FROM      YEAR
                                           NORMAL
...........................................................
TEMPERATURE (F)
 YESTERDAY
  MAXIMUM         67     80    1984  64      3       64
  MINIMUM         58     43    1908  50      8       53
  AVERAGE         63                 57      6       59

PRECIPITATION (IN)
  YESTERDAY        0.07   0.67 1973   0.02   0.05      T
  MONTH TO DATE    0.73               0.31   0.42      T
  SINCE OCT 1     63.56              40.05  23.51    48.07
  SINCE JAN 1     37.79              24.08  13.71    27.35

SNOWFALL (IN)
  YESTERDAY        0.0    0.0  2002   0.0    0.0      0.0
                               2001
  MONTH TO DATE    0.0                0.0    0.0      0.0
  SINCE SEP 1      0.0                0.0    0.0      0.0
  SINCE JUL 1      0.0                0.0    0.0      0.0
  SNOW DEPTH       0

DEGREE DAYS
 HEATING
  YESTERDAY        2                  8     -6        6
  MONTH TO DATE   69                142    -73      154
  SINCE SEP 1     69                142    -73      154
  SINCE JUL 1    460                568   -108      601

 COOLING
  YESTERDAY        0                  0      0        0
  MONTH TO DATE   13                  0     13        0
  SINCE SEP 1     13                  0     13        0
  SINCE JAN 1     13                  0     13        0
...........................................................


WIND (MPH)
  HIGHEST WIND SPEED    13   HIGHEST WIND DIRECTION     S (190)
  HIGHEST GUST SPEED    16   HIGHEST GUST DIRECTION    MM
  AVERAGE WIND SPEED     6.6


SKY COVER
  AVERAGE SKY COVER 0.8


WEATHER CONDITIONS
 THE FOLLOWING WEATHER WAS RECORDED YESTERDAY.
  LIGHT RAIN
  FOG


..........................................................


THE EUREKA CA CLIMATE NORMALS FOR TODAY
                         NORMAL    RECORD    YEAR
 MAXIMUM TEMPERATURE (F)   64        86      1983
 MINIMUM TEMPERATURE (F)   50        42      1924


SUNRISE AND SUNSET
SEPTEMBER 20 2017.....SUNRISE   703 AM PDT   SUNSET   717 PM PDT
SEPTEMBER 21 2017.....SUNRISE   704 AM PDT   SUNSET   715 PM PDT


-  INDICATES NEGATIVE NUMBERS.
R  INDICATES RECORD WAS SET OR TIED.
MM INDICATES DATA IS MISSING.
T  INDICATES TRACE AMOUNT.




&&

..........................................................

TOTAL SEASON     NORMAL   % OF NORMAL     LAST SEASON

    63.56         40.05        159            48.07


$$
