000
CDUS46 KEKA 260042
CLIEKA


CLIMATE REPORT
NATIONAL WEATHER SERVICE EUREKA CA
435 PM PST TUE NOV 25 2014


...................................

...THE EUREKA CA CLIMATE SUMMARY FOR NOVEMBER 25 2014...
VALID TODAY AS OF 0400 PM LOCAL TIME.

CLIMATE NORMAL PERIOD 1981 TO 2010
CLIMATE RECORD PERIOD 1886 TO 2014


WEATHER ITEM   OBSERVED RECORD YEAR NORMAL DEPARTURE LAST
                VALUE   VALUE       VALUE  FROM      YEAR
                                           NORMAL
...........................................................
TEMPERATURE (F)
 TODAY
  MAXIMUM         62     70    1977  57      5       59
  MINIMUM         44     30    2010  42      2       33
  AVERAGE         53                 49      4       46

PRECIPITATION (IN)
  TODAY            0.00   1.56 1916   0.23  -0.23     0.00
  MONTH TO DATE    2.77               4.45  -1.68     1.29
  SINCE JUL 1     10.64               7.77   2.87     4.56
  SINCE JAN 1     26.63              31.05  -4.42    16.04

SNOWFALL (IN)
  TODAY            0.0    0.0  2002   0.0    0.0      0.0
                               2001
  MONTH TO DATE    0.0                0.0    0.0      0.0
  SINCE SEP 1      0.0                0.0    0.0      0.0
  SINCE JUL 1      0.0                0.0    0.0      0.0
  SNOW DEPTH      MM

...........................................................


WIND (MPH)
  HIGHEST WIND SPEED     5   HIGHEST WIND DIRECTION    NW (310)
  HIGHEST GUST SPEED     6   HIGHEST GUST DIRECTION    MM
  AVERAGE WIND SPEED     1.3


SKY COVER
  AVERAGE SKY COVER 0.1


WEATHER CONDITIONS
 THE FOLLOWING WEATHER WAS RECORDED TODAY.
  HAZE


..........................................................


THE EUREKA CA CLIMATE NORMALS FOR TOMORROW
                         NORMAL    RECORD    YEAR
 MAXIMUM TEMPERATURE (F)   56        73      1959
                                             1904
 MINIMUM TEMPERATURE (F)   42        32      1994


SUNRISE AND SUNSET
NOVEMBER 25 2014......SUNRISE   715 AM PST   SUNSET   452 PM PST
NOVEMBER 26 2014......SUNRISE   716 AM PST   SUNSET   451 PM PST


-  INDICATES NEGATIVE NUMBERS.
R  INDICATES RECORD WAS SET OR TIED.
MM INDICATES DATA IS MISSING.
T  INDICATES TRACE AMOUNT.




&&

..........................................................

TOTAL SEASON     NORMAL   % OF NORMAL     LAST SEASON

    10.64          7.77        137             4.56


$$
