000
CDUS46 KEKA 021214
CLIEKA


CLIMATE REPORT
NATIONAL WEATHER SERVICE EUREKA CA
514 AM PDT TUE JUN 2 2015


...................................

...THE EUREKA CA CLIMATE SUMMARY FOR JUNE 1 2015...

CLIMATE NORMAL PERIOD 1981 TO 2010
CLIMATE RECORD PERIOD 1886 TO 2015


WEATHER ITEM   OBSERVED RECORD YEAR NORMAL DEPARTURE LAST
                VALUE   VALUE       VALUE  FROM      YEAR
                                           NORMAL
...........................................................
TEMPERATURE (F)
 YESTERDAY
  MAXIMUM         63     72    1970  61      2       61
  MINIMUM         50     42    1920  49      1       52
  AVERAGE         57                 55      2       57

PRECIPITATION (IN)
  YESTERDAY        0.01   1.07 1988   0.04  -0.03     0.00
  MONTH TO DATE    0.01               0.04  -0.03     0.00
  SINCE OCT 1     30.64              38.54  -7.90    17.54
  SINCE JAN 1     12.26              22.57 -10.31    15.64

SNOWFALL (IN)
  YESTERDAY        0.0    0.0  2002   0.0    0.0      0.0
                               2001
  MONTH TO DATE    0.0                0.0    0.0      0.0
  SINCE JUN 1      0.0                0.0    0.0      0.0
  SINCE JUL 1      T                  0.2   -0.2       T
  SNOW DEPTH       0

DEGREE DAYS
 HEATING
  YESTERDAY        8                 10     -2        8
  MONTH TO DATE    8                 10     -2        8
  SINCE JUN 1      8                 10     -2        8
  SINCE JUL 1   3336               4178   -842     4144

 COOLING
  YESTERDAY        0                  0      0        0
  MONTH TO DATE    0                  0      0        0
  SINCE JUN 1      0                  0      0        0
  SINCE JAN 1      0                  0      0        1
...........................................................


WIND (MPH)
  HIGHEST WIND SPEED    12   HIGHEST WIND DIRECTION     W (260)
  HIGHEST GUST SPEED    MM   HIGHEST GUST DIRECTION    MM
  AVERAGE WIND SPEED     3.5


SKY COVER
  AVERAGE SKY COVER 1.0


WEATHER CONDITIONS
 THE FOLLOWING WEATHER WAS RECORDED YESTERDAY.
  LIGHT RAIN
  FOG W/VISIBILITY <= 1/4 MILE


..........................................................


THE EUREKA CA CLIMATE NORMALS FOR TODAY
                         NORMAL    RECORD    YEAR
 MAXIMUM TEMPERATURE (F)   61        71      1979
 MINIMUM TEMPERATURE (F)   49        42      1929


SUNRISE AND SUNSET
JUNE  2 2015..........SUNRISE   547 AM PDT   SUNSET   843 PM PDT
JUNE  3 2015..........SUNRISE   547 AM PDT   SUNSET   843 PM PDT


-  INDICATES NEGATIVE NUMBERS.
R  INDICATES RECORD WAS SET OR TIED.
MM INDICATES DATA IS MISSING.
T  INDICATES TRACE AMOUNT.




&&

..........................................................

TOTAL SEASON     NORMAL   % OF NORMAL     LAST SEASON

    30.64         38.54        80            17.54


$$
