000
CDUS46 KEKA 171208
CLIEKA


CLIMATE REPORT
NATIONAL WEATHER SERVICE EUREKA CA
408 AM PST SAT FEB 17 2018


...................................

...THE EUREKA CA CLIMATE SUMMARY FOR FEBRUARY 16 2018...

CLIMATE NORMAL PERIOD 1981 TO 2010
CLIMATE RECORD PERIOD 1886 TO 2018


WEATHER ITEM   OBSERVED RECORD YEAR NORMAL DEPARTURE LAST
                VALUE   VALUE       VALUE  FROM      YEAR
                                           NORMAL
...........................................................
TEMPERATURE (F)
 YESTERDAY
  MAXIMUM         51     78    1943  56     -5       56
  MINIMUM         36     29    1889  42     -6       47
  AVERAGE         44                 49     -5       52

PRECIPITATION (IN)
  YESTERDAY        0.00   2.19 1912   0.20  -0.20     0.77
  MONTH TO DATE    0.37               3.22  -2.85     6.39
  SINCE OCT 1     19.21              25.69  -6.48    42.67
  SINCE JAN 1      8.23               9.72  -1.49    16.90

SNOWFALL (IN)
  YESTERDAY        0.0   MM      MM   0.0    0.0     MM
  MONTH TO DATE    0.0                0.2   -0.2      0.0
  SINCE DEC 1      T                  0.2   -0.2       T
  SINCE JUL 1      T                  0.2   -0.2       T
  SNOW DEPTH       0

DEGREE DAYS
 HEATING
  YESTERDAY       21                 16      5       13
  MONTH TO DATE  261                256      5      201
  SINCE DEC 1   1269               1305    -36     1428
  SINCE JUL 1   2529               2727   -198     2662

 COOLING
  YESTERDAY        0                  0      0        0
  MONTH TO DATE    0                  0      0        0
  SINCE DEC 1      0                  0      0        0
  SINCE JAN 1      0                  0      0        0
...........................................................


WIND (MPH)
  HIGHEST WIND SPEED    15   HIGHEST WIND DIRECTION     N (360)
  HIGHEST GUST SPEED    23   HIGHEST GUST DIRECTION     N (350)
  AVERAGE WIND SPEED     6.5


SKY COVER
  AVERAGE SKY COVER 0.3


WEATHER CONDITIONS
 THE FOLLOWING WEATHER WAS RECORDED YESTERDAY.
  NO SIGNIFICANT WEATHER WAS OBSERVED.


..........................................................


THE EUREKA CA CLIMATE NORMALS FOR TODAY
                         NORMAL    RECORD    YEAR
 MAXIMUM TEMPERATURE (F)   56        85      1930
 MINIMUM TEMPERATURE (F)   42        28      1889


SUNRISE AND SUNSET
FEBRUARY 17 2018......SUNRISE   708 AM PST   SUNSET   554 PM PST
FEBRUARY 18 2018......SUNRISE   706 AM PST   SUNSET   555 PM PST


-  INDICATES NEGATIVE NUMBERS.
R  INDICATES RECORD WAS SET OR TIED.
MM INDICATES DATA IS MISSING.
T  INDICATES TRACE AMOUNT.




&&

..........................................................

TOTAL SEASON     NORMAL   % OF NORMAL     LAST SEASON

    19.21         25.69        75            42.67


$$
