000
CDUS46 KEKA 221210
CLIEKA


CLIMATE REPORT
NATIONAL WEATHER SERVICE EUREKA CA
409 AM PST WED FEB 22 2017


...................................

...THE EUREKA CA CLIMATE SUMMARY FOR FEBRUARY 21 2017...

CLIMATE NORMAL PERIOD 1981 TO 2010
CLIMATE RECORD PERIOD 1886 TO 2017


WEATHER ITEM   OBSERVED RECORD YEAR NORMAL DEPARTURE LAST
                VALUE   VALUE       VALUE  FROM      YEAR
                                           NORMAL
...........................................................
TEMPERATURE (F)
 YESTERDAY
  MAXIMUM         55     70    1981  56     -1       54
  MINIMUM         44     31    1975  42      2       37
                               1952
                               1897
  AVERAGE         50                 49      1       46

PRECIPITATION (IN)
  YESTERDAY        0.21   2.32 2007   0.20   0.01     0.12
  MONTH TO DATE    8.78               4.23   4.55     2.63
  SINCE OCT 1     45.06              26.70  18.36    35.41
  SINCE JAN 1     19.29              10.73   8.56    14.69

SNOWFALL (IN)
  YESTERDAY       MM     MM      MM   0.0   MM        0.0
  MONTH TO DATE    0.0                0.2   -0.2      0.0
  SINCE DEC 1      T                  0.2   -0.2       T
  SINCE JUL 1      T                  0.2   -0.2       T
  SNOW DEPTH       0

DEGREE DAYS
 HEATING
  YESTERDAY       15                 16     -1       19
  MONTH TO DATE  277                336    -59      284
  SINCE DEC 1   1504               1385    119     1216
  SINCE JUL 1   2738               2807    -69     2298

 COOLING
  YESTERDAY        0                  0      0        0
  MONTH TO DATE    0                  0      0        0
  SINCE DEC 1      0                  0      0        0
  SINCE JAN 1      0                  0      0        0
...........................................................


WIND (MPH)
  HIGHEST WIND SPEED    14   HIGHEST WIND DIRECTION    SW (220)
  HIGHEST GUST SPEED    32   HIGHEST GUST DIRECTION    SW (240)
  AVERAGE WIND SPEED     9.0


SKY COVER
  AVERAGE SKY COVER 0.9


WEATHER CONDITIONS
 THE FOLLOWING WEATHER WAS RECORDED YESTERDAY.
  LIGHT RAIN


..........................................................


THE EUREKA CA CLIMATE NORMALS FOR TODAY
                         NORMAL    RECORD    YEAR
 MAXIMUM TEMPERATURE (F)   56        69      1981
 MINIMUM TEMPERATURE (F)   42        28      1887


SUNRISE AND SUNSET
FEBRUARY 22 2017......SUNRISE   700 AM PST   SUNSET   600 PM PST
FEBRUARY 23 2017......SUNRISE   659 AM PST   SUNSET   601 PM PST


-  INDICATES NEGATIVE NUMBERS.
R  INDICATES RECORD WAS SET OR TIED.
MM INDICATES DATA IS MISSING.
T  INDICATES TRACE AMOUNT.




&&

..........................................................

TOTAL SEASON     NORMAL   % OF NORMAL     LAST SEASON

    45.06         26.70        169            35.41


$$
