000
CDUS41 KRLX 180718
CLIEKN


CLIMATE REPORT
NATIONAL WEATHER SERVICE CHARLESTON WV
318 AM EDT FRI AUG 18 2017


...................................

...THE ELKINS WV CLIMATE SUMMARY FOR AUGUST 17 2017...

CLIMATE NORMAL PERIOD 1981 TO 2010
CLIMATE RECORD PERIOD 1899 TO 2017


WEATHER ITEM   OBSERVED TIME   RECORD YEAR NORMAL DEPARTURE LAST
                VALUE   (LST)  VALUE       VALUE  FROM      YEAR
                                                  NORMAL
..................................................................
TEMPERATURE (F)
 YESTERDAY
  MAXIMUM         87    357 PM  93    1988  80      7       86
  MINIMUM         60    602 AM  41    1979  58      2       68
  AVERAGE         74                        69      5       77

PRECIPITATION (IN)
  YESTERDAY        T             2.07 1915   0.12  -0.12     0.50
  MONTH TO DATE    2.54                      2.21   0.33     2.46
  SINCE JAN 1     33.45                     31.18   2.27    29.29

SNOWFALL (IN)
  YESTERDAY        0.0
  MONTH TO DATE    0.0
  SINCE SEP 1     44.5
  SNOW DEPTH       0

DEGREE DAYS
 HEATING
  YESTERDAY        0                         1     -1        0
  MONTH TO DATE    8                         2      6        0
  SINCE JUN 1     69                        69      0       28
  SINCE JUL 1     11                        14     -3        0

 COOLING
  YESTERDAY        9                         5      4       12
  MONTH TO DATE   67                        85    -18      175
  SINCE JUN 1    376                       343     33      551
  SINCE JAN 1    420                       366     54      580
..................................................................


WIND (MPH)
  HIGHEST WIND SPEED     9   HIGHEST WIND DIRECTION    SE (150)
  HIGHEST GUST SPEED    14   HIGHEST GUST DIRECTION    SE (150)
  AVERAGE WIND SPEED     1.7


SKY COVER
  AVERAGE SKY COVER 0.5


WEATHER CONDITIONS
 THE FOLLOWING WEATHER WAS RECORDED YESTERDAY.
  LIGHT RAIN
  FOG
  FOG W/VISIBILITY <= 1/4 MILE
  HAZE


RELATIVE HUMIDITY (PERCENT)
 HIGHEST    97           500 AM
 LOWEST     51           200 PM
 AVERAGE    74

..........................................................


THE ELKINS WV CLIMATE NORMALS FOR TODAY
                         NORMAL    RECORD    YEAR
 MAXIMUM TEMPERATURE (F)   80        91      1913
 MINIMUM TEMPERATURE (F)   58        42      1902


SUNRISE AND SUNSET
AUGUST 18 2017........SUNRISE   636 AM EDT   SUNSET   810 PM EDT
AUGUST 19 2017........SUNRISE   637 AM EDT   SUNSET   808 PM EDT


-  INDICATES NEGATIVE NUMBERS.
R  INDICATES RECORD WAS SET OR TIED.
MM INDICATES DATA IS MISSING.
T  INDICATES TRACE AMOUNT.




$$
