000
CDUS41 KRLX 232139
CLIEKN


CLIMATE REPORT
NATIONAL WEATHER SERVICE CHARLESTON WV
538 PM EDT TUE MAY 23 2017


...................................

...THE ELKINS WV CLIMATE SUMMARY FOR MAY 23 2017...
VALID TODAY AS OF 0500 PM LOCAL TIME.

CLIMATE NORMAL PERIOD 1981 TO 2010
CLIMATE RECORD PERIOD 1899 TO 2017


WEATHER ITEM   OBSERVED TIME   RECORD YEAR NORMAL DEPARTURE LAST
                VALUE   (LST)  VALUE       VALUE  FROM      YEAR
                                                  NORMAL
..................................................................
TEMPERATURE (F)
 TODAY
  MAXIMUM         66    242 PM  87    1966  72     -6       67
  MINIMUM         48    257 AM  29    2006  48      0       46
  AVERAGE         57                        60     -3       57

PRECIPITATION (IN)
  TODAY            T             1.56 1985   0.17  -0.17     0.08
  MONTH TO DATE    2.48                      3.78  -1.30     6.21
  SINCE MAR 1     11.57                     11.54   0.03    12.03
  SINCE JAN 1     18.82                     17.87   0.95    17.41

DEGREE DAYS
 HEATING
  TODAY            8                         6      2        8
  MONTH TO DATE  178                       195    -17      223
  SINCE MAR 1   1168                      1437   -269     1211
  SINCE JUL 1   4571                      5758  -1187     4953

 COOLING
  TODAY            0                         1     -1        0
  MONTH TO DATE   29                        10     19        3
  SINCE MAR 1     39                        13     26        6
  SINCE JAN 1     39                        13     26        6
..................................................................


WIND (MPH)
  HIGHEST WIND SPEED    13   HIGHEST WIND DIRECTION    SE (130)
  HIGHEST GUST SPEED    17   HIGHEST GUST DIRECTION    SE (120)
  AVERAGE WIND SPEED     2.7


SKY COVER
  POSSIBLE SUNSHINE  MM
  AVERAGE SKY COVER 0.7


WEATHER CONDITIONS
 THE FOLLOWING WEATHER WAS RECORDED TODAY.
  FOG
  FOG W/VISIBILITY <= 1/4 MILE


RELATIVE HUMIDITY (PERCENT)
 HIGHEST    93          1200 AM
 LOWEST     56           200 PM
 AVERAGE    75

..........................................................


THE ELKINS WV CLIMATE NORMALS FOR TOMORROW
                         NORMAL    RECORD    YEAR
 MAXIMUM TEMPERATURE (F)   72        85      1991
                                             1944
                                             1939
 MINIMUM TEMPERATURE (F)   48        31      1963
                                             1905


SUNRISE AND SUNSET
MAY 23 2017...........SUNRISE   601 AM EDT   SUNSET   832 PM EDT
MAY 24 2017...........SUNRISE   600 AM EDT   SUNSET   833 PM EDT


-  INDICATES NEGATIVE NUMBERS.
R  INDICATES RECORD WAS SET OR TIED.
MM INDICATES DATA IS MISSING.
T  INDICATES TRACE AMOUNT.




$$
