000
CDUS41 KRLX 022119
CLIEKN


CLIMATE REPORT
NATIONAL WEATHER SERVICE CHARLESTON WV
518 PM EDT WED SEP 2 2015


...................................

...THE ELKINS WV CLIMATE SUMMARY FOR SEPTEMBER 2 2015...
VALID TODAY AS OF 0500 PM LOCAL TIME.

CLIMATE NORMAL PERIOD 1981 TO 2010
CLIMATE RECORD PERIOD 1899 TO 2015


WEATHER ITEM   OBSERVED TIME   RECORD YEAR NORMAL DEPARTURE LAST
                VALUE   (LST)  VALUE       VALUE  FROM      YEAR
                                                  NORMAL
..................................................................
TEMPERATURE (F)
 TODAY
  MAXIMUM         84   1129 AM  93    1993  78      6       84
                                      1953
  MINIMUM         63    346 AM  38    1999  55      8       67
                                      1987
  AVERAGE         74                        67      7       76

PRECIPITATION (IN)
  TODAY            T             1.95 1969   0.13  -0.13     0.03
  MONTH TO DATE    T                         0.25  -0.25     0.06
  SINCE SEP 1      T                         0.25  -0.25     0.06
  SINCE JAN 1     37.45                     33.06   4.39    28.29

DEGREE DAYS
 HEATING
  TODAY            0                         1     -1        0
  MONTH TO DATE    0                         2     -2        0
  SINCE SEP 1      0                         2     -2        0
  SINCE JUL 1     11                        32    -21       51

 COOLING
  TODAY            9                         3      6       11
  MONTH TO DATE   16                         6     10       22
  SINCE SEP 1     16                         6     10       22
  SINCE JAN 1    557                       432    125      460
..................................................................


WIND (MPH)
  HIGHEST WIND SPEED    12   HIGHEST WIND DIRECTION     S (180)
  HIGHEST GUST SPEED    19   HIGHEST GUST DIRECTION     W (290)
  AVERAGE WIND SPEED     2.1


SKY COVER
  POSSIBLE SUNSHINE  MM
  AVERAGE SKY COVER 0.4


WEATHER CONDITIONS
 THE FOLLOWING WEATHER WAS RECORDED TODAY.
  FOG


RELATIVE HUMIDITY (PERCENT)
 HIGHEST    93          1200 AM
 LOWEST     58          1000 AM
 AVERAGE    76

..........................................................


THE ELKINS WV CLIMATE NORMALS FOR TOMORROW
                         NORMAL    RECORD    YEAR
 MAXIMUM TEMPERATURE (F)   78        97      1953
 MINIMUM TEMPERATURE (F)   55        39      1934


SUNRISE AND SUNSET
SEPTEMBER  2 2015.....SUNRISE   649 AM EDT   SUNSET   749 PM EDT
SEPTEMBER  3 2015.....SUNRISE   650 AM EDT   SUNSET   747 PM EDT


-  INDICATES NEGATIVE NUMBERS.
R  INDICATES RECORD WAS SET OR TIED.
MM INDICATES DATA IS MISSING.
T  INDICATES TRACE AMOUNT.




$$
