000
CDUS41 KRLX 180823
CLIEKN


CLIMATE REPORT
NATIONAL WEATHER SERVICE CHARLESTON WV
322 AM EST THU DEC 18 2014


...................................

...THE ELKINS WV CLIMATE SUMMARY FOR DECEMBER 17 2014...

CLIMATE NORMAL PERIOD 1981 TO 2010
CLIMATE RECORD PERIOD 1899 TO 2014


WEATHER ITEM   OBSERVED TIME   RECORD YEAR NORMAL DEPARTURE LAST
                VALUE   (LST)  VALUE       VALUE  FROM      YEAR
                                                  NORMAL
..................................................................
TEMPERATURE (F)
 YESTERDAY
  MAXIMUM         41   1214 AM  69    1933  42     -1       40
  MINIMUM         29   1159 PM  -8    1989  22      7       28
  AVERAGE         35                        32      3       34

PRECIPITATION (IN)
  YESTERDAY        0.02          0.99 1906   0.10  -0.08     0.30
  MONTH TO DATE    3.28                      1.88   1.40     4.49
  SINCE JAN 1     41.66                     44.55  -2.89    44.23

SNOWFALL (IN)
  YESTERDAY        0.0
  MONTH TO DATE    T
  SINCE SEP 1      7.6
  SNOW DEPTH       0

DEGREE DAYS
 HEATING
  YESTERDAY       30                        33     -3       31
  MONTH TO DATE  459                       525    -66      517
  SINCE DEC 1    459                       525    -66      517
  SINCE JUL 1   1815                      1809      6     1812

 COOLING
  YESTERDAY        0                         0      0        0
  MONTH TO DATE    0                         0      0        0
  SINCE DEC 1      0                         0      0        0
  SINCE JAN 1    505                       475     30      533
..................................................................


WIND (MPH)
  HIGHEST WIND SPEED    18   HIGHEST WIND DIRECTION    NW (300)
  HIGHEST GUST SPEED    26   HIGHEST GUST DIRECTION    NW (310)
  AVERAGE WIND SPEED     6.6


SKY COVER
  POSSIBLE SUNSHINE  MM
  AVERAGE SKY COVER 1.0


WEATHER CONDITIONS
 THE FOLLOWING WEATHER WAS RECORDED YESTERDAY.
  LIGHT RAIN
  LIGHT SNOW
  FOG


RELATIVE HUMIDITY (PERCENT)
 HIGHEST    92           800 AM
 LOWEST     72           600 PM
 AVERAGE    82

..........................................................


THE ELKINS WV CLIMATE NORMALS FOR TODAY
                         NORMAL    RECORD    YEAR
 MAXIMUM TEMPERATURE (F)   41        68      1924
 MINIMUM TEMPERATURE (F)   22       -10      1989


SUNRISE AND SUNSET
DECEMBER 18 2014......SUNRISE   733 AM EST   SUNSET   459 PM EST
DECEMBER 19 2014......SUNRISE   733 AM EST   SUNSET   500 PM EST


-  INDICATES NEGATIVE NUMBERS.
R  INDICATES RECORD WAS SET OR TIED.
MM INDICATES DATA IS MISSING.
T  INDICATES TRACE AMOUNT.




$$
