826
CDUS41 KRLX 232247
CLIEKN


CLIMATE REPORT
NATIONAL WEATHER SERVICE CHARLESTON WV
545 PM EST FRI FEB 23 2018


...................................

...THE ELKINS WV CLIMATE SUMMARY FOR FEBRUARY 23 2018...
VALID TODAY AS OF 0500 PM LOCAL TIME.

CLIMATE NORMAL PERIOD 1981 TO 2010
CLIMATE RECORD PERIOD 1899 TO 2018


WEATHER ITEM   OBSERVED TIME   RECORD YEAR NORMAL DEPARTURE LAST
                VALUE   (LST)  VALUE       VALUE  FROM      YEAR
                                                  NORMAL
..................................................................
TEMPERATURE (F)
 TODAY
  MAXIMUM         73R   304 PM  73    1922  45     28       71
  MINIMUM         48    739 AM -14    1978  23     25       44
  AVERAGE         61                        34     27       58

PRECIPITATION (IN)
  TODAY            T             1.61 1984   0.12  -0.12     0.01
  MONTH TO DATE    6.43                      2.52   3.91     1.53
  SINCE DEC 1     11.35                      9.01   2.34    11.52
  SINCE JAN 1      9.11                      5.75   3.36     6.62

DEGREE DAYS
 HEATING
  TODAY            4                        31    -27        7
  MONTH TO DATE  541                       767   -226      569
  SINCE DEC 1   2777                      2884   -107     2349
  SINCE JUL 1   3862                      4168   -306     3294

 COOLING
  TODAY            0                         0      0        0
  MONTH TO DATE    0                         0      0        0
  SINCE DEC 1      0                         0      0        0
  SINCE JAN 1      0                         0      0        0
..................................................................


WIND (MPH)
  HIGHEST WIND SPEED    22   HIGHEST WIND DIRECTION     W (260)
  HIGHEST GUST SPEED    32   HIGHEST GUST DIRECTION     W (250)
  AVERAGE WIND SPEED     6.4


SKY COVER
  POSSIBLE SUNSHINE  MM
  AVERAGE SKY COVER 0.9


WEATHER CONDITIONS
 THE FOLLOWING WEATHER WAS RECORDED TODAY.
  LIGHT RAIN
  FOG


RELATIVE HUMIDITY (PERCENT)
 HIGHEST   100          1200 AM
 LOWEST     53           300 PM
 AVERAGE    77

..........................................................


THE ELKINS WV CLIMATE NORMALS FOR TOMORROW
                         NORMAL    RECORD    YEAR
 MAXIMUM TEMPERATURE (F)   45        77      2017
 MINIMUM TEMPERATURE (F)   23       -15      2015


SUNRISE AND SUNSET
FEBRUARY 23 2018......SUNRISE   700 AM EST   SUNSET   606 PM EST
FEBRUARY 24 2018......SUNRISE   659 AM EST   SUNSET   607 PM EST


-  INDICATES NEGATIVE NUMBERS.
R  INDICATES RECORD WAS SET OR TIED.
MM INDICATES DATA IS MISSING.
T  INDICATES TRACE AMOUNT.




$$
