000
CDUS41 KRLX 010823
CLIEKN


CLIMATE REPORT
NATIONAL WEATHER SERVICE CHARLESTON WV
322 AM EST SUN MAR 1 2015


...................................

...THE ELKINS WV CLIMATE SUMMARY FOR FEBRUARY 28 2015...

CLIMATE NORMAL PERIOD 1981 TO 2010
CLIMATE RECORD PERIOD 1899 TO 2015


WEATHER ITEM   OBSERVED TIME   RECORD YEAR NORMAL DEPARTURE LAST
                VALUE   (LST)  VALUE       VALUE  FROM      YEAR
                                                  NORMAL
..................................................................
TEMPERATURE (F)
 YESTERDAY
  MAXIMUM         37    426 PM  74    1918  46     -9       35
  MINIMUM         -6    716 AM -18    1934  24    -30       -3
  AVERAGE         16                        35    -19       16

PRECIPITATION (IN)
  YESTERDAY        0.00          1.00 1917   0.12  -0.12     0.00
  MONTH TO DATE    2.70                      3.10  -0.40     4.11
  SINCE JAN 1      5.72                      6.33  -0.61     6.26

SNOWFALL (IN)
  YESTERDAY       0
  MONTH TO DATE   30.6
  SINCE SEP 1     56.0
  SNOW DEPTH      10

DEGREE DAYS
 HEATING
  YESTERDAY       49                        30     19       49
  MONTH TO DATE 1250                       920    330     1020
  SINCE DEC 1   3275                      3037    238     3228
  SINCE JUL 1   4631                      4321    310     4523

 COOLING
  YESTERDAY        0                         0      0        0
  MONTH TO DATE    0                         0      0        0
  SINCE DEC 1      0                         0      0        0
  SINCE JAN 1      0                         0      0        0
..................................................................


WIND (MPH)
  HIGHEST WIND SPEED     7   HIGHEST WIND DIRECTION    NW (300)
  HIGHEST GUST SPEED     9   HIGHEST GUST DIRECTION     N (350)
  AVERAGE WIND SPEED     0.5


SKY COVER
  POSSIBLE SUNSHINE  MM
  AVERAGE SKY COVER 0.3


WEATHER CONDITIONS
 THE FOLLOWING WEATHER WAS RECORDED YESTERDAY.
  FOG


RELATIVE HUMIDITY (PERCENT)
 HIGHEST    91           500 AM
 LOWEST     21           400 PM
 AVERAGE    56

..........................................................


THE ELKINS WV CLIMATE NORMALS FOR TODAY
                         NORMAL    RECORD    YEAR
 MAXIMUM TEMPERATURE (F)   47        75      1972
 MINIMUM TEMPERATURE (F)   24        -1      1993


SUNRISE AND SUNSET
MARCH  1 2015.........SUNRISE   652 AM EST   SUNSET   612 PM EST
MARCH  2 2015.........SUNRISE   651 AM EST   SUNSET   613 PM EST


-  INDICATES NEGATIVE NUMBERS.
R  INDICATES RECORD WAS SET OR TIED.
MM INDICATES DATA IS MISSING.
T  INDICATES TRACE AMOUNT.




$$
