000
CDUS41 KRLX 190824
CLIEKN


CLIMATE REPORT
NATIONAL WEATHER SERVICE CHARLESTON WV
324 AM EST SUN FEB 19 2017


...................................

...THE ELKINS WV CLIMATE SUMMARY FOR FEBRUARY 18 2017...

CLIMATE NORMAL PERIOD 1981 TO 2010
CLIMATE RECORD PERIOD 1899 TO 2017


WEATHER ITEM   OBSERVED TIME   RECORD YEAR NORMAL DEPARTURE LAST
                VALUE   (LST)  VALUE       VALUE  FROM      YEAR
                                                  NORMAL
..................................................................
TEMPERATURE (F)
 YESTERDAY
  MAXIMUM         64    145 PM  68    1938  44     20       36
  MINIMUM         28    550 AM -13    1973  22      6       19
  AVERAGE         46                        33     13       28

PRECIPITATION (IN)
  YESTERDAY        0.02          2.48 2000   0.11  -0.09     0.00
  MONTH TO DATE    1.46                      1.95  -0.49     1.50
  SINCE JAN 1      6.55                      5.18   1.37     3.87

SNOWFALL (IN)
  YESTERDAY        0.0
  MONTH TO DATE    9.9
  SINCE SEP 1     30.4
  SNOW DEPTH       0

DEGREE DAYS
 HEATING
  YESTERDAY       19                        32    -13       37
  MONTH TO DATE  503                       609   -106      659
  SINCE DEC 1   2283                      2726   -443     2486
  SINCE JUL 1   3228                      4010   -782     3489

 COOLING
  YESTERDAY        0                         0      0        0
  MONTH TO DATE    0                         0      0        0
  SINCE DEC 1      0                         0      0        0
  SINCE JAN 1      0                         0      0        0
..................................................................


WIND (MPH)
  HIGHEST WIND SPEED    14   HIGHEST WIND DIRECTION     W (290)
  HIGHEST GUST SPEED    20   HIGHEST GUST DIRECTION    SW (240)
  AVERAGE WIND SPEED     2.8


SKY COVER
  POSSIBLE SUNSHINE  MM
  AVERAGE SKY COVER 0.2


WEATHER CONDITIONS
 THE FOLLOWING WEATHER WAS RECORDED YESTERDAY.
  LIGHT RAIN


RELATIVE HUMIDITY (PERCENT)
 HIGHEST    85           300 AM
 LOWEST     27           200 PM
 AVERAGE    56

..........................................................


THE ELKINS WV CLIMATE NORMALS FOR TODAY
                         NORMAL    RECORD    YEAR
 MAXIMUM TEMPERATURE (F)   44        73      1939
 MINIMUM TEMPERATURE (F)   22        -5      1978
                                             1903


SUNRISE AND SUNSET
FEBRUARY 19 2017......SUNRISE   705 AM EST   SUNSET   602 PM EST
FEBRUARY 20 2017......SUNRISE   704 AM EST   SUNSET   603 PM EST


-  INDICATES NEGATIVE NUMBERS.
R  INDICATES RECORD WAS SET OR TIED.
MM INDICATES DATA IS MISSING.
T  INDICATES TRACE AMOUNT.




$$
