000
CDUS41 KRLX 230816
CLIEKN


CLIMATE REPORT
NATIONAL WEATHER SERVICE CHARLESTON WV
316 AM EST THU NOV 23 2017


...................................

...THE ELKINS WV CLIMATE SUMMARY FOR NOVEMBER 22 2017...

CLIMATE NORMAL PERIOD 1981 TO 2010
CLIMATE RECORD PERIOD 1899 TO 2017


WEATHER ITEM   OBSERVED TIME   RECORD YEAR NORMAL DEPARTURE LAST
                VALUE   (LST)  VALUE       VALUE  FROM      YEAR
                                                  NORMAL
..................................................................
TEMPERATURE (F)
 YESTERDAY
  MAXIMUM         50   1233 AM  73    1931  51     -1       42
                                      1913
  MINIMUM         30   1149 PM   5    1987  29      1       17
  AVERAGE         40                        40      0       30

PRECIPITATION (IN)
  YESTERDAY        T             1.23 2011   0.12  -0.12     0.00
  MONTH TO DATE    2.57                      2.45   0.12     1.17
  SINCE JAN 1     43.58                     41.74   1.84    38.97

SNOWFALL (IN)
  YESTERDAY        0.0           2.4  1989   0.2   -0.2      0.0
  MONTH TO DATE    T                         2.9   -2.9      4.7
  SINCE SEP 1      T                         3.3   -3.3      4.7
  SNOW DEPTH       0

DEGREE DAYS
 HEATING
  YESTERDAY       25                        25      0       35
  MONTH TO DATE  461                       480    -19      455
  SINCE SEP 1    864                      1041   -177      758
  SINCE JUL 1    886                      1071   -185      758

 COOLING
  YESTERDAY        0                         0      0        0
  MONTH TO DATE    0                         0      0        0
  SINCE SEP 1     82                        49     33      120
  SINCE JAN 1    544                       475     69      809
..................................................................


WIND (MPH)
  HIGHEST WIND SPEED    17   HIGHEST WIND DIRECTION     W (280)
  HIGHEST GUST SPEED    22   HIGHEST GUST DIRECTION     W (290)
  AVERAGE WIND SPEED     6.6


SKY COVER
  POSSIBLE SUNSHINE  MM
  AVERAGE SKY COVER 1.0


WEATHER CONDITIONS
 THE FOLLOWING WEATHER WAS RECORDED YESTERDAY.
  LIGHT RAIN
  FOG


RELATIVE HUMIDITY (PERCENT)
 HIGHEST    82           800 AM
 LOWEST     58           500 AM
 AVERAGE    70

..........................................................


THE ELKINS WV CLIMATE NORMALS FOR TODAY
                         NORMAL    RECORD    YEAR
 MAXIMUM TEMPERATURE (F)   50        72      1931
 MINIMUM TEMPERATURE (F)   29         4      1971


SUNRISE AND SUNSET
NOVEMBER 23 2017......SUNRISE   711 AM EST   SUNSET   500 PM EST
NOVEMBER 24 2017......SUNRISE   712 AM EST   SUNSET   500 PM EST


-  INDICATES NEGATIVE NUMBERS.
R  INDICATES RECORD WAS SET OR TIED.
MM INDICATES DATA IS MISSING.
T  INDICATES TRACE AMOUNT.




$$
