000
CDUS45 KLKN 060934
CLIEKO


CLIMATE REPORT
NATIONAL WEATHER SERVICE ELKO NV
129 AM PST TUE DEC 6 2016


...................................

...THE ELKO AIRPORT NV CLIMATE SUMMARY FOR DECEMBER 5 2016...

CLIMATE NORMAL PERIOD 1981 TO 2010
CLIMATE RECORD PERIOD 1888 TO 2016


WEATHER ITEM   OBSERVED TIME   RECORD YEAR NORMAL DEPARTURE LAST
                VALUE   (LST)  VALUE       VALUE  FROM      YEAR
                                                  NORMAL
..................................................................
TEMPERATURE (F)
 YESTERDAY
  MAXIMUM         34    127 PM  61    1940  39     -5       35
  MINIMUM         19   1159 PM  -7    1933  16      3       14
  AVERAGE         27                        28     -1       25

PRECIPITATION (IN)
  YESTERDAY        T             0.88 1996   0.04  -0.04     0.00
  MONTH TO DATE    T                         0.19  -0.19      T
  SINCE OCT 1      2.80                      2.05   0.75     2.46
  SINCE JAN 1     11.52                      8.90   2.62     9.45

SNOWFALL (IN)
  YESTERDAY        T             8.0  1996   0.3   -0.3      0.0
  MONTH TO DATE    T                         1.4   -1.4       T
  SINCE DEC 1      T                         1.4   -1.4       T
  SINCE JUL 1      5.5                       7.1   -1.6     12.2
  SNOW DEPTH       T

DEGREE DAYS
 HEATING
  YESTERDAY       38                        37      1       40
  MONTH TO DATE  187                       184      3      211
  SINCE DEC 1    187                       184      3      211
  SINCE JUL 1   1532                      1922   -390     1692

 COOLING
  YESTERDAY        0                         0      0        0
  MONTH TO DATE    0                         0      0        0
  SINCE DEC 1      0                         0      0        0
  SINCE JAN 1    560                       383    177      624
..................................................................


WIND (MPH)
  HIGHEST WIND SPEED    16   HIGHEST WIND DIRECTION     N (20)
  HIGHEST GUST SPEED    20   HIGHEST GUST DIRECTION    NE (40)
  AVERAGE WIND SPEED     4.2



WEATHER CONDITIONS
 THE FOLLOWING WEATHER WAS RECORDED YESTERDAY.
  LIGHT SNOW


RELATIVE HUMIDITY (PERCENT)
 HIGHEST    69          1200 AM
 LOWEST     32           100 PM
 AVERAGE    51

..........................................................


THE ELKO AIRPORT NV CLIMATE NORMALS FOR TODAY
                         NORMAL    RECORD    YEAR
 MAXIMUM TEMPERATURE (F)   39        63      1981
 MINIMUM TEMPERATURE (F)   16       -20      1891


SUNRISE AND SUNSET
DECEMBER  6 2016......SUNRISE   654 AM PST   SUNSET   415 PM PST
DECEMBER  7 2016......SUNRISE   654 AM PST   SUNSET   415 PM PST


-  INDICATES NEGATIVE NUMBERS.
R  INDICATES RECORD WAS SET OR TIED.
MM INDICATES DATA IS MISSING.
T  INDICATES TRACE AMOUNT.




$$
