861
CDUS45 KLKN 141231
CLIEKO


CLIMATE REPORT
NATIONAL WEATHER SERVICE ELKO NV
431 AM PST SUN FEB 14 2016


...................................

...THE ELKO AIRPORT NV CLIMATE SUMMARY FOR FEBRUARY 13 2016...

CLIMATE NORMAL PERIOD 1981 TO 2010
CLIMATE RECORD PERIOD 1888 TO 2016


WEATHER ITEM   OBSERVED TIME   RECORD YEAR NORMAL DEPARTURE LAST
                VALUE   (LST)  VALUE       VALUE  FROM      YEAR
                                                  NORMAL
..................................................................
TEMPERATURE (F)
 YESTERDAY
  MAXIMUM         41    431 PM  66    2015  41      0       66
  MINIMUM         13    734 AM -26    1949  18     -5       28
  AVERAGE         27                        29     -2       47

PRECIPITATION (IN)
  YESTERDAY        0.00          0.46 2000   0.03  -0.03     0.00
  MONTH TO DATE    0.09                      0.39  -0.30     0.09
  SINCE OCT 1      6.60                      4.57   2.03     2.53
  SINCE JAN 1      2.06                      1.51   0.55     0.29

SNOWFALL (IN)
  YESTERDAY        0.0           3.3  1933   0.3   -0.3      0.0
  MONTH TO DATE    1.3                       3.4   -2.1       T
  SINCE DEC 1     41.7                      23.8   17.9      5.6
  SINCE JUL 1     53.9                      29.5   24.4      7.5
  SNOW DEPTH       9

DEGREE DAYS
 HEATING
  YESTERDAY       38                        36      2       18
  MONTH TO DATE  593                       485    108      268
  SINCE DEC 1   3131                      2932    199     2228
  SINCE JUL 1   4612                      4670    -58     3588

 COOLING
  YESTERDAY        0                         0      0        0
  MONTH TO DATE    0                         0      0        0
  SINCE DEC 1      0                         0      0        0
  SINCE JAN 1      0                         0      0        0
..................................................................


WIND (MPH)
  HIGHEST WIND SPEED    12   HIGHEST WIND DIRECTION    NE (60)
  HIGHEST GUST SPEED    12   HIGHEST GUST DIRECTION    NE (60)
  AVERAGE WIND SPEED     2.6



WEATHER CONDITIONS
 THE FOLLOWING WEATHER WAS RECORDED YESTERDAY.
  FOG


RELATIVE HUMIDITY (PERCENT)
 HIGHEST    92           700 AM
 LOWEST     59          1200 PM
 AVERAGE    76

..........................................................


THE ELKO AIRPORT NV CLIMATE NORMALS FOR TODAY
                         NORMAL    RECORD    YEAR
 MAXIMUM TEMPERATURE (F)   41        64      1924
 MINIMUM TEMPERATURE (F)   18       -22      1922


SUNRISE AND SUNSET
FEBRUARY 14 2016......SUNRISE   639 AM PST   SUNSET   516 PM PST
FEBRUARY 15 2016......SUNRISE   638 AM PST   SUNSET   517 PM PST


-  INDICATES NEGATIVE NUMBERS.
R  INDICATES RECORD WAS SET OR TIED.
MM INDICATES DATA IS MISSING.
T  INDICATES TRACE AMOUNT.




$$
