000
CDUS45 KLKN 220946
CLIEKO


CLIMATE REPORT
NATIONAL WEATHER SERVICE ELKO NV
246 AM PDT THU JUN 22 2017


...................................

...THE ELKO AIRPORT NV CLIMATE SUMMARY FOR JUNE 21 2017...

CLIMATE NORMAL PERIOD 1981 TO 2010
CLIMATE RECORD PERIOD 1888 TO 2017


WEATHER ITEM   OBSERVED TIME   RECORD YEAR NORMAL DEPARTURE LAST
                VALUE   (LST)  VALUE       VALUE  FROM      YEAR
                                                  NORMAL
..................................................................
TEMPERATURE (F)
 YESTERDAY
  MAXIMUM         97    336 PM  98    2012  82     15       92
  MINIMUM         55    522 AM  28    1960  46      9       52
                                      1916
  AVERAGE         76                        64     12       72

PRECIPITATION (IN)
  YESTERDAY        0.00          1.00 1918   0.02  -0.02     0.00
  MONTH TO DATE    0.61                      0.53   0.08     0.82
  SINCE OCT 1     13.46                      8.48   4.98    12.13
  SINCE JAN 1      7.83                      5.42   2.41     7.59

SNOWFALL (IN)
  YESTERDAY        0.0           T    2009   0.0    0.0      0.0
  MONTH TO DATE    T                         0.0    0.0       T
  SINCE JUN 1      T                         0.0    0.0       T
  SINCE JUL 1     53.3                      41.3   12.0     63.8
  SNOW DEPTH       0

DEGREE DAYS
 HEATING
  YESTERDAY        0                         3     -3        0
  MONTH TO DATE   62                       112    -50       29
  SINCE JUN 1     62                       112    -50       29
  SINCE JUL 1   6296                      7047   -751     6517

 COOLING
  YESTERDAY       11                         2      9        7
  MONTH TO DATE   73                        24     49       60
  SINCE JUN 1     73                        24     49       60
  SINCE JAN 1     77                        28     49       60
..................................................................


WIND (MPH)
  HIGHEST WIND SPEED    24   HIGHEST WIND DIRECTION    NW (320)
  HIGHEST GUST SPEED    29   HIGHEST GUST DIRECTION     N (350)
  AVERAGE WIND SPEED     6.9



WEATHER CONDITIONS
 THE FOLLOWING WEATHER WAS RECORDED YESTERDAY.
  THUNDERSTORM


RELATIVE HUMIDITY (PERCENT)
 HIGHEST    60           300 AM
 LOWEST     13           200 PM
 AVERAGE    37

..........................................................


THE ELKO AIRPORT NV CLIMATE NORMALS FOR TODAY
                         NORMAL    RECORD    YEAR
 MAXIMUM TEMPERATURE (F)   83       101      1954
 MINIMUM TEMPERATURE (F)   46        26      1916


SUNRISE AND SUNSET
JUNE 22 2017..........SUNRISE   512 AM PDT   SUNSET   818 PM PDT
JUNE 23 2017..........SUNRISE   512 AM PDT   SUNSET   819 PM PDT


-  INDICATES NEGATIVE NUMBERS.
R  INDICATES RECORD WAS SET OR TIED.
MM INDICATES DATA IS MISSING.
T  INDICATES TRACE AMOUNT.




$$
