000
CDUS45 KLKN 300931
CLIEKO


CLIMATE REPORT
NATIONAL WEATHER SERVICE ELKO NV
227 AM PDT THU JUL 30 2015


...................................

...THE ELKO AIRPORT NV CLIMATE SUMMARY FOR JULY 29 2015...

CLIMATE NORMAL PERIOD 1981 TO 2010
CLIMATE RECORD PERIOD 1888 TO 2015


WEATHER ITEM   OBSERVED TIME   RECORD YEAR NORMAL DEPARTURE LAST
                VALUE   (LST)  VALUE       VALUE  FROM      YEAR
                                                  NORMAL
..................................................................
TEMPERATURE (F)
 YESTERDAY
  MAXIMUM         90    426 PM 101    1978  92     -2       86
                                      1934
                                      1898
  MINIMUM         43    422 AM  32    1948  51     -8       64
  AVERAGE         67                        71     -4       75

PRECIPITATION (IN)
  YESTERDAY        0.00          0.23 1997   0.01  -0.01     0.03
  MONTH TO DATE    0.79                      0.34   0.45     0.54
  SINCE OCT 1      8.37                      8.94  -0.57     8.00
  SINCE JAN 1      6.13                      5.88   0.25     6.39

SNOWFALL (IN)
  YESTERDAY        0.0           0.0  1888   0.0    0.0      0.0
  MONTH TO DATE    0.0                       0.0    0.0      0.0
  SINCE JUN 1      0.0                       0.0    0.0      0.0
  SINCE JUL 1      0.0                       0.0    0.0      0.0
  SNOW DEPTH       0

DEGREE DAYS
 HEATING
  YESTERDAY        0                         0      0        0
  MONTH TO DATE    9                        17     -8        0
  SINCE JUN 1     33                       148   -115       92
  SINCE JUL 1      9                        17     -8        0

 COOLING
  YESTERDAY        2                         6     -4       10
  MONTH TO DATE  172                       169      3      328
  SINCE JUN 1    350                       216    134      357
  SINCE JAN 1    357                       220    137      360
..................................................................


WIND (MPH)
  HIGHEST WIND SPEED    14   HIGHEST WIND DIRECTION     W (260)
  HIGHEST GUST SPEED    19   HIGHEST GUST DIRECTION     W (250)
  AVERAGE WIND SPEED     3.9



WEATHER CONDITIONS
 THE FOLLOWING WEATHER WAS RECORDED YESTERDAY.
  NO SIGNIFICANT WEATHER WAS OBSERVED.


RELATIVE HUMIDITY (PERCENT)
 HIGHEST    58           400 AM
 LOWEST      6           600 PM
 AVERAGE    32

..........................................................


THE ELKO AIRPORT NV CLIMATE NORMALS FOR TODAY
                         NORMAL    RECORD    YEAR
 MAXIMUM TEMPERATURE (F)   92       103      1978
 MINIMUM TEMPERATURE (F)   51        35      1950
                                             1917
                                             1895


SUNRISE AND SUNSET
JULY 30 2015..........SUNRISE   537 AM PDT   SUNSET   801 PM PDT
JULY 31 2015..........SUNRISE   538 AM PDT   SUNSET   800 PM PDT


-  INDICATES NEGATIVE NUMBERS.
R  INDICATES RECORD WAS SET OR TIED.
MM INDICATES DATA IS MISSING.
T  INDICATES TRACE AMOUNT.




$$
