000
CDUS45 KLKN 250933
CLIEKO


CLIMATE REPORT
NATIONAL WEATHER SERVICE ELKO NV
127 AM PST SUN FEB 25 2018


...................................

...THE ELKO AIRPORT NV CLIMATE SUMMARY FOR FEBRUARY 24 2018...

CLIMATE NORMAL PERIOD 1981 TO 2010
CLIMATE RECORD PERIOD 1888 TO 2018


WEATHER ITEM   OBSERVED TIME   RECORD YEAR NORMAL DEPARTURE LAST
                VALUE   (LST)  VALUE       VALUE  FROM      YEAR
                                                  NORMAL
..................................................................
TEMPERATURE (F)
 YESTERDAY
  MAXIMUM         29    432 PM  69    1986  45    -16       32
  MINIMUM          6   1152 PM -20    1894  21    -15       20
  AVERAGE         18                        33    -15       26

PRECIPITATION (IN)
  YESTERDAY        0.07          0.96 1902   0.03   0.04      T
  MONTH TO DATE    0.47                      0.71  -0.24     1.51
  SINCE OCT 1      2.64                      4.89  -2.25     9.62
  SINCE JAN 1      0.94                      1.83  -0.89     3.99

SNOWFALL (IN)
  YESTERDAY        0.9           4.5  1890   0.2    0.7      0.1
  MONTH TO DATE    6.3                       5.7    0.6      1.7
  SINCE DEC 1     12.6                      26.1  -13.5     44.5
  SINCE JUL 1     13.3                      31.8  -18.5     50.0
  SNOW DEPTH       T

DEGREE DAYS
 HEATING
  YESTERDAY       47                        32     15       39
  MONTH TO DATE  822                       858    -36      649
  SINCE DEC 1   2893                      3305   -412     3243
  SINCE JUL 1   4481                      5043   -562     4588

 COOLING
  YESTERDAY        0                         0      0        0
  MONTH TO DATE    0                         0      0        0
  SINCE DEC 1      0                         0      0        0
  SINCE JAN 1      0                         0      0        0
..................................................................


WIND (MPH)
  HIGHEST WIND SPEED    21   HIGHEST WIND DIRECTION     W (250)
  HIGHEST GUST SPEED    25   HIGHEST GUST DIRECTION     W (250)
  AVERAGE WIND SPEED     8.4



WEATHER CONDITIONS
 THE FOLLOWING WEATHER WAS RECORDED YESTERDAY.
  HEAVY SNOW
  SNOW
  LIGHT SNOW
  FOG
  FOG W/VISIBILITY <= 1/4 MILE
  HAZE


RELATIVE HUMIDITY (PERCENT)
 HIGHEST   100           600 PM
 LOWEST     50          1000 AM
 AVERAGE    75

..........................................................


THE ELKO AIRPORT NV CLIMATE NORMALS FOR TODAY
                         NORMAL    RECORD    YEAR
 MAXIMUM TEMPERATURE (F)   45        67      1986
 MINIMUM TEMPERATURE (F)   21       -12      1894


SUNRISE AND SUNSET
FEBRUARY 25 2018......SUNRISE   623 AM PST   SUNSET   530 PM PST
FEBRUARY 26 2018......SUNRISE   622 AM PST   SUNSET   531 PM PST


-  INDICATES NEGATIVE NUMBERS.
R  INDICATES RECORD WAS SET OR TIED.
MM INDICATES DATA IS MISSING.
T  INDICATES TRACE AMOUNT.




$$
