000
CDUS45 KLKN 230930
CLIEKO


CLIMATE REPORT
NATIONAL WEATHER SERVICE ELKO NV
228 AM PDT SAT AUG 23 2014


...................................

...THE ELKO AIRPORT NV CLIMATE SUMMARY FOR AUGUST 22 2014...

CLIMATE NORMAL PERIOD 1981 TO 2010
CLIMATE RECORD PERIOD 1888 TO 2014


WEATHER ITEM   OBSERVED TIME   RECORD YEAR NORMAL DEPARTURE LAST
                VALUE   (LST)  VALUE       VALUE  FROM      YEAR
                                                  NORMAL
..................................................................
TEMPERATURE (F)
 YESTERDAY
  MAXIMUM         81    236 PM 101    1919  87     -6       91
  MINIMUM         54   1140 PM  30    1899  47      7       54
                                      1898
  AVERAGE         68                        67      1       73

PRECIPITATION (IN)
  YESTERDAY        T             0.42 1976   0.01  -0.01      T
  MONTH TO DATE    1.14                      0.26   0.88     0.14
  SINCE OCT 1      9.15                      9.23  -0.08     6.28
  SINCE JAN 1      7.54                      6.17   1.37     3.45

SNOWFALL (IN)
  YESTERDAY        0.0           0.0  1888   0.0    0.0      0.0
  MONTH TO DATE    0.0                       0.0    0.0      0.0
  SINCE JUN 1      0.0                       0.0    0.0      0.0
  SINCE JUL 1      0.0                       0.0    0.0      0.0
  SNOW DEPTH       0

DEGREE DAYS
 HEATING
  YESTERDAY        0                         1     -1        0
  MONTH TO DATE    1                        14    -13        0
  SINCE JUN 1     93                       164    -71       63
  SINCE JUL 1      1                        33    -32        0

 COOLING
  YESTERDAY        3                         3      0        8
  MONTH TO DATE  120                       108     12      156
  SINCE JUN 1    493                       335    158      652
  SINCE JAN 1    496                       339    157      656
..................................................................


WIND (MPH)
  HIGHEST WIND SPEED    24   HIGHEST WIND DIRECTION     W (270)
  HIGHEST GUST SPEED    31   HIGHEST GUST DIRECTION     W (260)
  AVERAGE WIND SPEED     5.8



WEATHER CONDITIONS
 THE FOLLOWING WEATHER WAS RECORDED YESTERDAY.
  NO SIGNIFICANT WEATHER WAS OBSERVED.


RELATIVE HUMIDITY (PERCENT)
 HIGHEST    72           400 AM
 LOWEST     18          1200 PM
 AVERAGE    45

..........................................................


THE ELKO AIRPORT NV CLIMATE NORMALS FOR TODAY
                         NORMAL    RECORD    YEAR
 MAXIMUM TEMPERATURE (F)   87       100      1967
                                             1919
 MINIMUM TEMPERATURE (F)   47        25      1960


SUNRISE AND SUNSET
AUGUST 23 2014........SUNRISE   601 AM PDT   SUNSET   729 PM PDT
AUGUST 24 2014........SUNRISE   602 AM PDT   SUNSET   728 PM PDT


-  INDICATES NEGATIVE NUMBERS.
R  INDICATES RECORD WAS SET OR TIED.
MM INDICATES DATA IS MISSING.
T  INDICATES TRACE AMOUNT.




$$
