324
CDUS45 KLKN 110930
CLIEKO


CLIMATE REPORT
NATIONAL WEATHER SERVICE ELKO NV
129 AM PST MON DEC 11 2017


...................................

...THE ELKO AIRPORT NV CLIMATE SUMMARY FOR DECEMBER 10 2017...

CLIMATE NORMAL PERIOD 1981 TO 2010
CLIMATE RECORD PERIOD 1888 TO 2017


WEATHER ITEM   OBSERVED TIME   RECORD YEAR NORMAL DEPARTURE LAST
                VALUE   (LST)  VALUE       VALUE  FROM      YEAR
                                                  NORMAL
..................................................................
TEMPERATURE (F)
 YESTERDAY
  MAXIMUM         42    315 PM  61    1981  38      4       43
                                      1939
  MINIMUM          6    659 AM -25    1972  15     -9       33
  AVERAGE         24                        26     -2       38

PRECIPITATION (IN)
  YESTERDAY        0.00          1.05 2016   0.04  -0.04     1.05
  MONTH TO DATE    0.13                      0.37  -0.24     1.34
  SINCE OCT 1      1.52                      2.23  -0.71     4.14
  SINCE JAN 1     11.45                      9.08   2.37    12.86

SNOWFALL (IN)
  YESTERDAY        0.0           9.0  1894   0.4   -0.4      1.0
  MONTH TO DATE    2.0                       2.9   -0.9      3.9
  SINCE DEC 1      2.0                       2.9   -0.9      3.9
  SINCE JUL 1      2.7                       8.6   -5.9      9.4
  SNOW DEPTH       T

DEGREE DAYS
 HEATING
  YESTERDAY       41                        39      2       27
  MONTH TO DATE  397                       375     22      368
  SINCE DEC 1    397                       375     22      368
  SINCE JUL 1   1985                      2113   -128     1713

 COOLING
  YESTERDAY        0                         0      0        0
  MONTH TO DATE    0                         0      0        0
  SINCE DEC 1      0                         0      0        0
  SINCE JAN 1    785                       383    402      560
..................................................................


WIND (MPH)
  HIGHEST WIND SPEED     8   HIGHEST WIND DIRECTION     E (80)
  HIGHEST GUST SPEED    10   HIGHEST GUST DIRECTION     E (80)
  AVERAGE WIND SPEED     1.9



WEATHER CONDITIONS
 THE FOLLOWING WEATHER WAS RECORDED YESTERDAY.
  NO SIGNIFICANT WEATHER WAS OBSERVED.


RELATIVE HUMIDITY (PERCENT)
 HIGHEST    92           200 AM
 LOWEST     44           100 PM
 AVERAGE    68

..........................................................


THE ELKO AIRPORT NV CLIMATE NORMALS FOR TODAY
                         NORMAL    RECORD    YEAR
 MAXIMUM TEMPERATURE (F)   38        60      1958
 MINIMUM TEMPERATURE (F)   15       -28      1972


SUNRISE AND SUNSET
DECEMBER 11 2017......SUNRISE   658 AM PST   SUNSET   415 PM PST
DECEMBER 12 2017......SUNRISE   658 AM PST   SUNSET   416 PM PST


-  INDICATES NEGATIVE NUMBERS.
R  INDICATES RECORD WAS SET OR TIED.
MM INDICATES DATA IS MISSING.
T  INDICATES TRACE AMOUNT.




$$
