000
CDUS45 KLKN 270931
CLIEKO


CLIMATE REPORT
NATIONAL WEATHER SERVICE ELKO NV
226 AM PDT MON MAR 27 2017


...................................

...THE ELKO AIRPORT NV CLIMATE SUMMARY FOR MARCH 26 2017...

CLIMATE NORMAL PERIOD 1981 TO 2010
CLIMATE RECORD PERIOD 1888 TO 2017


WEATHER ITEM   OBSERVED TIME   RECORD YEAR NORMAL DEPARTURE LAST
                VALUE   (LST)  VALUE       VALUE  FROM      YEAR
                                                  NORMAL
..................................................................
TEMPERATURE (F)
 YESTERDAY
  MAXIMUM         56    122 PM  73    1988  54      2       52
  MINIMUM         29    553 AM   7    1913  28      1       20
  AVERAGE         43                        41      2       36

PRECIPITATION (IN)
  YESTERDAY        0.00          0.50 1904   0.03  -0.03     0.00
  MONTH TO DATE    0.95                      0.84   0.11     0.41
  SINCE OCT 1     10.63                      5.86   4.77     7.23
  SINCE JAN 1      5.00                      2.80   2.20     2.69

SNOWFALL (IN)
  YESTERDAY        0.0           2.9  1945   0.1   -0.1      0.0
  MONTH TO DATE    1.3                       4.3   -3.0      0.1
  SINCE MAR 1      1.3                       4.3   -3.0      0.1
  SINCE JUL 1     52.7                      36.8   15.9     56.4
  SNOW DEPTH       0

DEGREE DAYS
 HEATING
  YESTERDAY       22                        24     -2       29
  MONTH TO DATE  516                       694   -178      545
  SINCE MAR 1    516                       694   -178      545
  SINCE JUL 1   5252                      5862   -610     5570

 COOLING
  YESTERDAY        0                         0      0        0
  MONTH TO DATE    0                         0      0        0
  SINCE MAR 1      0                         0      0        0
  SINCE JAN 1      0                         0      0        0
..................................................................


WIND (MPH)
  HIGHEST WIND SPEED    28   HIGHEST WIND DIRECTION     W (270)
  HIGHEST GUST SPEED    33   HIGHEST GUST DIRECTION     W (270)
  AVERAGE WIND SPEED     6.5



WEATHER CONDITIONS
 THE FOLLOWING WEATHER WAS RECORDED YESTERDAY.
  NO SIGNIFICANT WEATHER WAS OBSERVED.


RELATIVE HUMIDITY (PERCENT)
 HIGHEST    85           200 AM
 LOWEST     28           200 PM
 AVERAGE    57

..........................................................


THE ELKO AIRPORT NV CLIMATE NORMALS FOR TODAY
                         NORMAL    RECORD    YEAR
 MAXIMUM TEMPERATURE (F)   55        76      2015
 MINIMUM TEMPERATURE (F)   28         6      1888


SUNRISE AND SUNSET
MARCH 27 2017.........SUNRISE   634 AM PDT   SUNSET   703 PM PDT
MARCH 28 2017.........SUNRISE   633 AM PDT   SUNSET   704 PM PDT


-  INDICATES NEGATIVE NUMBERS.
R  INDICATES RECORD WAS SET OR TIED.
MM INDICATES DATA IS MISSING.
T  INDICATES TRACE AMOUNT.




$$
