000
CDUS45 KLKN 190934
CLIEKO


CLIMATE REPORT
NATIONAL WEATHER SERVICE ELKO NV
132 AM PST THU JAN 19 2017


...................................

...THE ELKO AIRPORT NV CLIMATE SUMMARY FOR JANUARY 18 2017...

CLIMATE NORMAL PERIOD 1981 TO 2010
CLIMATE RECORD PERIOD 1888 TO 2017


WEATHER ITEM   OBSERVED TIME   RECORD YEAR NORMAL DEPARTURE LAST
                VALUE   (LST)  VALUE       VALUE  FROM      YEAR
                                                  NORMAL
..................................................................
TEMPERATURE (F)
 YESTERDAY
  MAXIMUM         34   1159 PM  58    2015  36     -2       38
  MINIMUM          5    630 AM -26    1917  14     -9       24
  AVERAGE         20                        25     -5       31

PRECIPITATION (IN)
  YESTERDAY        0.09          1.25 1951   0.04   0.05      T
  MONTH TO DATE    1.93                      0.70   1.23     0.77
  SINCE OCT 1      7.56                      3.76   3.80     5.31
  SINCE JAN 1      1.93                      0.70   1.23     0.77

SNOWFALL (IN)
  YESTERDAY        0.8          16.3  1951   0.4    0.4       T
  MONTH TO DATE   19.1                       6.5   12.6      9.3
  SINCE DEC 1     31.3                      16.4   14.9     32.6
  SINCE JUL 1     36.8                      22.1   14.7     44.8
  SNOW DEPTH       4

DEGREE DAYS
 HEATING
  YESTERDAY       45                        40      5       34
  MONTH TO DATE  760                       720     40      752
  SINCE DEC 1   2014                      1930     84     2002
  SINCE JUL 1   3359                      3668   -309     3483

 COOLING
  YESTERDAY        0                         0      0        0
  MONTH TO DATE    0                         0      0        0
  SINCE DEC 1      0                         0      0        0
  SINCE JAN 1      0                         0      0        0
..................................................................


WIND (MPH)
  HIGHEST WIND SPEED    16   HIGHEST WIND DIRECTION    NE (40)
  HIGHEST GUST SPEED    18   HIGHEST GUST DIRECTION     S (180)
  AVERAGE WIND SPEED     5.6



WEATHER CONDITIONS
 THE FOLLOWING WEATHER WAS RECORDED YESTERDAY.
  LIGHT SNOW
  FOG


RELATIVE HUMIDITY (PERCENT)
 HIGHEST    92          1000 PM
 LOWEST     57           300 PM
 AVERAGE    75

..........................................................


THE ELKO AIRPORT NV CLIMATE NORMALS FOR TODAY
                         NORMAL    RECORD    YEAR
 MAXIMUM TEMPERATURE (F)   36        56      1986
                                             1981
 MINIMUM TEMPERATURE (F)   14       -37      1922


SUNRISE AND SUNSET
JANUARY 19 2017.......SUNRISE   703 AM PST   SUNSET   445 PM PST
JANUARY 20 2017.......SUNRISE   703 AM PST   SUNSET   446 PM PST


-  INDICATES NEGATIVE NUMBERS.
R  INDICATES RECORD WAS SET OR TIED.
MM INDICATES DATA IS MISSING.
T  INDICATES TRACE AMOUNT.




$$
