000
CDUS44 KSHV 192243
CLIELD


CLIMATE REPORT
NATIONAL WEATHER SERVICE SHREVEPORT, LA
441 PM CST SUN FEB 19 2017


...................................

...THE EL DORADO CLIMATE SUMMARY FOR FEBRUARY 19 2017...
VALID TODAY AS OF 0400 PM LOCAL TIME.

CLIMATE NORMAL PERIOD 1981 TO 2010
CLIMATE RECORD PERIOD 1907 TO 2017


WEATHER ITEM   OBSERVED TIME   RECORD YEAR NORMAL DEPARTURE LAST
                VALUE   (LST)  VALUE       VALUE  FROM      YEAR
                                                  NORMAL
..................................................................
TEMPERATURE (F)
 TODAY
  MAXIMUM         78    319 PM  84    1986  60     18       78
  MINIMUM         51   1251 AM  14    1978  37     14       56
  AVERAGE         65                        49     16       67

PRECIPITATION (IN)
  TODAY            0.00          1.37 1991   0.17  -0.17     0.00
  MONTH TO DATE    1.46                      3.22  -1.76     1.33
  SINCE DEC 1     11.94                     12.70  -0.76    12.14
  SINCE JAN 1      5.65                      7.52  -1.87     4.08

SNOWFALL (IN)
  TODAY            0.0
  MONTH TO DATE    0.0
  SINCE DEC 1      T
  SINCE JUL 1      T
  SNOW DEPTH       0

DEGREE DAYS
 HEATING
  TODAY            0                        16    -16        0
  MONTH TO DATE  207                       350   -143      284
  SINCE DEC 1   1125                      1614   -489     1326
  SINCE JUL 1   1398                      2093   -695     1620

 COOLING
  TODAY            0                         0      0        2
  MONTH TO DATE   10                         0     10        2
  SINCE DEC 1     33                         6     27       21
  SINCE JAN 1     19                         2     17        6
..................................................................


WIND (MPH)
  HIGHEST WIND SPEED    15   HIGHEST WIND DIRECTION    SE (120)
  HIGHEST GUST SPEED    19   HIGHEST GUST DIRECTION    SE (120)
  AVERAGE WIND SPEED     4.3


SKY COVER
  POSSIBLE SUNSHINE  MM
  AVERAGE SKY COVER 0.7


WEATHER CONDITIONS
 THE FOLLOWING WEATHER WAS RECORDED TODAY.
  FOG


RELATIVE HUMIDITY (PERCENT)
 HIGHEST   100          1200 AM
 LOWEST     50           300 PM
 AVERAGE    75

..........................................................


THE EL DORADO CLIMATE NORMALS FOR TOMORROW
                         NORMAL    RECORD    YEAR
 MAXIMUM TEMPERATURE (F)   60        88      1986
 MINIMUM TEMPERATURE (F)   38        18      1978


SUNRISE AND SUNSET
FEBRUARY 19 2017......SUNRISE   650 AM CST   SUNSET   600 PM CST
FEBRUARY 20 2017......SUNRISE   649 AM CST   SUNSET   601 PM CST


-  INDICATES NEGATIVE NUMBERS.
R  INDICATES RECORD WAS SET OR TIED.
MM INDICATES DATA IS MISSING.
T  INDICATES TRACE AMOUNT.




$$
