587
CDUS44 KSHV 260752
CLIELD


CLIMATE REPORT
NATIONAL WEATHER SERVICE SHREVEPORT, LA
251 AM CDT SUN MAR 26 2017


...................................

...THE EL DORADO CLIMATE SUMMARY FOR MARCH 25 2017...

CLIMATE NORMAL PERIOD 1981 TO 2010
CLIMATE RECORD PERIOD 1907 TO 2017


WEATHER ITEM   OBSERVED TIME   RECORD YEAR NORMAL DEPARTURE LAST
                VALUE   (LST)  VALUE       VALUE  FROM      YEAR
                                                  NORMAL
..................................................................
TEMPERATURE (F)
 YESTERDAY
  MAXIMUM         73    409 PM  88    1907  71      2       65
  MINIMUM         52   1155 PM  26    1966  46      6       36
  AVERAGE         63                        58      5       51

PRECIPITATION (IN)
  YESTERDAY        0.00          2.68 1949   0.14  -0.14     0.00
  MONTH TO DATE    1.55                      3.88  -2.33    10.15
  SINCE DEC 1     16.25                     18.15  -1.90    25.81
  SINCE JAN 1      9.96                     12.97  -3.01    17.75

SNOWFALL (IN)
  YESTERDAY        0.0
  MONTH TO DATE    0.0
  SINCE MAR 1      0.0
  SINCE JUL 1      T
  SNOW DEPTH       0

DEGREE DAYS
 HEATING
  YESTERDAY        2                         8     -6       14
  MONTH TO DATE  205                       266    -61      179
  SINCE MAR 1    205                       266    -61      179
  SINCE JUL 1   1657                      2494   -837     1918

 COOLING
  YESTERDAY        0                         1     -1        0
  MONTH TO DATE   34                        16     18       17
  SINCE MAR 1     34                        16     18       17
  SINCE JAN 1     61                        22     39       23
..................................................................


WIND (MPH)
  HIGHEST WIND SPEED    17   HIGHEST WIND DIRECTION     W (280)
  HIGHEST GUST SPEED    26   HIGHEST GUST DIRECTION    SW (240)
  AVERAGE WIND SPEED     8.2


SKY COVER
  POSSIBLE SUNSHINE  MM
  AVERAGE SKY COVER 0.3


WEATHER CONDITIONS
 THE FOLLOWING WEATHER WAS RECORDED YESTERDAY.
  THUNDERSTORM


RELATIVE HUMIDITY (PERCENT)
 HIGHEST    97           600 AM
 LOWEST     44           400 PM
 AVERAGE    71

..........................................................


THE EL DORADO CLIMATE NORMALS FOR TODAY
                         NORMAL    RECORD    YEAR
 MAXIMUM TEMPERATURE (F)   71        89      1907
 MINIMUM TEMPERATURE (F)   46        22      1955


SUNRISE AND SUNSET
MARCH 26 2017.........SUNRISE   707 AM CDT   SUNSET   727 PM CDT
MARCH 27 2017.........SUNRISE   705 AM CDT   SUNSET   728 PM CDT


-  INDICATES NEGATIVE NUMBERS.
R  INDICATES RECORD WAS SET OR TIED.
MM INDICATES DATA IS MISSING.
T  INDICATES TRACE AMOUNT.




$$
