000
CDUS44 KSHV 010841
CLIELD


CLIMATE REPORT
NATIONAL WEATHER SERVICE SHREVEPORT, LA
241 AM CST SUN MAR 1 2015


...................................

...THE EL DORADO CLIMATE SUMMARY FOR FEBRUARY 28 2015...

CLIMATE NORMAL PERIOD 1981 TO 2010
CLIMATE RECORD PERIOD 1907 TO 2015


WEATHER ITEM   OBSERVED TIME   RECORD YEAR NORMAL DEPARTURE LAST
                VALUE   (LST)  VALUE       VALUE  FROM      YEAR
                                                  NORMAL
..................................................................
TEMPERATURE (F)
 YESTERDAY
  MAXIMUM         49    417 PM  84    1940  63    -14       50
  MINIMUM         28    703 AM  17    2002  40    -12       34
  AVERAGE         39                        51    -12       42

PRECIPITATION (IN)
  YESTERDAY        0.00          1.42 1987   0.17  -0.17     0.01
  MONTH TO DATE    1.34                      4.79  -3.45     3.42
  SINCE DEC 1      9.56                     14.27  -4.71    11.14
  SINCE JAN 1      6.23                      9.09  -2.86     4.58

SNOWFALL (IN)
  YESTERDAY        0.0
  MONTH TO DATE    T
  SINCE DEC 1      T
  SINCE JUL 1      T
  SNOW DEPTH       0

DEGREE DAYS
 HEATING
  YESTERDAY       26                        14     12       23
  MONTH TO DATE  685                       486    199      591
  SINCE DEC 1   1935                      1749    186     2022
  SINCE JUL 1   2486                      2228    258     2607

 COOLING
  YESTERDAY        0                         0      0        0
  MONTH TO DATE    0                         4     -4        0
  SINCE DEC 1      0                        10    -10        8
  SINCE JAN 1      0                         6     -6        0
..................................................................


WIND (MPH)
  HIGHEST WIND SPEED    16   HIGHEST WIND DIRECTION    NE (50)
  HIGHEST GUST SPEED    18   HIGHEST GUST DIRECTION    NE (50)
  AVERAGE WIND SPEED     8.1


SKY COVER
  POSSIBLE SUNSHINE  MM
  AVERAGE SKY COVER 1.0


WEATHER CONDITIONS
 THE FOLLOWING WEATHER WAS RECORDED YESTERDAY.
  NO SIGNIFICANT WEATHER WAS OBSERVED.


RELATIVE HUMIDITY (PERCENT)
 HIGHEST    75           800 AM
 LOWEST     45           200 PM
 AVERAGE    60

..........................................................


THE EL DORADO CLIMATE NORMALS FOR TODAY
                         NORMAL    RECORD    YEAR
 MAXIMUM TEMPERATURE (F)   63        83      1932
 MINIMUM TEMPERATURE (F)   40        18      1968


SUNRISE AND SUNSET
MARCH  1 2015.........SUNRISE   640 AM CST   SUNSET   608 PM CST
MARCH  2 2015.........SUNRISE   638 AM CST   SUNSET   609 PM CST


-  INDICATES NEGATIVE NUMBERS.
R  INDICATES RECORD WAS SET OR TIED.
MM INDICATES DATA IS MISSING.
T  INDICATES TRACE AMOUNT.




$$
