000
CDUS44 KSHV 132134
CLIELD


CLIMATE REPORT
NATIONAL WEATHER SERVICE SHREVEPORT, LA
432 PM CDT SUN JUL 13 2014


...................................

...THE EL DORADO CLIMATE SUMMARY FOR JULY 13 2014...
VALID TODAY AS OF 0400 PM LOCAL TIME.

CLIMATE NORMAL PERIOD 1981 TO 2010
CLIMATE RECORD PERIOD 1907 TO 2014


WEATHER ITEM   OBSERVED TIME   RECORD YEAR NORMAL DEPARTURE LAST
                VALUE   (LST)  VALUE       VALUE  FROM      YEAR
                                                  NORMAL
..................................................................
TEMPERATURE (F)
 TODAY
  MAXIMUM         96    255 PM 105    2011  92      4       91
                                      1930
  MINIMUM         71    536 AM  61    1917  71      0       62
  AVERAGE         84                        82      2       77

PRECIPITATION (IN)
  TODAY            0.00          2.12 1940   0.11  -0.11     0.00
  MONTH TO DATE    0.71                      1.73  -1.02     0.15
  SINCE DEC 1     32.17                     34.79  -2.62    27.47
  SINCE JAN 1     25.61                     29.61  -4.00    21.41

DEGREE DAYS
 HEATING
  TODAY            0                         0      0        0
  MONTH TO DATE    0                         0      0        0
  SINCE JUN 1      0                         0      0        0
  SINCE JUL 1      0                         0      0        0

 COOLING
  TODAY           19                        17      2       12
  MONTH TO DATE  191                       212    -21      181
  SINCE JUN 1    608                       608      0      595
  SINCE JAN 1    860                       919    -59      873
..................................................................


WIND (MPH)
  HIGHEST WIND SPEED     8   HIGHEST WIND DIRECTION    SW (210)
  HIGHEST GUST SPEED    10   HIGHEST GUST DIRECTION    SW (230)
  AVERAGE WIND SPEED     2.3


SKY COVER
  POSSIBLE SUNSHINE  MM
  AVERAGE SKY COVER 0.0


WEATHER CONDITIONS
 THE FOLLOWING WEATHER WAS RECORDED TODAY.
  NO SIGNIFICANT WEATHER WAS OBSERVED.


RELATIVE HUMIDITY (PERCENT)
 HIGHEST   100           100 AM
 LOWEST     43           300 PM
 AVERAGE    72

..........................................................


THE EL DORADO CLIMATE NORMALS FOR TOMORROW
                         NORMAL    RECORD    YEAR
 MAXIMUM TEMPERATURE (F)   92       104      1939
 MINIMUM TEMPERATURE (F)   71        57      1918


SUNRISE AND SUNSET
JULY 13 2014..........SUNRISE   612 AM CDT   SUNSET   822 PM CDT
JULY 14 2014..........SUNRISE   612 AM CDT   SUNSET   822 PM CDT


-  INDICATES NEGATIVE NUMBERS.
R  INDICATES RECORD WAS SET OR TIED.
MM INDICATES DATA IS MISSING.
T  INDICATES TRACE AMOUNT.




$$
