000
CDUS44 KSHV 200846
CLIELD


CLIMATE REPORT
NATIONAL WEATHER SERVICE SHREVEPORT, LA
246 AM CST MON NOV 20 2017


...................................

...THE EL DORADO CLIMATE SUMMARY FOR NOVEMBER 19 2017...

CLIMATE NORMAL PERIOD 1981 TO 2010
CLIMATE RECORD PERIOD 1907 TO 2017


WEATHER ITEM   OBSERVED TIME   RECORD YEAR NORMAL DEPARTURE LAST
                VALUE   (LST)  VALUE       VALUE  FROM      YEAR
                                                  NORMAL
..................................................................
TEMPERATURE (F)
 YESTERDAY
  MAXIMUM         60    305 PM  82    1985  64     -4       59
  MINIMUM         35   1159 PM  17    1951  41     -6       33
  AVERAGE         48                        53     -5       46

PRECIPITATION (IN)
  YESTERDAY        0.00          2.09 1983   0.18  -0.18     0.00
  MONTH TO DATE    1.47                      2.94  -1.47     0.59
  SINCE DEC 1     47.36                     50.97  -3.61    61.22
  SINCE JAN 1     41.07                     45.79  -4.72    53.16

SNOWFALL (IN)
  YESTERDAY        0.0
  MONTH TO DATE    0.0
  SINCE SEP 1      0.0
  SINCE JUL 1      0.0
  SNOW DEPTH       0

DEGREE DAYS
 HEATING
  YESTERDAY       17                        13      4       19
  MONTH TO DATE  118                       187    -69      100
  SINCE SEP 1    250                       320    -70      129
  SINCE JUL 1    250                       320    -70      129

 COOLING
  YESTERDAY        0                         0      0        0
  MONTH TO DATE   56                        13     43       18
  SINCE SEP 1    506                       397    109      533
  SINCE JAN 1   2241                      2124    117     2391
..................................................................


WIND (MPH)
  HIGHEST WIND SPEED    14   HIGHEST WIND DIRECTION    NW (330)
  HIGHEST GUST SPEED    20   HIGHEST GUST DIRECTION     N (360)
  AVERAGE WIND SPEED     4.7


SKY COVER
  POSSIBLE SUNSHINE  MM
  AVERAGE SKY COVER 0.0


WEATHER CONDITIONS
 THE FOLLOWING WEATHER WAS RECORDED YESTERDAY.
  NO SIGNIFICANT WEATHER WAS OBSERVED.


RELATIVE HUMIDITY (PERCENT)
 HIGHEST   100          1100 PM
 LOWEST     29           100 PM
 AVERAGE    65

..........................................................


THE EL DORADO CLIMATE NORMALS FOR TODAY
                         NORMAL    RECORD    YEAR
 MAXIMUM TEMPERATURE (F)   64        82      1932
 MINIMUM TEMPERATURE (F)   41        19      1951


SUNRISE AND SUNSET
NOVEMBER 20 2017......SUNRISE   647 AM CST   SUNSET   507 PM CST
NOVEMBER 21 2017......SUNRISE   648 AM CST   SUNSET   506 PM CST


-  INDICATES NEGATIVE NUMBERS.
R  INDICATES RECORD WAS SET OR TIED.
MM INDICATES DATA IS MISSING.
T  INDICATES TRACE AMOUNT.




$$
