061
CDUS44 KSHV 270740
CLIELD


CLIMATE REPORT
NATIONAL WEATHER SERVICE SHREVEPORT, LA
235 AM CDT WED JUL 27 2016


...................................

...THE EL DORADO CLIMATE SUMMARY FOR JULY 26 2016...

CLIMATE NORMAL PERIOD 1981 TO 2010
CLIMATE RECORD PERIOD 1907 TO 2016


WEATHER ITEM   OBSERVED TIME   RECORD YEAR NORMAL DEPARTURE LAST
                VALUE   (LST)  VALUE       VALUE  FROM      YEAR
                                                  NORMAL
..................................................................
TEMPERATURE (F)
 YESTERDAY
  MAXIMUM         96    406 PM 104    1948  93      3       99
  MINIMUM         73    555 AM  61    2000  71      2       74
  AVERAGE         85                        82      3       87

PRECIPITATION (IN)
  YESTERDAY        0.00          3.02 1933   0.11  -0.11     0.00
  MONTH TO DATE    1.67                      3.03  -1.36     2.01
  SINCE DEC 1     42.36                     36.09   6.27    34.48
  SINCE JAN 1     34.30                     30.91   3.39    31.15

SNOWFALL (IN)
  YESTERDAY        0.0
  MONTH TO DATE    0.0
  SINCE JUN 1      0.0
  SINCE JUL 1      0.0
  SNOW DEPTH       0

DEGREE DAYS
 HEATING
  YESTERDAY        0                         0      0        0
  MONTH TO DATE    0                         0      0        0
  SINCE JUN 1      0                         0      0        0
  SINCE JUL 1      0                         0      0        0

 COOLING
  YESTERDAY       20                        17      3       22
  MONTH TO DATE  503                       433     70      478
  SINCE JUN 1    966                       829    137      908
  SINCE JAN 1   1247                      1140    107     1248
..................................................................


WIND (MPH)
  HIGHEST WIND SPEED    14   HIGHEST WIND DIRECTION    SE (140)
  HIGHEST GUST SPEED    18   HIGHEST GUST DIRECTION    SE (120)
  AVERAGE WIND SPEED     4.3


SKY COVER
  POSSIBLE SUNSHINE  MM
  AVERAGE SKY COVER 0.1


WEATHER CONDITIONS
 THE FOLLOWING WEATHER WAS RECORDED YESTERDAY.
  FOG


RELATIVE HUMIDITY (PERCENT)
 HIGHEST   100          1200 AM
 LOWEST     42           200 PM
 AVERAGE    71

..........................................................


THE EL DORADO CLIMATE NORMALS FOR TODAY
                         NORMAL    RECORD    YEAR
 MAXIMUM TEMPERATURE (F)   93       104      1948
 MINIMUM TEMPERATURE (F)   71        62      2004


SUNRISE AND SUNSET
JULY 27 2016..........SUNRISE   621 AM CDT   SUNSET   814 PM CDT
JULY 28 2016..........SUNRISE   622 AM CDT   SUNSET   813 PM CDT


-  INDICATES NEGATIVE NUMBERS.
R  INDICATES RECORD WAS SET OR TIED.
MM INDICATES DATA IS MISSING.
T  INDICATES TRACE AMOUNT.




$$
