000
CDUS44 KSHV 250751
CLIELD


CLIMATE REPORT
NATIONAL WEATHER SERVICE SHREVEPORT, LA
250 AM CDT TUE APR 25 2017


...................................

...THE EL DORADO CLIMATE SUMMARY FOR APRIL 24 2017...

CLIMATE NORMAL PERIOD 1981 TO 2010
CLIMATE RECORD PERIOD 1907 TO 2017


WEATHER ITEM   OBSERVED TIME   RECORD YEAR NORMAL DEPARTURE LAST
                VALUE   (LST)  VALUE       VALUE  FROM      YEAR
                                                  NORMAL
..................................................................
TEMPERATURE (F)
 YESTERDAY
  MAXIMUM         MM        MM  90    1925  78     MM       80
  MINIMUM         44    402 AM  37    2005  54    -10       52
  AVERAGE         MM                        66     MM       66

PRECIPITATION (IN)
  YESTERDAY        0.00          3.01 1964   0.14  -0.14     0.00
  MONTH TO DATE    7.44                      3.24   4.20     6.40
  SINCE DEC 1     23.85                     22.26   1.59    33.78
  SINCE JAN 1     17.56                     17.08   0.48    25.72

SNOWFALL (IN)
  YESTERDAY        0.0
  MONTH TO DATE    0.0
  SINCE MAR 1      0.0
  SINCE JUL 1      T
  SNOW DEPTH       0

DEGREE DAYS
 HEATING
  YESTERDAY       MM                         2     MM        0
  MONTH TO DATE   37                       106    -69       70
  SINCE MAR 1    249                       414   -165      271
  SINCE JUL 1   1701                      2642   -941     2010

 COOLING
  YESTERDAY       MM                         3     MM        1
  MONTH TO DATE   74                        51     23       22
  SINCE MAR 1    127                        73     54       49
  SINCE JAN 1    154                        79     75       55
..................................................................


WIND (MPH)
  HIGHEST WIND SPEED     9   HIGHEST WIND DIRECTION     W (270)
  HIGHEST GUST SPEED    MM   HIGHEST GUST DIRECTION    MM
  AVERAGE WIND SPEED     2.6


SKY COVER
  POSSIBLE SUNSHINE  MM
  AVERAGE SKY COVER 0.0


WEATHER CONDITIONS
 THE FOLLOWING WEATHER WAS RECORDED YESTERDAY.
  NO SIGNIFICANT WEATHER WAS OBSERVED.


RELATIVE HUMIDITY (PERCENT)
 HIGHEST   100           200 AM
 LOWEST     25          1100 AM
 AVERAGE    63

..........................................................


THE EL DORADO CLIMATE NORMALS FOR TODAY
                         NORMAL    RECORD    YEAR
 MAXIMUM TEMPERATURE (F)   78        90      1984
 MINIMUM TEMPERATURE (F)   54        33      1910


SUNRISE AND SUNSET
APRIL 25 2017.........SUNRISE   629 AM CDT   SUNSET   749 PM CDT
APRIL 26 2017.........SUNRISE   628 AM CDT   SUNSET   750 PM CDT


-  INDICATES NEGATIVE NUMBERS.
R  INDICATES RECORD WAS SET OR TIED.
MM INDICATES DATA IS MISSING.
T  INDICATES TRACE AMOUNT.




$$
