000
CDUS44 KEPZ 172335
CLIELP


CLIMATE REPORT
NATIONAL WEATHER SERVICE EL PASO, TX
431 PM MST FRI NOV 17 2017


...................................

...THE EL PASO CLIMATE SUMMARY FOR NOVEMBER 17 2017...
VALID TODAY AS OF 400 PM LOCAL TIME.

CLIMATE NORMAL PERIOD 1981 TO 2010
CLIMATE RECORD PERIOD 1879 TO 2017


WEATHER ITEM   OBSERVED TIME   RECORD YEAR NORMAL DEPARTURE LAST
                VALUE   (LST)  VALUE       VALUE  FROM      YEAR
                                                  NORMAL
..................................................................
TEMPERATURE (F)
 TODAY
  MAXIMUM         82R   331 PM  82    1981  66     16       78
  MINIMUM         48    616 AM  15    1880  39      9       57

PRECIPITATION (IN)
  TODAY            0.00                      0.01  -0.01     0.00
  MONTH TO DATE    0.28                      0.27   0.01     0.38
  SINCE SEP 1      1.49                      2.39  -0.90     2.50
  SINCE JAN 1      9.41                      8.71   0.70     8.47

SNOWFALL (IN)
  TODAY            0.0                                       0.0
  MONTH TO DATE    0.0                                       0.0
  SINCE JUL 1      0.0                                        T

..................................................................


WIND (MPH)
  HIGHEST WIND SPEED    23   HIGHEST WIND DIRECTION     W (250)
  HIGHEST GUST SPEED    27   HIGHEST GUST DIRECTION    SW (240)


SKY COVER
  AVERAGE SKY COVER 0.5


WEATHER CONDITIONS
 THE FOLLOWING WEATHER WAS RECORDED TODAY.
  NO SIGNIFICANT WEATHER WAS OBSERVED.


RELATIVE HUMIDITY (PERCENT)
 HIGHEST    50           600 AM
 LOWEST     12           300 PM

..........................................................


THE EL PASO CLIMATE NORMALS FOR TOMORROW
                         NORMAL    RECORD    YEAR
 MAXIMUM TEMPERATURE (F)   65        81      1981
                                             1942
 MINIMUM TEMPERATURE (F)   39        11      1880


SUNRISE AND SUNSET
NOVEMBER 17 2017......SUNRISE   636 AM MST   SUNSET   505 PM MST
NOVEMBER 18 2017......SUNRISE   637 AM MST   SUNSET   505 PM MST


-  INDICATES NEGATIVE NUMBERS.
R  INDICATES RECORD WAS SET OR TIED.
MM INDICATES DATA IS MISSING.
T  INDICATES TRACE AMOUNT.




$$
