000
CDUS44 KEPZ 260932
CLIELP


CLIMATE REPORT
NATIONAL WEATHER SERVICE EL PASO, TX
331 AM MDT FRI MAY 26 2017


...................................

...THE EL PASO CLIMATE SUMMARY FOR MAY 25 2017...

CLIMATE NORMAL PERIOD 1981 TO 2010
CLIMATE RECORD PERIOD 1879 TO 2017


WEATHER ITEM   OBSERVED TIME   RECORD YEAR NORMAL DEPARTURE LAST
                VALUE   (LST)  VALUE       VALUE  FROM      YEAR
                                                  NORMAL
..................................................................
TEMPERATURE (F)
 YESTERDAY
  MAXIMUM         95    344 PM 102    2006  91      4       93
  MINIMUM         76    644 AM  48    1975  63     13       66
                                      1908
  AVERAGE         86                        77      9       80

PRECIPITATION (IN)
  YESTERDAY        0.00          0.10 1926   0.01  -0.01     0.00
  MONTH TO DATE    T                         0.36  -0.36      T
  SINCE MAR 1      0.14                      0.85  -0.71     0.05
  SINCE JAN 1      1.35                      1.71  -0.36     0.58

SNOWFALL (IN)
  YESTERDAY        0.0                                       0.0
  MONTH TO DATE    0.0                                       0.0
  SINCE MAR 1      0.0                                       0.0
  SINCE JUL 1      T                                         8.1
  SNOW DEPTH       0

DEGREE DAYS
 HEATING
  YESTERDAY        0                         0      0        0
  MONTH TO DATE    2                         6     -4       14
  SINCE MAR 1    108                       368   -260      184
  SINCE JUL 1   1577                      2471   -894     2018

 COOLING
  YESTERDAY       21                        12      9       15
  MONTH TO DATE  231                       209     22      212
  SINCE MAR 1    470                       301    169      323
  SINCE JAN 1    473                       301    172      326
..................................................................


WIND (MPH)
  HIGHEST WIND SPEED    33   HIGHEST WIND DIRECTION     W (260)
  HIGHEST GUST SPEED    42   HIGHEST GUST DIRECTION     W (250)
  AVERAGE WIND SPEED    18.4


SKY COVER
  POSSIBLE SUNSHINE  MM
  AVERAGE SKY COVER 0.5


WEATHER CONDITIONS
 THE FOLLOWING WEATHER WAS RECORDED YESTERDAY.
  NO SIGNIFICANT WEATHER WAS OBSERVED.


RELATIVE HUMIDITY (PERCENT)
 HIGHEST    12           700 AM
 LOWEST      6          1200 PM
 AVERAGE     9

..........................................................


THE EL PASO CLIMATE NORMALS FOR TODAY
                         NORMAL    RECORD    YEAR
 MAXIMUM TEMPERATURE (F)   91       102      1951
 MINIMUM TEMPERATURE (F)   63        48      1975


SUNRISE AND SUNSET
MAY 26 2017...........SUNRISE   603 AM MDT   SUNSET   803 PM MDT
MAY 27 2017...........SUNRISE   602 AM MDT   SUNSET   804 PM MDT


-  INDICATES NEGATIVE NUMBERS.
R  INDICATES RECORD WAS SET OR TIED.
MM INDICATES DATA IS MISSING.
T  INDICATES TRACE AMOUNT.




$$
