000
CDUS44 KEPZ 280928
CLIELP


CLIMATE REPORT
NATIONAL WEATHER SERVICE EL PASO, TX
327 AM MDT MON JUL 28 2014


...................................

...THE EL PASO CLIMATE SUMMARY FOR JULY 27 2014...

CLIMATE NORMAL PERIOD 1981 TO 2010
CLIMATE RECORD PERIOD 1879 TO 2014


WEATHER ITEM   OBSERVED TIME   RECORD YEAR NORMAL DEPARTURE LAST
                VALUE   (LST)  VALUE       VALUE  FROM      YEAR
                                                  NORMAL
..................................................................
TEMPERATURE (F)
 YESTERDAY
  MAXIMUM         99    145 PM 108    1995  93      6       84
  MINIMUM         79    659 AM  60    1880  71      8       67
  AVERAGE         89                        82      7       76

PRECIPITATION (IN)
  YESTERDAY        0.00          1.66 1926   0.07  -0.07     0.02
  MONTH TO DATE    0.53                      1.29  -0.76     2.65
  SINCE JUN 1      0.54                      2.23  -1.69     2.81
  SINCE JAN 1      1.18                      4.05  -2.87     3.70

SNOWFALL (IN)
  YESTERDAY        0.0                                       0.0
  MONTH TO DATE    0.0                                       0.0
  SINCE JUN 1      0.0                                       0.0
  SINCE JUL 1      0.0                                       0.0
  SNOW DEPTH       0

DEGREE DAYS
 HEATING
  YESTERDAY        0                         0      0        0
  MONTH TO DATE    0                         0      0        0
  SINCE JUN 1      0                         0      0        0
  SINCE JUL 1      0                         0      0        0

 COOLING
  YESTERDAY       24                        17      7       11
  MONTH TO DATE  552                       482     70      465
  SINCE JUN 1   1245                       984    261     1128
  SINCE JAN 1   1672                      1361    311     1636
..................................................................


WIND (MPH)
  HIGHEST WIND SPEED    16   HIGHEST WIND DIRECTION     W (250)
  HIGHEST GUST SPEED    20   HIGHEST GUST DIRECTION    SE (140)
  AVERAGE WIND SPEED     6.9


SKY COVER
  POSSIBLE SUNSHINE  MM
  AVERAGE SKY COVER 0.3


WEATHER CONDITIONS
 THE FOLLOWING WEATHER WAS RECORDED YESTERDAY.
  NO SIGNIFICANT WEATHER WAS OBSERVED.


RELATIVE HUMIDITY (PERCENT)
 HIGHEST    40          1100 PM
 LOWEST     17           200 PM
 AVERAGE    29

..........................................................


THE EL PASO CLIMATE NORMALS FOR TODAY
                         NORMAL    RECORD    YEAR
 MAXIMUM TEMPERATURE (F)   93       104      1995
                                             1889
 MINIMUM TEMPERATURE (F)   71        62      2005
                                             1989
                                             1976


SUNRISE AND SUNSET
JULY 28 2014..........SUNRISE   619 AM MDT   SUNSET   805 PM MDT
JULY 29 2014..........SUNRISE   619 AM MDT   SUNSET   804 PM MDT


-  INDICATES NEGATIVE NUMBERS.
R  INDICATES RECORD WAS SET OR TIED.
MM INDICATES DATA IS MISSING.
T  INDICATES TRACE AMOUNT.




$$
