000
CDUS44 KEPZ 190931
CLIELP


CLIMATE REPORT
NATIONAL WEATHER SERVICE EL PASO, TX
329 AM MDT SAT APR 19 2014


...................................

...THE EL PASO CLIMATE SUMMARY FOR APRIL 18 2014...

CLIMATE NORMAL PERIOD 1981 TO 2010
CLIMATE RECORD PERIOD 1879 TO 2014


WEATHER ITEM   OBSERVED TIME   RECORD YEAR NORMAL DEPARTURE LAST
                VALUE   (LST)  VALUE       VALUE  FROM      YEAR
                                                  NORMAL
..................................................................
TEMPERATURE (F)
 YESTERDAY
  MAXIMUM         83    358 PM  94    1989  79      4       66
  MINIMUM         54    552 AM  33    1901  51      3       46
  AVERAGE         69                        65      4       56

PRECIPITATION (IN)
  YESTERDAY        T             0.04 1971   0.00   0.00     0.00
                                      1936
                                      1908
  MONTH TO DATE    T                         0.13  -0.13      T
  SINCE MAR 1      0.18                      0.39  -0.21      T
  SINCE JAN 1      0.18                      1.25  -1.07     0.71

SNOWFALL (IN)
  YESTERDAY        0.0                                       0.0
  MONTH TO DATE    0.0                                       0.0
  SINCE MAR 1      0.0                                       0.0
  SINCE JUL 1      T                                         3.1
  SNOW DEPTH       0

DEGREE DAYS
 HEATING
  YESTERDAY        0                         3     -3        9
  MONTH TO DATE   49                        72    -23       37
  SINCE MAR 1    226                       342   -116      210
  SINCE JUL 1   2014                      2445   -431     2175

 COOLING
  YESTERDAY        4                         3      1        0
  MONTH TO DATE   49                        33     16       74
  SINCE MAR 1     67                        43     24      107
  SINCE JAN 1     74                        43     31      107
..................................................................


WIND (MPH)
  HIGHEST WIND SPEED    28   HIGHEST WIND DIRECTION    SE (130)
  HIGHEST GUST SPEED    38   HIGHEST GUST DIRECTION     E (110)
  AVERAGE WIND SPEED     9.4


SKY COVER
  POSSIBLE SUNSHINE  MM
  AVERAGE SKY COVER 0.8


WEATHER CONDITIONS
 THE FOLLOWING WEATHER WAS RECORDED YESTERDAY.
  LIGHT RAIN


RELATIVE HUMIDITY (PERCENT)
 HIGHEST    66           600 AM
 LOWEST     16           300 PM
 AVERAGE    41

..........................................................


THE EL PASO CLIMATE NORMALS FOR TODAY
                         NORMAL    RECORD    YEAR
 MAXIMUM TEMPERATURE (F)   80        95      1994
 MINIMUM TEMPERATURE (F)   52        34      1975


SUNRISE AND SUNSET
APRIL 19 2014.........SUNRISE   632 AM MDT   SUNSET   737 PM MDT
APRIL 20 2014.........SUNRISE   631 AM MDT   SUNSET   738 PM MDT


-  INDICATES NEGATIVE NUMBERS.
R  INDICATES RECORD WAS SET OR TIED.
MM INDICATES DATA IS MISSING.
T  INDICATES TRACE AMOUNT.




$$
