000
CDUS44 KEPZ 270926
CLIELP


CLIMATE REPORT
NATIONAL WEATHER SERVICE EL PASO, TX
325 AM MDT TUE SEP 27 2016


...................................

...THE EL PASO CLIMATE SUMMARY FOR SEPTEMBER 26 2016...

CLIMATE NORMAL PERIOD 1981 TO 2010
CLIMATE RECORD PERIOD 1879 TO 2016


WEATHER ITEM   OBSERVED TIME   RECORD YEAR NORMAL DEPARTURE LAST
                VALUE   (LST)  VALUE       VALUE  FROM      YEAR
                                                  NORMAL
..................................................................
TEMPERATURE (F)
 YESTERDAY
  MAXIMUM         65   1247 PM  97    2005  85    -20       87
                                      1982
                                      1977
  MINIMUM         55    643 PM  42    1889  60     -5       62
  AVERAGE         60                        72    -12       75

PRECIPITATION (IN)
  YESTERDAY        0.08          1.16 1926   0.04   0.04     0.00
  MONTH TO DATE    1.24                      1.36  -0.12     0.33
  SINCE SEP 1      1.24                      1.36  -0.12     0.33
  SINCE JAN 1      7.21                      7.68  -0.47     7.48

SNOWFALL (IN)
  YESTERDAY        0.0                                       0.0
  MONTH TO DATE    0.0                                       0.0
  SINCE SEP 1      0.0                                       0.0
  SINCE JUL 1      T                                         0.0
  SNOW DEPTH       0

DEGREE DAYS
 HEATING
  YESTERDAY        5                         0      5        0
  MONTH TO DATE    5                         0      5        0
  SINCE SEP 1      5                         0      5        0
  SINCE JUL 1      5                         0      5        0

 COOLING
  YESTERDAY        0                         7     -7       10
  MONTH TO DATE  340                       290     50      422
  SINCE SEP 1    340                       290     50      422
  SINCE JAN 1   2564                      2219    345     2639
..................................................................


WIND (MPH)
  HIGHEST WIND SPEED    21   HIGHEST WIND DIRECTION     E (100)
  HIGHEST GUST SPEED    27   HIGHEST GUST DIRECTION    SE (130)
  AVERAGE WIND SPEED    10.0


SKY COVER
  POSSIBLE SUNSHINE  MM
  AVERAGE SKY COVER 1.0


WEATHER CONDITIONS
 THE FOLLOWING WEATHER WAS RECORDED YESTERDAY.
  LIGHT RAIN


RELATIVE HUMIDITY (PERCENT)
 HIGHEST    77           500 PM
 LOWEST     31           800 AM
 AVERAGE    54

..........................................................


THE EL PASO CLIMATE NORMALS FOR TODAY
                         NORMAL    RECORD    YEAR
 MAXIMUM TEMPERATURE (F)   84        96      1994
                                             1981
 MINIMUM TEMPERATURE (F)   59        43      1880


SUNRISE AND SUNSET
SEPTEMBER 27 2016.....SUNRISE   657 AM MDT   SUNSET   655 PM MDT
SEPTEMBER 28 2016.....SUNRISE   658 AM MDT   SUNSET   654 PM MDT


-  INDICATES NEGATIVE NUMBERS.
R  INDICATES RECORD WAS SET OR TIED.
MM INDICATES DATA IS MISSING.
T  INDICATES TRACE AMOUNT.




$$
