638
CDUS44 KEPZ 300927
CLIELP


CLIMATE REPORT
NATIONAL WEATHER SERVICE EL PASO, TX
326 AM MDT THU MAR 30 2017


...................................

...THE EL PASO CLIMATE SUMMARY FOR MARCH 29 2017...

CLIMATE NORMAL PERIOD 1981 TO 2010
CLIMATE RECORD PERIOD 1879 TO 2017


WEATHER ITEM   OBSERVED TIME   RECORD YEAR NORMAL DEPARTURE LAST
                VALUE   (LST)  VALUE       VALUE  FROM      YEAR
                                                  NORMAL
..................................................................
TEMPERATURE (F)
 YESTERDAY
  MAXIMUM         69    328 PM  88    2015  74     -5       83
                                      1943
  MINIMUM         51   1159 PM  24    1987  46      5       53
  AVERAGE         60                        60      0       68

PRECIPITATION (IN)
  YESTERDAY        0.00          0.28 1886   0.01  -0.01     0.00
  MONTH TO DATE    T                         0.25  -0.25     0.01
  SINCE MAR 1      T                         0.25  -0.25     0.01
  SINCE JAN 1      1.21                      1.11   0.10     0.54

SNOWFALL (IN)
  YESTERDAY        0.0                                       0.0
  MONTH TO DATE    0.0                                       0.0
  SINCE MAR 1      0.0                                       0.0
  SINCE JUL 1      T                                         8.1
  SNOW DEPTH       0

DEGREE DAYS
 HEATING
  YESTERDAY        5                         6     -1        0
  MONTH TO DATE   61                       259   -198       97
  SINCE MAR 1     61                       259   -198       97
  SINCE JUL 1   1530                      2362   -832     1931

 COOLING
  YESTERDAY        0                         1     -1        3
  MONTH TO DATE   65                         4     61       20
  SINCE MAR 1     65                         4     61       20
  SINCE JAN 1     68                         4     64       23
..................................................................


WIND (MPH)
  HIGHEST WIND SPEED    30   HIGHEST WIND DIRECTION     W (260)
  HIGHEST GUST SPEED    36   HIGHEST GUST DIRECTION     W (260)
  AVERAGE WIND SPEED    12.2


SKY COVER
  POSSIBLE SUNSHINE  MM
  AVERAGE SKY COVER 0.6


WEATHER CONDITIONS
 THE FOLLOWING WEATHER WAS RECORDED YESTERDAY.
  NO SIGNIFICANT WEATHER WAS OBSERVED.


RELATIVE HUMIDITY (PERCENT)
 HIGHEST    50           900 AM
 LOWEST     23           300 PM
 AVERAGE    37

..........................................................


THE EL PASO CLIMATE NORMALS FOR TODAY
                         NORMAL    RECORD    YEAR
 MAXIMUM TEMPERATURE (F)   74        86      2010
                                             1893
 MINIMUM TEMPERATURE (F)   46        16      1987


SUNRISE AND SUNSET
MARCH 30 2017.........SUNRISE   656 AM MDT   SUNSET   724 PM MDT
MARCH 31 2017.........SUNRISE   655 AM MDT   SUNSET   725 PM MDT


-  INDICATES NEGATIVE NUMBERS.
R  INDICATES RECORD WAS SET OR TIED.
MM INDICATES DATA IS MISSING.
T  INDICATES TRACE AMOUNT.




$$
