000
CDUS44 KEPZ 060926
CLIELP


CLIMATE REPORT
NATIONAL WEATHER SERVICE EL PASO, TX
326 AM MDT FRI MAY 6 2016


...................................

...THE EL PASO CLIMATE SUMMARY FOR MAY 5 2016...

CLIMATE NORMAL PERIOD 1981 TO 2010
CLIMATE RECORD PERIOD 1879 TO 2016


WEATHER ITEM   OBSERVED TIME   RECORD YEAR NORMAL DEPARTURE LAST
                VALUE   (LST)  VALUE       VALUE  FROM      YEAR
                                                  NORMAL
..................................................................
TEMPERATURE (F)
 YESTERDAY
  MAXIMUM         91    326 PM  98    1947  84      7       80
  MINIMUM         64    538 AM  39    1935  57      7       57
  AVERAGE         78                        70      8       69

PRECIPITATION (IN)
  YESTERDAY        0.00          0.21 1925   0.02  -0.02     0.00
  MONTH TO DATE    0.00                      0.06  -0.06     0.16
  SINCE MAR 1      0.05                      0.55  -0.50     1.01
  SINCE JAN 1      0.58                      1.41  -0.83     1.89

SNOWFALL (IN)
  YESTERDAY        0.0                                       0.0
  MONTH TO DATE    0.0                                       0.0
  SINCE MAR 1      0.0                                       0.0
  SINCE JUL 1      8.1                                        T
  SNOW DEPTH       0

DEGREE DAYS
 HEATING
  YESTERDAY        0                         1     -1        0
  MONTH TO DATE   13                         5      8        0
  SINCE MAR 1    183                       367   -184      241
  SINCE JUL 1   2017                      2470   -453     2064

 COOLING
  YESTERDAY       13                         6      7        4
  MONTH TO DATE   21                        29     -8       45
  SINCE MAR 1    132                       121     11      171
  SINCE JAN 1    135                       121     14      172
..................................................................


WIND (MPH)
  HIGHEST WIND SPEED    22   HIGHEST WIND DIRECTION    SE (150)
  HIGHEST GUST SPEED    37   HIGHEST GUST DIRECTION    SE (130)
  AVERAGE WIND SPEED    10.3


SKY COVER
  POSSIBLE SUNSHINE  MM
  AVERAGE SKY COVER 0.4


WEATHER CONDITIONS
 THE FOLLOWING WEATHER WAS RECORDED YESTERDAY.
  NO SIGNIFICANT WEATHER WAS OBSERVED.


RELATIVE HUMIDITY (PERCENT)
 HIGHEST    19           500 AM
 LOWEST     10          1100 AM
 AVERAGE    15

..........................................................


THE EL PASO CLIMATE NORMALS FOR TODAY
                         NORMAL    RECORD    YEAR
 MAXIMUM TEMPERATURE (F)   85        98      1997
                                             1947
 MINIMUM TEMPERATURE (F)   57        38      1930


SUNRISE AND SUNSET
MAY  6 2016...........SUNRISE   615 AM MDT   SUNSET   750 PM MDT
MAY  7 2016...........SUNRISE   614 AM MDT   SUNSET   750 PM MDT


-  INDICATES NEGATIVE NUMBERS.
R  INDICATES RECORD WAS SET OR TIED.
MM INDICATES DATA IS MISSING.
T  INDICATES TRACE AMOUNT.




$$
