000
CDUS45 KLKN 200929
CLIELY


CLIMATE REPORT
NATIONAL WEATHER SERVICE ELKO NV
129 AM PST TUE FEB 20 2018


...................................

...THE ELY AIRPORT NV CLIMATE SUMMARY FOR FEBRUARY 19 2018...

CLIMATE NORMAL PERIOD 1981 TO 2010
CLIMATE RECORD PERIOD 1893 TO 2018


WEATHER ITEM   OBSERVED TIME   RECORD YEAR NORMAL DEPARTURE LAST
                VALUE   (LST)  VALUE       VALUE  FROM      YEAR
                                                  NORMAL
..................................................................
TEMPERATURE (F)
 YESTERDAY
  MAXIMUM         29   1210 AM  65    2015  43    -14       49
  MINIMUM         -3   1107 PM  -8    1952  17    -20       33
  AVERAGE         13                        30    -17       41

PRECIPITATION (IN)
  YESTERDAY        0.05          0.40 1897   0.03   0.02     0.07
  MONTH TO DATE    0.07                      0.49  -0.42     0.95
  SINCE OCT 1      1.79                      3.48  -1.69     4.25
  SINCE JAN 1      1.21                      1.19   0.02     2.47

SNOWFALL (IN)
  YESTERDAY        0.3           5.0  2011   0.3    0.0      0.3
  MONTH TO DATE    0.7                       5.4   -4.7      4.3
  SINCE DEC 1     19.3                      22.9   -3.6     36.0
  SINCE JUL 1     24.3                      32.4   -8.1     41.9
  SNOW DEPTH       T

DEGREE DAYS
 HEATING
  YESTERDAY       52                        35     17       24
  MONTH TO DATE  601                       705   -104      456
  SINCE DEC 1   2751                      3166   -415     3027
  SINCE JUL 1   4395                      5034   -639     4580

 COOLING
  YESTERDAY        0                         0      0        0
  MONTH TO DATE    0                         0      0        0
  SINCE DEC 1      0                         0      0        0
  SINCE JAN 1      0                         0      0        0
..................................................................


WIND (MPH)
  HIGHEST WIND SPEED    22   HIGHEST WIND DIRECTION     N (360)
  HIGHEST GUST SPEED    26   HIGHEST GUST DIRECTION     N (10)
  AVERAGE WIND SPEED    10.0



WEATHER CONDITIONS
 THE FOLLOWING WEATHER WAS RECORDED YESTERDAY.
  SNOW
  LIGHT SNOW


RELATIVE HUMIDITY (PERCENT)
 HIGHEST    84           100 PM
 LOWEST     45           900 AM
 AVERAGE    65

..........................................................


THE ELY AIRPORT NV CLIMATE NORMALS FOR TODAY
                         NORMAL    RECORD    YEAR
 MAXIMUM TEMPERATURE (F)   44        66      1977
 MINIMUM TEMPERATURE (F)   17       -13      1990


SUNRISE AND SUNSET
FEBRUARY 20 2018......SUNRISE   625 AM PST   SUNSET   522 PM PST
FEBRUARY 21 2018......SUNRISE   623 AM PST   SUNSET   523 PM PST


-  INDICATES NEGATIVE NUMBERS.
R  INDICATES RECORD WAS SET OR TIED.
MM INDICATES DATA IS MISSING.
T  INDICATES TRACE AMOUNT.




$$
