153
CDUS45 KLKN 260931
CLIELY


CLIMATE REPORT
NATIONAL WEATHER SERVICE ELKO NV
231 AM PDT SUN MAR 26 2017


...................................

...THE ELY AIRPORT NV CLIMATE SUMMARY FOR MARCH 25 2017...

CLIMATE NORMAL PERIOD 1981 TO 2010
CLIMATE RECORD PERIOD 1893 TO 2017


WEATHER ITEM   OBSERVED TIME   RECORD YEAR NORMAL DEPARTURE LAST
                VALUE   (LST)  VALUE       VALUE  FROM      YEAR
                                                  NORMAL
..................................................................
TEMPERATURE (F)
 YESTERDAY
  MAXIMUM         46    215 PM  70    1908  52     -6       54
  MINIMUM         29   1159 PM  -1    1942  24      5       22
  AVERAGE         38                        38      0       38

PRECIPITATION (IN)
  YESTERDAY        0.41R         0.40 1899   0.04   0.37     0.00
  MONTH TO DATE    0.93                      0.75   0.18     0.38
  SINCE OCT 1      5.96                      4.49   1.47     7.92
  SINCE JAN 1      4.18                      2.20   1.98     3.56

SNOWFALL (IN)
  YESTERDAY        2.1           5.3  1961   0.3    1.8      0.0
  MONTH TO DATE    6.6                       6.8   -0.2      2.4
  SINCE MAR 1      6.6                       6.8   -0.2      2.4
  SINCE JUL 1     56.2                      41.7   14.5     81.7
  SNOW DEPTH       0

DEGREE DAYS
 HEATING
  YESTERDAY       27                        27      0       27
  MONTH TO DATE  577                       732   -155      606
  SINCE MAR 1    577                       732   -155      606
  SINCE JUL 1   5538                      6069   -531     5980

 COOLING
  YESTERDAY        0                         0      0        0
  MONTH TO DATE    0                         0      0        0
  SINCE MAR 1      0                         0      0        0
  SINCE JAN 1      0                         0      0        0
..................................................................


WIND (MPH)
  HIGHEST WIND SPEED    20   HIGHEST WIND DIRECTION     W (280)
  HIGHEST GUST SPEED    27   HIGHEST GUST DIRECTION     W (280)
  AVERAGE WIND SPEED     7.7



WEATHER CONDITIONS
 THE FOLLOWING WEATHER WAS RECORDED YESTERDAY.
  RAIN
  LIGHT RAIN
  SNOW
  LIGHT SNOW


RELATIVE HUMIDITY (PERCENT)
 HIGHEST   100           500 AM
 LOWEST     45          1200 AM
 AVERAGE    73

..........................................................


THE ELY AIRPORT NV CLIMATE NORMALS FOR TODAY
                         NORMAL    RECORD    YEAR
 MAXIMUM TEMPERATURE (F)   53        70      1988
 MINIMUM TEMPERATURE (F)   24         2      1985
                                             1898


SUNRISE AND SUNSET
MARCH 26 2017.........SUNRISE   633 AM PDT   SUNSET   658 PM PDT
MARCH 27 2017.........SUNRISE   631 AM PDT   SUNSET   659 PM PDT


-  INDICATES NEGATIVE NUMBERS.
R  INDICATES RECORD WAS SET OR TIED.
MM INDICATES DATA IS MISSING.
T  INDICATES TRACE AMOUNT.




$$
