000
CDUS45 KLKN 280046
CLIELY


CLIMATE REPORT
NATIONAL WEATHER SERVICE ELKO NV
445 PM PST THU NOV 27 2014


...................................

...THE ELY AIRPORT NV CLIMATE SUMMARY FOR NOVEMBER 27 2014...
VALID TODAY AS OF 0400 PM LOCAL TIME.

CLIMATE NORMAL PERIOD 1981 TO 2010
CLIMATE RECORD PERIOD 1893 TO 2014


WEATHER ITEM   OBSERVED TIME   RECORD YEAR NORMAL DEPARTURE LAST
                VALUE   (LST)  VALUE       VALUE  FROM      YEAR
                                                  NORMAL
..................................................................
TEMPERATURE (F)
 TODAY
  MAXIMUM         62    201 PM  65    1950  43     19       50
                                      1910
  MINIMUM         24    125 AM -15    1896  14     10       22
  AVERAGE         43                        29     14       36

PRECIPITATION (IN)
  TODAY            0.00          0.70 1898   0.02  -0.02     0.00
  MONTH TO DATE    0.44                      0.65  -0.21     0.87
  SINCE OCT 1      0.44                      1.65  -1.21     1.69
  SINCE JAN 1      8.53                      9.12  -0.59     7.55

SNOWFALL (IN)
  TODAY            0.0           3.5  2004   0.2   -0.2      0.0
  MONTH TO DATE    0.7                       5.5   -4.8      9.9
  SINCE SEP 1      0.7                       8.9   -8.2     12.9
  SINCE JUL 1      0.7                       8.9   -8.2     12.9
  SNOW DEPTH       0

DEGREE DAYS
 HEATING
  TODAY           22                        36    -14       29
  MONTH TO DATE  783                       829    -46      774
  SINCE SEP 1   1332                      1693   -361     1667
  SINCE JUL 1   1380                      1757   -377     1675

 COOLING
  TODAY            0                         0      0        0
  MONTH TO DATE    0                         0      0        0
  SINCE SEP 1     18                         6     12       17
  SINCE JAN 1    286                       218     68      387
..................................................................


WIND (MPH)
  HIGHEST WIND SPEED    15   HIGHEST WIND DIRECTION     S (170)
  HIGHEST GUST SPEED    17   HIGHEST GUST DIRECTION     S (180)



WEATHER CONDITIONS
 THE FOLLOWING WEATHER WAS RECORDED TODAY.
  NO SIGNIFICANT WEATHER WAS OBSERVED.


RELATIVE HUMIDITY (PERCENT)
 HIGHEST    62           100 AM
 LOWEST     14           100 PM
 AVERAGE    38

..........................................................


THE ELY AIRPORT NV CLIMATE NORMALS FOR TOMORROW
                         NORMAL    RECORD    YEAR
 MAXIMUM TEMPERATURE (F)   43        62      1980
                                             1903
 MINIMUM TEMPERATURE (F)   14       -16      1896


SUNRISE AND SUNSET
NOVEMBER 27 2014......SUNRISE   636 AM PST   SUNSET   418 PM PST
NOVEMBER 28 2014......SUNRISE   637 AM PST   SUNSET   418 PM PST


-  INDICATES NEGATIVE NUMBERS.
R  INDICATES RECORD WAS SET OR TIED.
MM INDICATES DATA IS MISSING.
T  INDICATES TRACE AMOUNT.




$$
