000
CDUS45 KLKN 310927
CLIELY


CLIMATE REPORT
NATIONAL WEATHER SERVICE ELKO NV
227 AM PDT TUE MAY 31 2016


...................................

...THE ELY AIRPORT NV CLIMATE SUMMARY FOR MAY 30 2016...

CLIMATE NORMAL PERIOD 1981 TO 2010
CLIMATE RECORD PERIOD 1893 TO 2016


WEATHER ITEM   OBSERVED TIME   RECORD YEAR NORMAL DEPARTURE LAST
                VALUE   (LST)  VALUE       VALUE  FROM      YEAR
                                                  NORMAL
..................................................................
TEMPERATURE (F)
 YESTERDAY
  MAXIMUM         75    312 PM  90    2002  73      2       84
  MINIMUM         35    402 AM  22    1985  36     -1       48
  AVERAGE         55                        54      1       66

PRECIPITATION (IN)
  YESTERDAY        0.00          0.42 1990   0.04  -0.04     0.00
  MONTH TO DATE    0.57                      1.07  -0.50     1.78
  SINCE OCT 1     11.36                      6.69   4.67     4.50
  SINCE JAN 1      7.00                      4.40   2.60     3.33

SNOWFALL (IN)
  YESTERDAY        0.0           1.3  1908   0.0    0.0      0.0
  MONTH TO DATE    T                         2.3   -2.3       T
  SINCE MAR 1     21.1                      15.8    5.3      8.7
  SINCE JUL 1    100.4                      50.7   49.7     19.7
  SNOW DEPTH       0

DEGREE DAYS
 HEATING
  YESTERDAY       10                        11     -1        0
  MONTH TO DATE  461                       433     28      439
  SINCE MAR 1   1877                      1999   -122     1794
  SINCE JUL 1   7251                      7336    -85     6038

 COOLING
  YESTERDAY        0                         0      0        1
  MONTH TO DATE    0                         0      0        1
  SINCE MAR 1      0                         0      0        1
  SINCE JAN 1      0                         0      0        1
..................................................................


WIND (MPH)
  HIGHEST WIND SPEED    17   HIGHEST WIND DIRECTION     N (360)
  HIGHEST GUST SPEED    22   HIGHEST GUST DIRECTION     N (20)
  AVERAGE WIND SPEED     7.8



WEATHER CONDITIONS
 THE FOLLOWING WEATHER WAS RECORDED YESTERDAY.
  NO SIGNIFICANT WEATHER WAS OBSERVED.


RELATIVE HUMIDITY (PERCENT)
 HIGHEST    89           400 AM
 LOWEST     19           100 PM
 AVERAGE    54

..........................................................


THE ELY AIRPORT NV CLIMATE NORMALS FOR TODAY
                         NORMAL    RECORD    YEAR
 MAXIMUM TEMPERATURE (F)   73        95      1910
 MINIMUM TEMPERATURE (F)   37        23      1895


SUNRISE AND SUNSET
MAY 31 2016...........SUNRISE   515 AM PDT   SUNSET   800 PM PDT
JUNE  1 2016..........SUNRISE   515 AM PDT   SUNSET   800 PM PDT


-  INDICATES NEGATIVE NUMBERS.
R  INDICATES RECORD WAS SET OR TIED.
MM INDICATES DATA IS MISSING.
T  INDICATES TRACE AMOUNT.




$$
