000
CDUS45 KLKN 010937
CLIELY


CLIMATE REPORT
NATIONAL WEATHER SERVICE ELKO NV
232 AM PDT SAT OCT 1 2016


...................................

...THE ELY AIRPORT NV CLIMATE SUMMARY FOR SEPTEMBER 30 2016...

CLIMATE NORMAL PERIOD 1981 TO 2010
CLIMATE RECORD PERIOD 1893 TO 2016


WEATHER ITEM   OBSERVED TIME   RECORD YEAR NORMAL DEPARTURE LAST
                VALUE   (LST)  VALUE       VALUE  FROM      YEAR
                                                  NORMAL
..................................................................
TEMPERATURE (F)
 YESTERDAY
  MAXIMUM         76    129 PM  88    2010  70      6       80
  MINIMUM         44    616 AM  18    1950  32     12       53
  AVERAGE         60                        51      9       67

PRECIPITATION (IN)
  YESTERDAY        0.01          0.20 1906   0.03  -0.02     0.00
  MONTH TO DATE    0.70                      0.83  -0.13     0.51
  SINCE OCT 1     14.08                      9.76   4.32     6.67
  SINCE JAN 1      9.72                      7.47   2.25     5.50

SNOWFALL (IN)
  YESTERDAY        0.0           2.2  1971   0.0    0.0      0.0
  MONTH TO DATE    0.0                       0.4   -0.4      0.0
  SINCE SEP 1      0.0                       0.4   -0.4      0.0
  SINCE JUL 1      0.0                       0.4   -0.4      0.0
  SNOW DEPTH       0

DEGREE DAYS
 HEATING
  YESTERDAY        5                        14     -9        0
  MONTH TO DATE  235                       251    -16       99
  SINCE SEP 1    235                       252    -17       99
  SINCE JUL 1    272                       316    -44      131

 COOLING
  YESTERDAY        0                         0      0        2
  MONTH TO DATE   12                         6      6       25
  SINCE SEP 1     12                         6      6       25
  SINCE JAN 1    267                       218     49      329
..................................................................


WIND (MPH)
  HIGHEST WIND SPEED    16   HIGHEST WIND DIRECTION    SW (210)
  HIGHEST GUST SPEED    21   HIGHEST GUST DIRECTION    SW (220)
  AVERAGE WIND SPEED     9.3



WEATHER CONDITIONS
 THE FOLLOWING WEATHER WAS RECORDED YESTERDAY.
  LIGHT RAIN


RELATIVE HUMIDITY (PERCENT)
 HIGHEST    83           400 AM
 LOWEST     21           200 PM
 AVERAGE    52

..........................................................


THE ELY AIRPORT NV CLIMATE NORMALS FOR TODAY
                         NORMAL    RECORD    YEAR
 MAXIMUM TEMPERATURE (F)   69        86      2010
 MINIMUM TEMPERATURE (F)   32        14      2009
                                             1898


SUNRISE AND SUNSET
OCTOBER  1 2016.......SUNRISE   636 AM PDT   SUNSET   621 PM PDT
OCTOBER  2 2016.......SUNRISE   637 AM PDT   SUNSET   619 PM PDT


-  INDICATES NEGATIVE NUMBERS.
R  INDICATES RECORD WAS SET OR TIED.
MM INDICATES DATA IS MISSING.
T  INDICATES TRACE AMOUNT.




$$
