000
CDUS45 KLKN 280030
CLIELY


CLIMATE REPORT
NATIONAL WEATHER SERVICE ELKO NV
530 PM PDT SUN JUL 27 2014


...................................

...THE ELY AIRPORT NV CLIMATE SUMMARY FOR JULY 27 2014...
VALID TODAY AS OF 0500 PM LOCAL TIME.

CLIMATE NORMAL PERIOD 1981 TO 2010
CLIMATE RECORD PERIOD 1893 TO 2014


WEATHER ITEM   OBSERVED TIME   RECORD YEAR NORMAL DEPARTURE LAST
                VALUE   (LST)  VALUE       VALUE  FROM      YEAR
                                                  NORMAL
..................................................................
TEMPERATURE (F)
 TODAY
  MAXIMUM         92    137 PM  97    1994  88      4       68
  MINIMUM         55    400 AM  34    1993  49      6       51
  AVERAGE         74                        69      5       60

PRECIPITATION (IN)
  TODAY            T             0.60 1987   0.03  -0.03     0.10
  MONTH TO DATE    0.16                      0.53  -0.37     0.21
  SINCE OCT 1      7.19                      7.92  -0.73     6.42
  SINCE JAN 1      4.51                      5.63  -1.12     3.32

SNOWFALL (IN)
  TODAY            0.0           0.0  1893   0.0    0.0      0.0
  MONTH TO DATE    0.0                       0.0    0.0      0.0
  SINCE JUN 1      T                         0.1   -0.1      0.0
  SINCE JUL 1      0.0                       0.0    0.0      0.0
  SNOW DEPTH       0

DEGREE DAYS
 HEATING
  TODAY            0                         0      0        5
  MONTH TO DATE    0                        20    -20        5
  SINCE JUN 1    140                       195    -55      100
  SINCE JUL 1      0                        20    -20        5

 COOLING
  TODAY            9                         4      5        0
  MONTH TO DATE  194                        94    100      195
  SINCE JUN 1    213                       117     96      252
  SINCE JAN 1    215                       118     97      252
..................................................................


WIND (MPH)
  HIGHEST WIND SPEED    23   HIGHEST WIND DIRECTION     N (20)
  HIGHEST GUST SPEED    29   HIGHEST GUST DIRECTION     E (80)



WEATHER CONDITIONS
 THE FOLLOWING WEATHER WAS RECORDED TODAY.
  THUNDERSTORM
  LIGHT RAIN


RELATIVE HUMIDITY (PERCENT)
 HIGHEST    55           300 AM
 LOWEST     15          1200 PM
 AVERAGE    35

..........................................................


THE ELY AIRPORT NV CLIMATE NORMALS FOR TOMORROW
                         NORMAL    RECORD    YEAR
 MAXIMUM TEMPERATURE (F)   88        96      1995
                                             1994
 MINIMUM TEMPERATURE (F)   49        38      1948


SUNRISE AND SUNSET
JULY 27 2014..........SUNRISE   535 AM PDT   SUNSET   756 PM PDT
JULY 28 2014..........SUNRISE   536 AM PDT   SUNSET   755 PM PDT


-  INDICATES NEGATIVE NUMBERS.
R  INDICATES RECORD WAS SET OR TIED.
MM INDICATES DATA IS MISSING.
T  INDICATES TRACE AMOUNT.




$$
