000
CDUS43 KTOP 260634
CLIEMP


CLIMATE REPORT
NATIONAL WEATHER SERVICE TOPEKA KS
133 AM CDT WED APR 26 2017


...................................

...THE EMPORIA KS CLIMATE SUMMARY FOR APRIL 25 2017...

CLIMATE NORMAL PERIOD 1981 TO 2010
CLIMATE RECORD PERIOD 9999 TO 9999


WEATHER ITEM   OBSERVED NORMAL DEPARTURE LAST
                VALUE   VALUE  FROM      YEAR
                               NORMAL
...............................................
TEMPERATURE (F)
 YESTERDAY
  MAXIMUM         73     71      2       78
  MINIMUM         47     47      0       62
  AVERAGE         60     59      1       70

PRECIPITATION (IN)
  YESTERDAY        0.05   0.14  -0.09     0.17
  MONTH TO DATE    4.28   2.57   1.71     2.50
  SINCE MAR 1      8.47   5.10   3.37     4.10
  SINCE JAN 1     10.21   6.96   3.25     5.27

DEGREE DAYS
 HEATING
  YESTERDAY        5      7     -2        0
  MONTH TO DATE  174    267    -93      181
  SINCE MAR 1    650    877   -227      624
  SINCE JUL 1   3741   4699   -958     3737

 COOLING
  YESTERDAY        0      1     -1        5
  MONTH TO DATE   30     19     11       17
  SINCE MAR 1     42     21     21       18
  SINCE JAN 1     42     21     21       18
...............................................


WIND (MPH)
  HIGHEST WIND SPEED    28   HIGHEST WIND DIRECTION     S (170)
  HIGHEST GUST SPEED    35   HIGHEST GUST DIRECTION     S (180)
  AVERAGE WIND SPEED    14.1


SKY COVER
  AVERAGE SKY COVER 0.4


WEATHER CONDITIONS
 THE FOLLOWING WEATHER WAS RECORDED YESTERDAY.
  THUNDERSTORM
  LIGHT RAIN
  FOG


RELATIVE HUMIDITY (PERCENT)
 HIGHEST    89
 LOWEST     57
 AVERAGE    73

..........................................................


THE EMPORIA KS CLIMATE NORMALS FOR TODAY
                         NORMAL
 MAXIMUM TEMPERATURE (F)   71
 MINIMUM TEMPERATURE (F)   48


SUNRISE AND SUNSET
APRIL 26 2017.........SUNRISE   634 AM CDT   SUNSET   812 PM CDT
APRIL 27 2017.........SUNRISE   633 AM CDT   SUNSET   813 PM CDT


-  INDICATES NEGATIVE NUMBERS.
R  INDICATES RECORD WAS SET OR TIED.
MM INDICATES DATA IS MISSING.
T  INDICATES TRACE AMOUNT.




$$
