000
CDUS43 KTOP 160633
CLIEMP


CLIMATE REPORT
NATIONAL WEATHER SERVICE TOPEKA KS
131 AM CDT WED APR 16 2014


...................................

...THE EMPORIA KS CLIMATE SUMMARY FOR APRIL 15 2014...

CLIMATE NORMAL PERIOD 1981 TO 2010
CLIMATE RECORD PERIOD 9999 TO 9999


WEATHER ITEM   OBSERVED NORMAL DEPARTURE LAST
                VALUE   VALUE  FROM      YEAR
                               NORMAL
...............................................
TEMPERATURE (F)
 YESTERDAY
  MAXIMUM         60     68     -8       52
  MINIMUM         27     44    -17       41
  AVERAGE         44     56    -12       47

PRECIPITATION (IN)
  YESTERDAY        0.00   0.12  -0.12     0.10
  MONTH TO DATE    0.51   1.28  -0.77     1.32
  SINCE MAR 1      0.92   3.81  -2.89     3.00
  SINCE JAN 1      1.41   5.67  -4.26     5.78

DEGREE DAYS
 HEATING
  YESTERDAY       21     10     11       18
  MONTH TO DATE  204    183     21      229
  SINCE MAR 1    943    793    150     1015
  SINCE JUL 1   5268   4615    653     4611

 COOLING
  YESTERDAY        0      1     -1        0
  MONTH TO DATE    5      9     -4        0
  SINCE MAR 1      5     11     -6        0
  SINCE JAN 1      5     11     -6        0
...............................................


WIND (MPH)
  HIGHEST WIND SPEED    23   HIGHEST WIND DIRECTION     S (170)
  HIGHEST GUST SPEED    30   HIGHEST GUST DIRECTION     S (160)
  AVERAGE WIND SPEED     9.0


SKY COVER
  AVERAGE SKY COVER 0.0


WEATHER CONDITIONS
 THE FOLLOWING WEATHER WAS RECORDED YESTERDAY.
  HAZE


RELATIVE HUMIDITY (PERCENT)
 HIGHEST    85
 LOWEST     22
 AVERAGE    54

..........................................................


THE EMPORIA KS CLIMATE NORMALS FOR TODAY
                         NORMAL
 MAXIMUM TEMPERATURE (F)   68
 MINIMUM TEMPERATURE (F)   44


SUNRISE AND SUNSET
APRIL 16 2014.........SUNRISE   648 AM CDT   SUNSET   802 PM CDT
APRIL 17 2014.........SUNRISE   646 AM CDT   SUNSET   803 PM CDT


-  INDICATES NEGATIVE NUMBERS.
R  INDICATES RECORD WAS SET OR TIED.
MM INDICATES DATA IS MISSING.
T  INDICATES TRACE AMOUNT.




$$
