000
CDUS43 KTOP 180631
CLIEMP


CLIMATE REPORT
NATIONAL WEATHER SERVICE TOPEKA KS
1231 AM CST THU JAN 18 2018


...................................

...THE EMPORIA KS CLIMATE SUMMARY FOR JANUARY 17 2018...

CLIMATE NORMAL PERIOD 1981 TO 2010
CLIMATE RECORD PERIOD 9999 TO 9999


WEATHER ITEM   OBSERVED NORMAL DEPARTURE LAST
                VALUE   VALUE  FROM      YEAR
                               NORMAL
...............................................
TEMPERATURE (F)
 YESTERDAY
  MAXIMUM         26     41    -15       50
  MINIMUM          1     21    -20       29
  AVERAGE         14     31    -17       40

PRECIPITATION (IN)
  YESTERDAY        0.00   0.03  -0.03     0.00
  MONTH TO DATE    0.64   0.23   0.41     1.02
  SINCE DEC 1      0.88   1.58  -0.70     1.79
  SINCE JAN 1      0.64   0.23   0.41     1.02

DEGREE DAYS
 HEATING
  YESTERDAY       51     34     17       25
  MONTH TO DATE  704    578    126      592
  SINCE DEC 1   1659   1571     88     1638
  SINCE JUL 1   2478   2511    -33     2188

 COOLING
  YESTERDAY        0      0      0        0
  MONTH TO DATE    0      0      0        0
  SINCE DEC 1      0      0      0        0
  SINCE JAN 1      0      0      0        0
...............................................


WIND (MPH)
  HIGHEST WIND SPEED    16   HIGHEST WIND DIRECTION    SW (210)
  HIGHEST GUST SPEED    19   HIGHEST GUST DIRECTION     S (200)
  AVERAGE WIND SPEED     9.1


SKY COVER
  AVERAGE SKY COVER 0.0


WEATHER CONDITIONS
 THE FOLLOWING WEATHER WAS RECORDED YESTERDAY.
  NO SIGNIFICANT WEATHER WAS OBSERVED.


RELATIVE HUMIDITY (PERCENT)
 HIGHEST    87
 LOWEST     62
 AVERAGE    75

..........................................................


THE EMPORIA KS CLIMATE NORMALS FOR TODAY
                         NORMAL
 MAXIMUM TEMPERATURE (F)   41
 MINIMUM TEMPERATURE (F)   21


SUNRISE AND SUNSET
JANUARY 18 2018.......SUNRISE   739 AM CST   SUNSET   532 PM CST
JANUARY 19 2018.......SUNRISE   739 AM CST   SUNSET   533 PM CST


-  INDICATES NEGATIVE NUMBERS.
R  INDICATES RECORD WAS SET OR TIED.
MM INDICATES DATA IS MISSING.
T  INDICATES TRACE AMOUNT.




$$
