000
CDUS43 KTOP 010634
CLIEMP


CLIMATE REPORT
NATIONAL WEATHER SERVICE TOPEKA KS
133 AM CDT MON SEP 1 2014


...................................

...THE EMPORIA KS CLIMATE SUMMARY FOR AUGUST 31 2014...

CLIMATE NORMAL PERIOD 1981 TO 2010
CLIMATE RECORD PERIOD 9999 TO 9999


WEATHER ITEM   OBSERVED NORMAL DEPARTURE LAST
                VALUE   VALUE  FROM      YEAR
                               NORMAL
...............................................
TEMPERATURE (F)
 YESTERDAY
  MAXIMUM         97     87     10       94
  MINIMUM         66     62      4       69
  AVERAGE         82     75      7       82

PRECIPITATION (IN)
  YESTERDAY        1.71   0.17   1.54     0.00
  MONTH TO DATE    5.08   3.82   1.26     4.91
  SINCE JUN 1     13.15  13.93  -0.78    11.52
  SINCE JAN 1     18.76  26.61  -7.85    24.09

DEGREE DAYS
 HEATING
  YESTERDAY        0      0      0        0
  MONTH TO DATE    0      0      0        0
  SINCE JUN 1      6      9     -3       14
  SINCE JUL 1      2      1      1        2

 COOLING
  YESTERDAY       17     10      7       17
  MONTH TO DATE  453    392     61      326
  SINCE JUN 1   1027   1089    -62     1013
  SINCE JAN 1   1203   1208     -5     1129
...............................................


WIND (MPH)
  HIGHEST WIND SPEED    32   HIGHEST WIND DIRECTION     S (180)
  HIGHEST GUST SPEED    41   HIGHEST GUST DIRECTION     S (170)
  AVERAGE WIND SPEED    16.9


SKY COVER
  AVERAGE SKY COVER 0.1


WEATHER CONDITIONS
 THE FOLLOWING WEATHER WAS RECORDED YESTERDAY.
  THUNDERSTORM
  HEAVY RAIN
  RAIN
  LIGHT RAIN
  FOG


RELATIVE HUMIDITY (PERCENT)
 HIGHEST    93
 LOWEST     30
 AVERAGE    62

..........................................................


THE EMPORIA KS CLIMATE NORMALS FOR TODAY
                         NORMAL
 MAXIMUM TEMPERATURE (F)   87
 MINIMUM TEMPERATURE (F)   62


SUNRISE AND SUNSET
SEPTEMBER  1 2014.....SUNRISE   654 AM CDT   SUNSET   755 PM CDT
SEPTEMBER  2 2014.....SUNRISE   655 AM CDT   SUNSET   753 PM CDT


-  INDICATES NEGATIVE NUMBERS.
R  INDICATES RECORD WAS SET OR TIED.
MM INDICATES DATA IS MISSING.
T  INDICATES TRACE AMOUNT.




$$
