000
CDUS43 KTOP 290631
CLIEMP


CLIMATE REPORT
NATIONAL WEATHER SERVICE TOPEKA KS
1231 AM CST SAT NOV 29 2014


...................................

...THE EMPORIA KS CLIMATE SUMMARY FOR NOVEMBER 28 2014...

CLIMATE NORMAL PERIOD 1981 TO 2010
CLIMATE RECORD PERIOD 9999 TO 9999


WEATHER ITEM   OBSERVED NORMAL DEPARTURE LAST
                VALUE   VALUE  FROM      YEAR
                               NORMAL
...............................................
TEMPERATURE (F)
 YESTERDAY
  MAXIMUM         65     50     15       45
  MINIMUM         30     28      2       23
  AVERAGE         48     39      9       34

PRECIPITATION (IN)
  YESTERDAY        0.00   0.05  -0.05     0.00
  MONTH TO DATE    0.30   2.06  -1.76     0.66
  SINCE SEP 1      7.46   8.33  -0.87     8.84
  SINCE JAN 1     26.22  34.94  -8.72    32.93

DEGREE DAYS
 HEATING
  YESTERDAY       17     26     -9       31
  MONTH TO DATE  752    560    192      653
  SINCE SEP 1   1009    886    123      980
  SINCE JUL 1   1011    887    124      982

 COOLING
  YESTERDAY        0      0      0        0
  MONTH TO DATE    0      0      0        0
  SINCE SEP 1    177    194    -17      246
  SINCE JAN 1   1380   1402    -22     1375
...............................................


WIND (MPH)
  HIGHEST WIND SPEED    23   HIGHEST WIND DIRECTION    SW (210)
  HIGHEST GUST SPEED    30   HIGHEST GUST DIRECTION    SW (210)
  AVERAGE WIND SPEED    13.8


SKY COVER
  AVERAGE SKY COVER 0.0


WEATHER CONDITIONS
 THE FOLLOWING WEATHER WAS RECORDED YESTERDAY.
  NO SIGNIFICANT WEATHER WAS OBSERVED.


RELATIVE HUMIDITY (PERCENT)
 HIGHEST    78
 LOWEST     30
 AVERAGE    54

..........................................................


THE EMPORIA KS CLIMATE NORMALS FOR TODAY
                         NORMAL
 MAXIMUM TEMPERATURE (F)   49
 MINIMUM TEMPERATURE (F)   27


SUNRISE AND SUNSET
NOVEMBER 29 2014......SUNRISE   721 AM CST   SUNSET   505 PM CST
NOVEMBER 30 2014......SUNRISE   722 AM CST   SUNSET   505 PM CST


-  INDICATES NEGATIVE NUMBERS.
R  INDICATES RECORD WAS SET OR TIED.
MM INDICATES DATA IS MISSING.
T  INDICATES TRACE AMOUNT.




$$
