000
CDUS43 KTOP 250641
CLIEMP


CLIMATE REPORT
NATIONAL WEATHER SERVICE TOPEKA KS
140 AM CDT SAT OCT 25 2014


...................................

...THE EMPORIA KS CLIMATE SUMMARY FOR OCTOBER 24 2014...

CLIMATE NORMAL PERIOD 1981 TO 2010
CLIMATE RECORD PERIOD 9999 TO 9999


WEATHER ITEM   OBSERVED NORMAL DEPARTURE LAST
                VALUE   VALUE  FROM      YEAR
                               NORMAL
...............................................
TEMPERATURE (F)
 YESTERDAY
  MAXIMUM         81     66     15       51
  MINIMUM         56     43     13       33
  AVERAGE         69     54     15       42

PRECIPITATION (IN)
  YESTERDAY        0.00   0.09  -0.09     0.00
  MONTH TO DATE    3.36   2.33   1.03     1.42
  SINCE SEP 1      7.16   5.72   1.44     4.37
  SINCE JAN 1     25.92  32.33  -6.41    28.46

DEGREE DAYS
 HEATING
  YESTERDAY        0     11    -11       23
  MONTH TO DATE  151    189    -38      221
  SINCE SEP 1    197    238    -41      237
  SINCE JUL 1    199    239    -40      239

 COOLING
  YESTERDAY        4      0      4        0
  MONTH TO DATE   17     29    -12       30
  SINCE SEP 1    163    194    -31      246
  SINCE JAN 1   1366   1402    -36     1375
...............................................


WIND (MPH)
  HIGHEST WIND SPEED    18   HIGHEST WIND DIRECTION    SW (210)
  HIGHEST GUST SPEED    22   HIGHEST GUST DIRECTION    SW (210)
  AVERAGE WIND SPEED    10.9


SKY COVER
  AVERAGE SKY COVER 0.3


WEATHER CONDITIONS
 THE FOLLOWING WEATHER WAS RECORDED YESTERDAY.
  FOG


RELATIVE HUMIDITY (PERCENT)
 HIGHEST   100
 LOWEST     54
 AVERAGE    77

..........................................................


THE EMPORIA KS CLIMATE NORMALS FOR TODAY
                         NORMAL
 MAXIMUM TEMPERATURE (F)   66
 MINIMUM TEMPERATURE (F)   42


SUNRISE AND SUNSET
OCTOBER 25 2014.......SUNRISE   744 AM CDT   SUNSET   633 PM CDT
OCTOBER 26 2014.......SUNRISE   745 AM CDT   SUNSET   632 PM CDT


-  INDICATES NEGATIVE NUMBERS.
R  INDICATES RECORD WAS SET OR TIED.
MM INDICATES DATA IS MISSING.
T  INDICATES TRACE AMOUNT.




$$
