000
CDUS43 KTOP 220631
CLIEMP


CLIMATE REPORT
NATIONAL WEATHER SERVICE TOPEKA KS
131 AM CDT WED OCT 22 2014


...................................

...THE EMPORIA KS CLIMATE SUMMARY FOR OCTOBER 21 2014...

CLIMATE NORMAL PERIOD 1981 TO 2010
CLIMATE RECORD PERIOD 9999 TO 9999


WEATHER ITEM   OBSERVED NORMAL DEPARTURE LAST
                VALUE   VALUE  FROM      YEAR
                               NORMAL
...............................................
TEMPERATURE (F)
 YESTERDAY
  MAXIMUM         76     67      9       59
  MINIMUM         42     44     -2       40
  AVERAGE         59     55      4       50

PRECIPITATION (IN)
  YESTERDAY        0.00   0.11  -0.11     0.00
  MONTH TO DATE    3.27   2.06   1.21     1.42
  SINCE SEP 1      7.07   5.45   1.62     4.37
  SINCE JAN 1     25.83  32.06  -6.23    28.46

DEGREE DAYS
 HEATING
  YESTERDAY        6     10     -4       15
  MONTH TO DATE  150    156     -6      170
  SINCE SEP 1    196    205     -9      186
  SINCE JUL 1    198    206     -8      188

 COOLING
  YESTERDAY        0      1     -1        0
  MONTH TO DATE   13     29    -16       30
  SINCE SEP 1    159    194    -35      246
  SINCE JAN 1   1362   1402    -40     1375
...............................................


WIND (MPH)
  HIGHEST WIND SPEED    10   HIGHEST WIND DIRECTION    SE (140)
  HIGHEST GUST SPEED    14   HIGHEST GUST DIRECTION    SE (150)
  AVERAGE WIND SPEED     5.5


SKY COVER
  AVERAGE SKY COVER 0.0


WEATHER CONDITIONS
 THE FOLLOWING WEATHER WAS RECORDED YESTERDAY.
  NO SIGNIFICANT WEATHER WAS OBSERVED.


RELATIVE HUMIDITY (PERCENT)
 HIGHEST   100
 LOWEST     41
 AVERAGE    71

..........................................................


THE EMPORIA KS CLIMATE NORMALS FOR TODAY
                         NORMAL
 MAXIMUM TEMPERATURE (F)   67
 MINIMUM TEMPERATURE (F)   43


SUNRISE AND SUNSET
OCTOBER 22 2014.......SUNRISE   741 AM CDT   SUNSET   637 PM CDT
OCTOBER 23 2014.......SUNRISE   742 AM CDT   SUNSET   636 PM CDT


-  INDICATES NEGATIVE NUMBERS.
R  INDICATES RECORD WAS SET OR TIED.
MM INDICATES DATA IS MISSING.
T  INDICATES TRACE AMOUNT.




$$
