000
CDUS43 KTOP 290632
CLIEMP


CLIMATE REPORT
NATIONAL WEATHER SERVICE TOPEKA KS
132 AM CDT WED JUL 29 2015


...................................

...THE EMPORIA KS CLIMATE SUMMARY FOR JULY 28 2015...

CLIMATE NORMAL PERIOD 1981 TO 2010
CLIMATE RECORD PERIOD 9999 TO 9999


WEATHER ITEM   OBSERVED NORMAL DEPARTURE LAST
                VALUE   VALUE  FROM      YEAR
                               NORMAL
...............................................
TEMPERATURE (F)
 YESTERDAY
  MAXIMUM        100     91      9       85
  MINIMUM         75     69      6       59
  AVERAGE         88     80      8       72

PRECIPITATION (IN)
  YESTERDAY        0.00   0.09  -0.09     0.00
  MONTH TO DATE    3.21   3.96  -0.75     1.07
  SINCE JUN 1      5.73   9.80  -4.07     7.96
  SINCE JAN 1     20.77  22.48  -1.71    13.57

DEGREE DAYS
 HEATING
  YESTERDAY        0      0      0        0
  MONTH TO DATE    0      0      0        2
  SINCE JUN 1      3      8     -5        6
  SINCE JUL 1      0      0      0        2

 COOLING
  YESTERDAY       23     15      8        7
  MONTH TO DATE  426    392     34      290
  SINCE JUN 1    782    655    127      562
  SINCE JAN 1    850    774     76      738
...............................................


WIND (MPH)
  HIGHEST WIND SPEED    24   HIGHEST WIND DIRECTION     S (190)
  HIGHEST GUST SPEED    32   HIGHEST GUST DIRECTION     S (190)
  AVERAGE WIND SPEED    14.9


SKY COVER
  AVERAGE SKY COVER 0.0


WEATHER CONDITIONS
 THE FOLLOWING WEATHER WAS RECORDED YESTERDAY.
  NO SIGNIFICANT WEATHER WAS OBSERVED.


RELATIVE HUMIDITY (PERCENT)
 HIGHEST    88
 LOWEST     39
 AVERAGE    64

..........................................................


THE EMPORIA KS CLIMATE NORMALS FOR TODAY
                         NORMAL
 MAXIMUM TEMPERATURE (F)   91
 MINIMUM TEMPERATURE (F)   68


SUNRISE AND SUNSET
JULY 29 2015..........SUNRISE   624 AM CDT   SUNSET   838 PM CDT
JULY 30 2015..........SUNRISE   625 AM CDT   SUNSET   837 PM CDT


-  INDICATES NEGATIVE NUMBERS.
R  INDICATES RECORD WAS SET OR TIED.
MM INDICATES DATA IS MISSING.
T  INDICATES TRACE AMOUNT.




$$
