000
CDUS43 KTOP 220644
CLIEMP


CLIMATE REPORT
NATIONAL WEATHER SERVICE TOPEKA KS
1243 AM CST SAT NOV 22 2014


...................................

...THE EMPORIA KS CLIMATE SUMMARY FOR NOVEMBER 21 2014...

CLIMATE NORMAL PERIOD 1981 TO 2010
CLIMATE RECORD PERIOD 9999 TO 9999


WEATHER ITEM   OBSERVED NORMAL DEPARTURE LAST
                VALUE   VALUE  FROM      YEAR
                               NORMAL
...............................................
TEMPERATURE (F)
 YESTERDAY
  MAXIMUM         49     53     -4       51
  MINIMUM         21     31    -10       25
  AVERAGE         35     42     -7       38

PRECIPITATION (IN)
  YESTERDAY        0.04   0.05  -0.01     0.22
  MONTH TO DATE    0.12   1.70  -1.58     0.66
  SINCE SEP 1      7.28   7.97  -0.69     8.84
  SINCE JAN 1     26.04  34.58  -8.54    32.93

DEGREE DAYS
 HEATING
  YESTERDAY       30     23      7       27
  MONTH TO DATE  583    386    197      383
  SINCE SEP 1    840    712    128      710
  SINCE JUL 1    842    713    129      712

 COOLING
  YESTERDAY        0      0      0        0
  MONTH TO DATE    0      0      0        0
  SINCE SEP 1    177    194    -17      246
  SINCE JAN 1   1380   1402    -22     1375
...............................................


WIND (MPH)
  HIGHEST WIND SPEED    13   HIGHEST WIND DIRECTION     S (190)
  HIGHEST GUST SPEED    16   HIGHEST GUST DIRECTION     S (180)
  AVERAGE WIND SPEED     5.7


SKY COVER
  AVERAGE SKY COVER 0.7


WEATHER CONDITIONS
 THE FOLLOWING WEATHER WAS RECORDED YESTERDAY.
  RAIN
  LIGHT RAIN
  FOG
  FOG W/VISIBILITY <= 1/4 MILE
  HAZE


RELATIVE HUMIDITY (PERCENT)
 HIGHEST   100
 LOWEST     68
 AVERAGE    84

..........................................................


THE EMPORIA KS CLIMATE NORMALS FOR TODAY
                         NORMAL
 MAXIMUM TEMPERATURE (F)   53
 MINIMUM TEMPERATURE (F)   30


SUNRISE AND SUNSET
NOVEMBER 22 2014......SUNRISE   714 AM CST   SUNSET   508 PM CST
NOVEMBER 23 2014......SUNRISE   715 AM CST   SUNSET   507 PM CST


-  INDICATES NEGATIVE NUMBERS.
R  INDICATES RECORD WAS SET OR TIED.
MM INDICATES DATA IS MISSING.
T  INDICATES TRACE AMOUNT.




$$
