000
CDUS46 KOTX 250824
CLIEPH


CLIMATE REPORT
NATIONAL WEATHER SERVICE SPOKANE, WA
123 AM PDT SAT MAR 25 2017


...................................

...THE EPHRATA WA AIRPORT CLIMATE SUMMARY FOR MARCH 24 2017...

CLIMATE NORMAL PERIOD 1981 TO 2010
CLIMATE RECORD PERIOD 9999 TO 9999


WEATHER ITEM   OBSERVED TIME   RECORD YEAR NORMAL DEPARTURE LAST
                VALUE   (LST)  VALUE       VALUE  FROM      YEAR
                                                  NORMAL
..................................................................
TEMPERATURE (F)
 YESTERDAY
  MAXIMUM         50    558 PM  74    1960  57     -7       56
  MINIMUM         38   1159 PM  16    1965  34      4       39
  AVERAGE         44                        46     -2       48

PRECIPITATION (IN)
  YESTERDAY        0.30          0.85 1991   0.02   0.28     0.00
  MONTH TO DATE    0.87                      0.55   0.32     1.59
  SINCE OCT 1      6.74                      5.03   1.71     6.33
  SINCE JAN 1      3.14                      2.20   0.94     3.61

SNOWFALL (IN)
  YESTERDAY       MM

DEGREE DAYS
 HEATING
  YESTERDAY       21                        20      1       17
  MONTH TO DATE  551                       554     -3      494
  SINCE MAR 1    551                       554     -3      494
  SINCE JUL 1   5329                      5127    202     4447

 COOLING
  YESTERDAY        0                         0      0        0
  MONTH TO DATE    0                         0      0        0
  SINCE MAR 1      0                         0      0        0
  SINCE JAN 1      0                         0      0        0
..................................................................


WIND (MPH)
  HIGHEST WIND SPEED    14   HIGHEST WIND DIRECTION     N (10)
  HIGHEST GUST SPEED    16   HIGHEST GUST DIRECTION    SW (230)
  AVERAGE WIND SPEED     5.9


SKY COVER
  POSSIBLE SUNSHINE  MM
  AVERAGE SKY COVER 0.8


WEATHER CONDITIONS
 THE FOLLOWING WEATHER WAS RECORDED YESTERDAY.
  RAIN
  LIGHT RAIN
  FOG


RELATIVE HUMIDITY (PERCENT)
 HIGHEST    82           900 AM
 LOWEST     62          1200 AM
 AVERAGE    72

..........................................................


THE EPHRATA WA AIRPORT CLIMATE NORMALS FOR TODAY
                         NORMAL    RECORD    YEAR
 MAXIMUM TEMPERATURE (F)   57        75      1960
 MINIMUM TEMPERATURE (F)   34        19      1996


SUNRISE AND SUNSET
MARCH 25 2017.........SUNRISE   650 AM PDT   SUNSET   718 PM PDT
MARCH 26 2017.........SUNRISE   648 AM PDT   SUNSET   720 PM PDT


-  INDICATES NEGATIVE NUMBERS.
R  INDICATES RECORD WAS SET OR TIED.
MM INDICATES DATA IS MISSING.
T  INDICATES TRACE AMOUNT.




$$
