000
CDUS46 KOTX 200827
CLIEPH


CLIMATE REPORT
NATIONAL WEATHER SERVICE SPOKANE, WA
1226 AM PST MON NOV 20 2017


...................................

...THE EPHRATA WA AIRPORT CLIMATE SUMMARY FOR NOVEMBER 19 2017...

CLIMATE NORMAL PERIOD 1981 TO 2010
CLIMATE RECORD PERIOD 9999 TO 9999


WEATHER ITEM   OBSERVED TIME   RECORD YEAR NORMAL DEPARTURE LAST
                VALUE   (LST)  VALUE       VALUE  FROM      YEAR
                                                  NORMAL
..................................................................
TEMPERATURE (F)
 YESTERDAY
  MAXIMUM         41    942 PM  60    1962  43     -2       47
  MINIMUM         27    715 AM   5    1985  28     -1       36
  AVERAGE         34                        36     -2       42

PRECIPITATION (IN)
  YESTERDAY        0.04          0.33 1996   0.04   0.00     0.05
  MONTH TO DATE    0.66                      0.64   0.02     0.57
  SINCE OCT 1      1.41                      1.17   0.24     3.09
  SINCE JAN 1      7.31                      6.19   1.12     9.45

SNOWFALL (IN)
  YESTERDAY       MM

DEGREE DAYS
 HEATING
  YESTERDAY       31                        29      2       23
  MONTH TO DATE  498                       488     10      325
  SINCE SEP 1   1099                      1052     47      857
  SINCE JUL 1   1099                      1069     30      859

 COOLING
  YESTERDAY        0                         0      0        0
  MONTH TO DATE    0                         0      0        0
  SINCE SEP 1    101                        78     23       19
  SINCE JAN 1   1072                       772    300      751
..................................................................


WIND (MPH)
  HIGHEST WIND SPEED    12   HIGHEST WIND DIRECTION     S (170)
  HIGHEST GUST SPEED    15   HIGHEST GUST DIRECTION     S (170)
  AVERAGE WIND SPEED     3.8


SKY COVER
  POSSIBLE SUNSHINE  MM
  AVERAGE SKY COVER 0.2


WEATHER CONDITIONS
 THE FOLLOWING WEATHER WAS RECORDED YESTERDAY.
  RAIN


RELATIVE HUMIDITY (PERCENT)
 HIGHEST    82          1200 AM
 LOWEST     64           900 PM
 AVERAGE    73

..........................................................


THE EPHRATA WA AIRPORT CLIMATE NORMALS FOR TODAY
                         NORMAL    RECORD    YEAR
 MAXIMUM TEMPERATURE (F)   43        58      1986
 MINIMUM TEMPERATURE (F)   28        12      1977


SUNRISE AND SUNSET
NOVEMBER 20 2017......SUNRISE   710 AM PST   SUNSET   417 PM PST
NOVEMBER 21 2017......SUNRISE   711 AM PST   SUNSET   416 PM PST


-  INDICATES NEGATIVE NUMBERS.
R  INDICATES RECORD WAS SET OR TIED.
MM INDICATES DATA IS MISSING.
T  INDICATES TRACE AMOUNT.




$$
