000
CDUS46 KOTX 240822
CLIEPH


CLIMATE REPORT
NATIONAL WEATHER SERVICE SPOKANE, WA
121 AM PDT SUN JUL 24 2016


...................................

...THE EPHRATA WA AIRPORT CLIMATE SUMMARY FOR JULY 23 2016...

CLIMATE NORMAL PERIOD 1981 TO 2010
CLIMATE RECORD PERIOD 9999 TO 9999


WEATHER ITEM   OBSERVED TIME   RECORD YEAR NORMAL DEPARTURE LAST
                VALUE   (LST)  VALUE       VALUE  FROM      YEAR
                                                  NORMAL
..................................................................
TEMPERATURE (F)
 YESTERDAY
  MAXIMUM         82    612 PM 107    2006  90     -8       87
  MINIMUM         61    237 AM  51    1963  62     -1       57
  AVERAGE         72                        76     -4       72

PRECIPITATION (IN)
  YESTERDAY        0.00          1.56 1992   0.01  -0.01     0.00
  MONTH TO DATE    0.28                      0.30  -0.02     0.01
  SINCE OCT 1      8.97                      7.20   1.77     6.86
  SINCE JAN 1      6.25                      4.37   1.88     4.07

SNOWFALL (IN)
  YESTERDAY       MM

DEGREE DAYS
 HEATING
  YESTERDAY        0                         0      0        0
  MONTH TO DATE    0                         4     -4        0
  SINCE JUN 1     70                        64      6        4
  SINCE JUL 1      0                         4     -4        0

 COOLING
  YESTERDAY        7                        11     -4        7
  MONTH TO DATE  128                       206    -78      384
  SINCE JUN 1    303                       316    -13      757
  SINCE JAN 1    335                       353    -18      842
..................................................................


WIND (MPH)
  HIGHEST WIND SPEED    15   HIGHEST WIND DIRECTION    SW (240)
  HIGHEST GUST SPEED    21   HIGHEST GUST DIRECTION    SW (210)
  AVERAGE WIND SPEED     5.8


SKY COVER
  POSSIBLE SUNSHINE  MM
  AVERAGE SKY COVER 0.0


WEATHER CONDITIONS
 THE FOLLOWING WEATHER WAS RECORDED YESTERDAY.
  NO SIGNIFICANT WEATHER WAS OBSERVED.


RELATIVE HUMIDITY (PERCENT)
 HIGHEST    52          1200 AM
 LOWEST     26           200 PM
 AVERAGE    39

..........................................................


THE EPHRATA WA AIRPORT CLIMATE NORMALS FOR TODAY
                         NORMAL    RECORD    YEAR
 MAXIMUM TEMPERATURE (F)   90       105      1994
 MINIMUM TEMPERATURE (F)   62        48      2014


SUNRISE AND SUNSET
JULY 24 2016..........SUNRISE   527 AM PDT   SUNSET   841 PM PDT
JULY 25 2016..........SUNRISE   529 AM PDT   SUNSET   840 PM PDT


-  INDICATES NEGATIVE NUMBERS.
R  INDICATES RECORD WAS SET OR TIED.
MM INDICATES DATA IS MISSING.
T  INDICATES TRACE AMOUNT.




$$
