506
CDUS46 KOTX 230822
CLIEPH


CLIMATE REPORT
NATIONAL WEATHER SERVICE SPOKANE, WA
122 AM PDT SAT SEP 23 2017


...................................

...THE EPHRATA WA AIRPORT CLIMATE SUMMARY FOR SEPTEMBER 22 2017...

CLIMATE NORMAL PERIOD 1981 TO 2010
CLIMATE RECORD PERIOD 9999 TO 9999


WEATHER ITEM   OBSERVED TIME   RECORD YEAR NORMAL DEPARTURE LAST
                VALUE   (LST)  VALUE       VALUE  FROM      YEAR
                                                  NORMAL
..................................................................
TEMPERATURE (F)
 YESTERDAY
  MAXIMUM         66    333 PM  96    1966  76    -10       73
  MINIMUM         46    117 AM  35    1956  48     -2       48
  AVERAGE         56                        62     -6       61

PRECIPITATION (IN)
  YESTERDAY        0.00          0.63 1984   0.01  -0.01     0.00
  MONTH TO DATE    0.09                      0.24  -0.15     0.06
  SINCE OCT 1      9.50                      7.73   1.77     9.07
  SINCE JAN 1      5.90                      4.90   1.00     6.35

SNOWFALL (IN)
  YESTERDAY       MM

DEGREE DAYS
 HEATING
  YESTERDAY        9                         5      4        4
  MONTH TO DATE   77                        58     19       64
  SINCE SEP 1     77                        58     19       64
  SINCE JUL 1     77                        75      2       66

 COOLING
  YESTERDAY        0                         2     -2        0
  MONTH TO DATE   99                        67     32        7
  SINCE SEP 1     99                        67     32        7
  SINCE JAN 1   1070                       761    309      739
..................................................................


WIND (MPH)
  HIGHEST WIND SPEED    13   HIGHEST WIND DIRECTION    SW (210)
  HIGHEST GUST SPEED    17   HIGHEST GUST DIRECTION     S (200)
  AVERAGE WIND SPEED     3.7


SKY COVER
  POSSIBLE SUNSHINE  MM
  AVERAGE SKY COVER 0.4


WEATHER CONDITIONS
 THE FOLLOWING WEATHER WAS RECORDED YESTERDAY.
  NO SIGNIFICANT WEATHER WAS OBSERVED.


RELATIVE HUMIDITY (PERCENT)
 HIGHEST    71           400 AM
 LOWEST     31           200 PM
 AVERAGE    51

..........................................................


THE EPHRATA WA AIRPORT CLIMATE NORMALS FOR TODAY
                         NORMAL    RECORD    YEAR
 MAXIMUM TEMPERATURE (F)   75        92      1987
 MINIMUM TEMPERATURE (F)   47        32      2008


SUNRISE AND SUNSET
SEPTEMBER 23 2017.....SUNRISE   647 AM PDT   SUNSET   653 PM PDT
SEPTEMBER 24 2017.....SUNRISE   648 AM PDT   SUNSET   651 PM PDT


-  INDICATES NEGATIVE NUMBERS.
R  INDICATES RECORD WAS SET OR TIED.
MM INDICATES DATA IS MISSING.
T  INDICATES TRACE AMOUNT.




$$
