000
CDUS46 KOTX 130821
CLIEPH


CLIMATE REPORT
NATIONAL WEATHER SERVICE SPOKANE, WA
121 AM PDT SUN JUL 13 2014


...................................

...THE EPHRATA WA AIRPORT CLIMATE SUMMARY FOR JULY 12 2014...

CLIMATE NORMAL PERIOD 1981 TO 2010
CLIMATE RECORD PERIOD 9999 TO 9999


WEATHER ITEM   OBSERVED TIME   RECORD YEAR NORMAL DEPARTURE LAST
                VALUE   (LST)  VALUE       VALUE  FROM      YEAR
                                                  NORMAL
..................................................................
TEMPERATURE (F)
 YESTERDAY
  MAXIMUM        101    350 PM 106    2002  88     13       77
  MINIMUM         68    424 AM  48    1974  60      8       59
  AVERAGE         85                        74     11       68

PRECIPITATION (IN)
  YESTERDAY        0.00          0.01 1993   0.01  -0.01     0.00
  MONTH TO DATE    T                         0.16  -0.16      T
  SINCE OCT 1      3.81                      7.06  -3.25     7.41
  SINCE JAN 1      3.06                      4.23  -1.17     3.61

SNOWFALL (IN)
  YESTERDAY       MM            MM      MM   0.0   MM       MM
  MONTH TO DATE   MM                         0.0   MM       MM
  SINCE JUN 1     MM                         0.0   MM       MM
  SINCE JUL 1     MM                         0.0   MM       MM
  SNOW DEPTH      MM

DEGREE DAYS
 HEATING
  YESTERDAY        0                         0      0        0
  MONTH TO DATE    0                         4     -4        0
  SINCE JUN 1     23                        64    -41       58
  SINCE JUL 1      0                         4     -4        0

 COOLING
  YESTERDAY       20                         9     11        3
  MONTH TO DATE  196                        93    103      163
  SINCE JUN 1    342                       203    139      275
  SINCE JAN 1    386                       240    146      332
..................................................................


WIND (MPH)
  HIGHEST WIND SPEED    14   HIGHEST WIND DIRECTION    SW (220)
  HIGHEST GUST SPEED    18   HIGHEST GUST DIRECTION     S (190)
  AVERAGE WIND SPEED     6.3


SKY COVER
  POSSIBLE SUNSHINE  MM
  AVERAGE SKY COVER 0.0


WEATHER CONDITIONS
 THE FOLLOWING WEATHER WAS RECORDED YESTERDAY.
  NO SIGNIFICANT WEATHER WAS OBSERVED.


RELATIVE HUMIDITY (PERCENT)
 HIGHEST    28           200 AM
 LOWEST      9           200 PM
 AVERAGE    19

..........................................................


THE EPHRATA WA AIRPORT CLIMATE NORMALS FOR TODAY
                         NORMAL    RECORD    YEAR
 MAXIMUM TEMPERATURE (F)   88       107      2002
 MINIMUM TEMPERATURE (F)   60        50      1968


SUNRISE AND SUNSET
JULY 13 2014..........SUNRISE   515 AM PDT   SUNSET   852 PM PDT
JULY 14 2014..........SUNRISE   516 AM PDT   SUNSET   851 PM PDT


-  INDICATES NEGATIVE NUMBERS.
R  INDICATES RECORD WAS SET OR TIED.
MM INDICATES DATA IS MISSING.
T  INDICATES TRACE AMOUNT.




$$
