000
CDUS46 KOTX 200819
CLIEPH


CLIMATE REPORT
NATIONAL WEATHER SERVICE SPOKANE, WA
1219 AM PST SAT JAN 20 2018


...................................

...THE EPHRATA WA AIRPORT CLIMATE SUMMARY FOR JANUARY 19 2018...

CLIMATE NORMAL PERIOD 1981 TO 2010
CLIMATE RECORD PERIOD 9999 TO 9999


WEATHER ITEM   OBSERVED TIME   RECORD YEAR NORMAL DEPARTURE LAST
                VALUE   (LST)  VALUE       VALUE  FROM      YEAR
                                                  NORMAL
..................................................................
TEMPERATURE (F)
 YESTERDAY
  MAXIMUM         44    241 PM  56    1968  36      8       34
  MINIMUM         32   1139 PM  -4    1960  23      9       30
  AVERAGE         38                        29      9       32

PRECIPITATION (IN)
  YESTERDAY        0.00          0.40 1957   0.03  -0.03     0.00
  MONTH TO DATE    0.88                      0.60   0.28     0.68
  SINCE OCT 1      3.46                      3.43   0.03     4.28
  SINCE JAN 1      0.88                      0.60   0.28     0.68

SNOWFALL (IN)
  YESTERDAY       MM

DEGREE DAYS
 HEATING
  YESTERDAY       27                        36     -9       33
  MONTH TO DATE  577                       707   -130      936
  SINCE DEC 1   1685                      1874   -189     2226
  SINCE JUL 1   3065                      3293   -228     3349

 COOLING
  YESTERDAY        0                         0      0        0
  MONTH TO DATE    0                         0      0        0
  SINCE DEC 1      0                         0      0        0
  SINCE JAN 1      0                         0      0        0
..................................................................


WIND (MPH)
  HIGHEST WIND SPEED     8   HIGHEST WIND DIRECTION     S (200)
  HIGHEST GUST SPEED    10   HIGHEST GUST DIRECTION     S (180)
  AVERAGE WIND SPEED     2.9


SKY COVER
  POSSIBLE SUNSHINE  MM
  AVERAGE SKY COVER 0.8


WEATHER CONDITIONS
 THE FOLLOWING WEATHER WAS RECORDED YESTERDAY.
  FOG
  FOG W/VISIBILITY <= 1/4 MILE
  HAZE


RELATIVE HUMIDITY (PERCENT)
 HIGHEST    89           400 AM
 LOWEST     62           200 PM
 AVERAGE    76

..........................................................


THE EPHRATA WA AIRPORT CLIMATE NORMALS FOR TODAY
                         NORMAL    RECORD    YEAR
 MAXIMUM TEMPERATURE (F)   36        54      1968
 MINIMUM TEMPERATURE (F)   23        -3      1954


SUNRISE AND SUNSET
JANUARY 20 2018.......SUNRISE   737 AM PST   SUNSET   442 PM PST
JANUARY 21 2018.......SUNRISE   736 AM PST   SUNSET   444 PM PST


-  INDICATES NEGATIVE NUMBERS.
R  INDICATES RECORD WAS SET OR TIED.
MM INDICATES DATA IS MISSING.
T  INDICATES TRACE AMOUNT.




$$
