000
CDUS46 KOTX 160840
CLIEPH


CLIMATE REPORT
NATIONAL WEATHER SERVICE SPOKANE, WA
139 AM PDT TUE SEP 16 2014


...................................

...THE EPHRATA WA AIRPORT CLIMATE SUMMARY FOR SEPTEMBER 15 2014...

CLIMATE NORMAL PERIOD 1981 TO 2010
CLIMATE RECORD PERIOD 9999 TO 9999


WEATHER ITEM   OBSERVED TIME   RECORD YEAR NORMAL DEPARTURE LAST
                VALUE   (LST)  VALUE       VALUE  FROM      YEAR
                                                  NORMAL
..................................................................
TEMPERATURE (F)
 YESTERDAY
  MAXIMUM         88    313 PM  94    2013  78     10       94
                                      2001
                                      1967
  MINIMUM         49    548 AM  37    1970  50     -1       62
  AVERAGE         69                        64      5       78

PRECIPITATION (IN)
  YESTERDAY        0.00          0.40 1996   0.01  -0.01     0.28
  MONTH TO DATE    T                         0.15  -0.15     0.49
  SINCE OCT 1      4.64                      7.64  -3.00     8.53
  SINCE JAN 1      3.89                      4.81  -0.92     4.73

SNOWFALL (IN)
  YESTERDAY       MM            MM      MM   0.0   MM       MM
  MONTH TO DATE   MM                         0.0   MM       MM
  SINCE SEP 1     MM                         0.0   MM       MM
  SINCE JUL 1     MM                         0.0   MM       MM
  SNOW DEPTH      MM

DEGREE DAYS
 HEATING
  YESTERDAY        0                         3     -3        0
  MONTH TO DATE   17                        29    -12        6
  SINCE SEP 1     17                        29    -12        6
  SINCE JUL 1     18                        46    -28        6

 COOLING
  YESTERDAY        4                         2      2       13
  MONTH TO DATE   34                        53    -19      155
  SINCE SEP 1     34                        53    -19      155
  SINCE JAN 1   1067                       747    320     1079
..................................................................


WIND (MPH)
  HIGHEST WIND SPEED    13   HIGHEST WIND DIRECTION    SW (230)
  HIGHEST GUST SPEED    16   HIGHEST GUST DIRECTION    SW (240)
  AVERAGE WIND SPEED     5.7


SKY COVER
  POSSIBLE SUNSHINE  MM
  AVERAGE SKY COVER 0.0


WEATHER CONDITIONS
 THE FOLLOWING WEATHER WAS RECORDED YESTERDAY.
  NO SIGNIFICANT WEATHER WAS OBSERVED.


RELATIVE HUMIDITY (PERCENT)
 HIGHEST    50           600 AM
 LOWEST     12           300 PM
 AVERAGE    31

..........................................................


THE EPHRATA WA AIRPORT CLIMATE NORMALS FOR TODAY
                         NORMAL    RECORD    YEAR
 MAXIMUM TEMPERATURE (F)   78        96      1981
 MINIMUM TEMPERATURE (F)   50        38      1965


SUNRISE AND SUNSET
SEPTEMBER 16 2014.....SUNRISE   637 AM PDT   SUNSET   708 PM PDT
SEPTEMBER 17 2014.....SUNRISE   638 AM PDT   SUNSET   706 PM PDT


-  INDICATES NEGATIVE NUMBERS.
R  INDICATES RECORD WAS SET OR TIED.
MM INDICATES DATA IS MISSING.
T  INDICATES TRACE AMOUNT.




$$
