000
CDUS46 KOTX 160853
CLIEPH


CLIMATE REPORT
NATIONAL WEATHER SERVICE SPOKANE, WA
1253 AM PST MON JAN 16 2017


...................................

...THE EPHRATA WA AIRPORT CLIMATE SUMMARY FOR JANUARY 15 2017...

CLIMATE NORMAL PERIOD 1981 TO 2010
CLIMATE RECORD PERIOD 9999 TO 9999


WEATHER ITEM   OBSERVED TIME   RECORD YEAR NORMAL DEPARTURE LAST
                VALUE   (LST)  VALUE       VALUE  FROM      YEAR
                                                  NORMAL
..................................................................
TEMPERATURE (F)
 YESTERDAY
  MAXIMUM         12    832 PM  54    1961  35    -23       33
  MINIMUM          7    810 AM  -9    1950  22    -15       23
  AVERAGE         10                        29    -19       28

PRECIPITATION (IN)
  YESTERDAY        T             0.23 2011   0.03  -0.03      T
  MONTH TO DATE    0.11                      0.49  -0.38     0.53
  SINCE OCT 1      3.71                      3.32   0.39     3.25
  SINCE JAN 1      0.11                      0.49  -0.38     0.53

SNOWFALL (IN)
  YESTERDAY       MM

DEGREE DAYS
 HEATING
  YESTERDAY       55                        36     19       37
  MONTH TO DATE  764                       563    201      549
  SINCE DEC 1   2054                      1730    324     1592
  SINCE JUL 1   3177                      3149     28     2748

 COOLING
  YESTERDAY        0                         0      0        0
  MONTH TO DATE    0                         0      0        0
  SINCE DEC 1      0                         0      0        0
  SINCE JAN 1      0                         0      0        0
..................................................................


WIND (MPH)
  HIGHEST WIND SPEED     7   HIGHEST WIND DIRECTION    SE (150)
  HIGHEST GUST SPEED     8   HIGHEST GUST DIRECTION     N (20)
  AVERAGE WIND SPEED     3.4


SKY COVER
  POSSIBLE SUNSHINE  MM
  AVERAGE SKY COVER 1.0


WEATHER CONDITIONS
 THE FOLLOWING WEATHER WAS RECORDED YESTERDAY.
  LIGHT SNOW
  HAZE


RELATIVE HUMIDITY (PERCENT)
 HIGHEST    80           100 AM
 LOWEST     73           200 AM
 AVERAGE    77

..........................................................


THE EPHRATA WA AIRPORT CLIMATE NORMALS FOR TODAY
                         NORMAL    RECORD    YEAR
 MAXIMUM TEMPERATURE (F)   35        54      1994
 MINIMUM TEMPERATURE (F)   23       -14      1950


SUNRISE AND SUNSET
JANUARY 16 2017.......SUNRISE   740 AM PST   SUNSET   437 PM PST
JANUARY 17 2017.......SUNRISE   739 AM PST   SUNSET   438 PM PST


-  INDICATES NEGATIVE NUMBERS.
R  INDICATES RECORD WAS SET OR TIED.
MM INDICATES DATA IS MISSING.
T  INDICATES TRACE AMOUNT.




$$
