000
CDUS46 KOTX 260823
CLIEPH


CLIMATE REPORT
NATIONAL WEATHER SERVICE SPOKANE, WA
1222 AM PST THU FEB 26 2015


...................................

...THE EPHRATA WA AIRPORT CLIMATE SUMMARY FOR FEBRUARY 25 2015...

CLIMATE NORMAL PERIOD 1981 TO 2010
CLIMATE RECORD PERIOD 9999 TO 9999


WEATHER ITEM   OBSERVED TIME   RECORD YEAR NORMAL DEPARTURE LAST
                VALUE   (LST)  VALUE       VALUE  FROM      YEAR
                                                  NORMAL
..................................................................
TEMPERATURE (F)
 YESTERDAY
  MAXIMUM         54    309 PM  62    1995  46      8       38
  MINIMUM         24    625 AM  -1    1993  27     -3       27
  AVERAGE         39                        37      2       33

PRECIPITATION (IN)
  YESTERDAY        0.00          0.49 1981   0.03  -0.03      T
  MONTH TO DATE    0.59                      0.66  -0.07     0.66
  SINCE OCT 1      4.09                      4.40  -0.31     1.72
  SINCE JAN 1      1.30                      1.57  -0.27     0.97

SNOWFALL (IN)
  YESTERDAY       MM

DEGREE DAYS
 HEATING
  YESTERDAY       26                        28     -2       32
  MONTH TO DATE  565                       781   -216      888
  SINCE DEC 1   2485                      3070   -585     3131
  SINCE JUL 1   3632                      4489   -857     4500

 COOLING
  YESTERDAY        0                         0      0        0
  MONTH TO DATE    0                         0      0        0
  SINCE DEC 1      0                         0      0        0
  SINCE JAN 1      0                         0      0        0
..................................................................


WIND (MPH)
  HIGHEST WIND SPEED    14   HIGHEST WIND DIRECTION    SE (140)
  HIGHEST GUST SPEED    17   HIGHEST GUST DIRECTION    SE (140)
  AVERAGE WIND SPEED     4.8


SKY COVER
  POSSIBLE SUNSHINE  MM
  AVERAGE SKY COVER 0.3


WEATHER CONDITIONS
 THE FOLLOWING WEATHER WAS RECORDED YESTERDAY.
  NO SIGNIFICANT WEATHER WAS OBSERVED.


RELATIVE HUMIDITY (PERCENT)
 HIGHEST    88           700 AM
 LOWEST     35           300 PM
 AVERAGE    62

..........................................................


THE EPHRATA WA AIRPORT CLIMATE NORMALS FOR TODAY
                         NORMAL    RECORD    YEAR
 MAXIMUM TEMPERATURE (F)   47        61      1988
 MINIMUM TEMPERATURE (F)   28        -2      1993


SUNRISE AND SUNSET
FEBRUARY 26 2015......SUNRISE   644 AM PST   SUNSET   538 PM PST
FEBRUARY 27 2015......SUNRISE   642 AM PST   SUNSET   540 PM PST


-  INDICATES NEGATIVE NUMBERS.
R  INDICATES RECORD WAS SET OR TIED.
MM INDICATES DATA IS MISSING.
T  INDICATES TRACE AMOUNT.




$$
