000
CDUS46 KOTX 220824
CLIEPH


CLIMATE REPORT
NATIONAL WEATHER SERVICE SPOKANE, WA
120 AM PDT TUE JUL 22 2014


...................................

...THE EPHRATA WA AIRPORT CLIMATE SUMMARY FOR JULY 21 2014...

CLIMATE NORMAL PERIOD 1981 TO 2010
CLIMATE RECORD PERIOD 9999 TO 9999


WEATHER ITEM   OBSERVED TIME   RECORD YEAR NORMAL DEPARTURE LAST
                VALUE   (LST)  VALUE       VALUE  FROM      YEAR
                                                  NORMAL
..................................................................
TEMPERATURE (F)
 YESTERDAY
  MAXIMUM         82    518 PM 105    2006  90     -8       96
                                      1994
  MINIMUM         54    347 AM  50    1993  61     -7       69
  AVERAGE         68                        76     -8       83

PRECIPITATION (IN)
  YESTERDAY        0.00        0.58   1965  0.02  -0.02     0.00
  MONTH TO DATE    T                        0.28  -0.28      T
  SINCE OCT 1      3.81                     7.18  -3.37     7.41
  SINCE JAN 1      3.06                     4.35  -1.29     3.61

SNOWFALL (IN)
  YESTERDAY       MM            MM     MM   0.0     MM       MM
  MONTH TO DATE   MM                        0.0     MM       MM
  SINCE JUN 1     MM                        0.0     MM       MM
  SINCE JUL 1     MM                        0.0     MM       MM
  SNOW DEPTH      MM

DEGREE DAYS
 HEATING
  YESTERDAY        0                         0      0        0
  MONTH TO DATE    0                         4     -4        0
  SINCE JUN 1     23                        64    -41       58
  SINCE JUL 1      0                         4     -4        0

 COOLING
  YESTERDAY        3                        11     -8       18
  MONTH TO DATE  349                       184    165      290
  SINCE JUN 1    495                       294    201      402
  SINCE JAN 1    539                       331    208      459
..................................................................


WIND (MPH)
  HIGHEST WIND SPEED    15   HIGHEST WIND DIRECTION     S (170)
  HIGHEST GUST SPEED    20   HIGHEST GUST DIRECTION     S (160)
  AVERAGE WIND SPEED     6.1


SKY COVER
  POSSIBLE SUNSHINE  MM
  AVERAGE SKY COVER 0.0


WEATHER CONDITIONS
 THE FOLLOWING WEATHER WAS RECORDED YESTERDAY.
  NO SIGNIFICANT WEATHER WAS OBSERVED.


RELATIVE HUMIDITY (PERCENT)
 HIGHEST    59           500 AM
 LOWEST     21           500 PM
 AVERAGE    40

..........................................................


THE EPHRATA WA AIRPORT CLIMATE NORMALS FOR TODAY
                         NORMAL    RECORD    YEAR
 MAXIMUM TEMPERATURE (F)   90       106      2006
                                             1994
 MINIMUM TEMPERATURE (F)   62        49      1973


SUNRISE AND SUNSET
JULY 22 2014..........SUNRISE   525 AM PDT   SUNSET   844 PM PDT
JULY 23 2014..........SUNRISE   526 AM PDT   SUNSET   843 PM PDT


-  INDICATES NEGATIVE NUMBERS.
R  INDICATES RECORD WAS SET OR TIED.
MM INDICATES DATA IS MISSING.
T  INDICATES TRACE AMOUNT.

$$
