000
CDUS41 KCLE 290528
CLIERI


CLIMATE REPORT
NATIONAL WEATHER SERVICE CLEVELAND OH
126 AM EDT WED JUL 29 2015


...................................

...THE ERIE PA CLIMATE SUMMARY FOR JULY 28 2015...

CLIMATE NORMAL PERIOD 1981 TO 2010
CLIMATE RECORD PERIOD 1873 TO 2015


WEATHER ITEM   OBSERVED TIME   RECORD YEAR NORMAL DEPARTURE LAST
                VALUE   (LST)  VALUE       VALUE  FROM      YEAR
                                                  NORMAL
..................................................................
TEMPERATURE (F)
 YESTERDAY
  MAXIMUM         89    308 PM  94    1993  80      9       70
  MINIMUM         64    324 AM  50    1972  64      0       60
  AVERAGE         77                        72      5       65

PRECIPITATION (IN)
  YESTERDAY        0.00                      0.12  -0.12     0.10
  MONTH TO DATE    2.21                      3.18  -0.97     3.11
  SINCE JUN 1      7.49                      6.94   0.55     8.10
  SINCE JAN 1     21.68                     22.00  -0.32    24.25

SNOWFALL (IN)
  YESTERDAY        0.0                       0.0    0.0      0.0
  MONTH TO DATE    0.0                       0.0    0.0      0.0
  SINCE JUN 1      0.0                       0.0    0.0      0.0
  SINCE JUL 1      0.0                       0.0    0.0      0.0
  SNOW DEPTH       0

DEGREE DAYS
 HEATING
  YESTERDAY        0                         0      0        0
  MONTH TO DATE   12                         2     10        5
  SINCE JUN 1     49                        63    -14       35
  SINCE JUL 1     12                         2     10        5

 COOLING
  YESTERDAY       12                         7      5        0
  MONTH TO DATE  165                       194    -29      142
  SINCE JUN 1    265                       317    -52      307
  SINCE JAN 1    377                       356     21      346
..................................................................


WIND (MPH)
  HIGHEST WIND SPEED    13   HIGHEST WIND DIRECTION    NE (30)
  HIGHEST GUST SPEED    17   HIGHEST GUST DIRECTION     N (10)
  AVERAGE WIND SPEED     4.2


SKY COVER
  POSSIBLE SUNSHINE  MM
  AVERAGE SKY COVER 0.0


WEATHER CONDITIONS
 THE FOLLOWING WEATHER WAS RECORDED YESTERDAY.
  NO SIGNIFICANT WEATHER WAS OBSERVED.


RELATIVE HUMIDITY (PERCENT)
 HIGHEST    81           600 AM
 LOWEST     36           400 PM
 AVERAGE    59

..........................................................


THE ERIE PA CLIMATE NORMALS FOR TODAY
                         NORMAL    RECORD    YEAR
 MAXIMUM TEMPERATURE (F)   80        92      1940
 MINIMUM TEMPERATURE (F)   64        50      1972


SUNRISE AND SUNSET
JULY 29 2015..........SUNRISE   611 AM EDT   SUNSET   843 PM EDT
JULY 30 2015..........SUNRISE   612 AM EDT   SUNSET   842 PM EDT


-  INDICATES NEGATIVE NUMBERS.
R  INDICATES RECORD WAS SET OR TIED.
MM INDICATES DATA IS MISSING.
T  INDICATES TRACE AMOUNT.




$$
