000
CDUS41 KCLE 270526
CLIERI


CLIMATE REPORT
NATIONAL WEATHER SERVICE CLEVELAND OH
1225 AM EST SAT DEC 27 2014


...................................

...THE ERIE PA CLIMATE SUMMARY FOR DECEMBER 26 2014...

CLIMATE NORMAL PERIOD 1981 TO 2010
CLIMATE RECORD PERIOD 1873 TO 2014


WEATHER ITEM   OBSERVED TIME   RECORD YEAR NORMAL DEPARTURE LAST
                VALUE   (LST)  VALUE       VALUE  FROM      YEAR
                                                  NORMAL
..................................................................
TEMPERATURE (F)
 YESTERDAY
  MAXIMUM         50    248 PM  63    1889  35     15       32
  MINIMUM         35    431 AM  -6    1983  24     11       26
  AVERAGE         43                        30     13       29

PRECIPITATION (IN)
  YESTERDAY        0.00                      0.11  -0.11     0.27
  MONTH TO DATE    2.00                      3.17  -1.17     5.61
  SINCE DEC 1      2.00                      3.17  -1.17     5.61
  SINCE JAN 1     40.23                     41.59  -1.36    54.11

SNOWFALL (IN)
  YESTERDAY        0.0                       1.0   -1.0      3.6
  MONTH TO DATE    3.8                      22.1  -18.3     42.0
  SINCE DEC 1      3.8                      22.1  -18.3     42.0
  SINCE JUL 1     28.8                      30.8   -2.0     57.6
  SNOW DEPTH       0

DEGREE DAYS
 HEATING
  YESTERDAY       22                        36    -14       36
  MONTH TO DATE  737                       832    -95      873
  SINCE DEC 1    737                       832    -95      873
  SINCE JUL 1   1951                      1988    -37     2072

 COOLING
  YESTERDAY        0                         0      0        0
  MONTH TO DATE    0                         0      0        0
  SINCE DEC 1      0                         0      0        0
  SINCE JAN 1    603                       638    -35      706
..................................................................


WIND (MPH)
  HIGHEST WIND SPEED    20   HIGHEST WIND DIRECTION     S (200)
  HIGHEST GUST SPEED    26   HIGHEST GUST DIRECTION     S (190)
  AVERAGE WIND SPEED    11.9


SKY COVER
  POSSIBLE SUNSHINE  MM
  AVERAGE SKY COVER 0.2


WEATHER CONDITIONS
 THE FOLLOWING WEATHER WAS RECORDED YESTERDAY.
  NO SIGNIFICANT WEATHER WAS OBSERVED.


RELATIVE HUMIDITY (PERCENT)
 HIGHEST    75           800 AM
 LOWEST     50           200 PM
 AVERAGE    63

..........................................................


THE ERIE PA CLIMATE NORMALS FOR TODAY
                         NORMAL    RECORD    YEAR
 MAXIMUM TEMPERATURE (F)   35        68      2008
 MINIMUM TEMPERATURE (F)   23         4      1894


SUNRISE AND SUNSET
DECEMBER 27 2014......SUNRISE   748 AM EST   SUNSET   456 PM EST
DECEMBER 28 2014......SUNRISE   748 AM EST   SUNSET   456 PM EST


-  INDICATES NEGATIVE NUMBERS.
R  INDICATES RECORD WAS SET OR TIED.
MM INDICATES DATA IS MISSING.
T  INDICATES TRACE AMOUNT.




$$
