000
CDUS41 KCLE 230528
CLIERI


CLIMATE REPORT
NATIONAL WEATHER SERVICE CLEVELAND OH
1227 AM EST THU NOV 23 2017


...................................

...THE ERIE PA CLIMATE SUMMARY FOR NOVEMBER 22 2017...

CLIMATE NORMAL PERIOD 1981 TO 2010
CLIMATE RECORD PERIOD 1873 TO 2017


WEATHER ITEM   OBSERVED TIME   RECORD YEAR NORMAL DEPARTURE LAST
                VALUE   (LST)  VALUE       VALUE  FROM      YEAR
                                                  NORMAL
..................................................................
TEMPERATURE (F)
 YESTERDAY
  MAXIMUM         38    425 AM  72    1934  47     -9       39
                                      1913
  MINIMUM         33    525 PM   6    1880  35     -2       33
  AVERAGE         36                        41     -5       36

PRECIPITATION (IN)
  YESTERDAY        0.16                      0.13   0.03     0.00
  MONTH TO DATE    6.23                      2.88   3.35     1.52
  SINCE SEP 1     14.36                     11.54   2.82    13.72
  SINCE JAN 1     45.73                     37.37   8.36    40.78

SNOWFALL (IN)
  YESTERDAY        T                         0.4   -0.4      0.0
  MONTH TO DATE    0.5                       4.9   -4.4      2.3
  SINCE SEP 1      0.5                       5.1   -4.6      2.3
  SINCE JUL 1      0.5                       5.1   -4.6      2.3
  SNOW DEPTH       0

DEGREE DAYS
 HEATING
  YESTERDAY       29                        24      5       29
  MONTH TO DATE  490                       446     44      338
  SINCE SEP 1    811                       931   -120      614
  SINCE JUL 1    821                       949   -128      614

 COOLING
  YESTERDAY        0                         0      0        0
  MONTH TO DATE    0                         0      0        2
  SINCE SEP 1    135                        80     55      168
  SINCE JAN 1    697                       638     59     1017
..................................................................


WIND (MPH)
  HIGHEST WIND SPEED    17   HIGHEST WIND DIRECTION    NW (310)
  HIGHEST GUST SPEED    27   HIGHEST GUST DIRECTION     N (340)
  AVERAGE WIND SPEED    10.1


SKY COVER
  POSSIBLE SUNSHINE  MM
  AVERAGE SKY COVER 1.0


WEATHER CONDITIONS
 THE FOLLOWING WEATHER WAS RECORDED YESTERDAY.
  LIGHT RAIN
  LIGHT SNOW
  FOG
  HAZE


RELATIVE HUMIDITY (PERCENT)
 HIGHEST    92           100 AM
 LOWEST     56           600 PM
 AVERAGE    74

..........................................................


THE ERIE PA CLIMATE NORMALS FOR TODAY
                         NORMAL    RECORD    YEAR
 MAXIMUM TEMPERATURE (F)   47        74      1931
 MINIMUM TEMPERATURE (F)   34        11      1880


SUNRISE AND SUNSET
NOVEMBER 23 2017......SUNRISE   721 AM EST   SUNSET   453 PM EST
NOVEMBER 24 2017......SUNRISE   722 AM EST   SUNSET   453 PM EST


-  INDICATES NEGATIVE NUMBERS.
R  INDICATES RECORD WAS SET OR TIED.
MM INDICATES DATA IS MISSING.
T  INDICATES TRACE AMOUNT.




$$
