000
CDUS46 KPQR 011142
CLIEUG


CLIMATE REPORT
NATIONAL WEATHER SERVICE PORTLAND OREGON
442 AM PDT WED JUL 1 2015


...................................

...THE EUGENE OR CLIMATE SUMMARY FOR JUNE 30 2015...

CLIMATE NORMAL PERIOD 1981 TO 2010
CLIMATE RECORD PERIOD 1892 TO 2015


WEATHER ITEM   OBSERVED TIME   RECORD YEAR NORMAL DEPARTURE LAST
                VALUE   (LST)  VALUE       VALUE  FROM      YEAR
                                                  NORMAL
..................................................................
TEMPERATURE (F)
 YESTERDAY
  MAXIMUM         95    434 PM  96    2013  78     17       85
                                      1951
  MINIMUM         57    454 AM  40    2007  50      7       48
                                      1949
  AVERAGE         76                        64     12       67

PRECIPITATION (IN)
  YESTERDAY        0.00          0.76 1997   0.02  -0.02     0.00
  MONTH TO DATE    0.23                      1.50  -1.27     1.29
  SINCE OCT 1     29.41                     43.66 -14.25    26.63
  SINCE JAN 1     12.36                     24.86 -12.50    22.44

SNOWFALL (IN)
  YESTERDAY        0.0
  MONTH TO DATE    0.0
  SINCE JUN 1      0.0
  SINCE JUL 1      0.0

DEGREE DAYS
 HEATING
  YESTERDAY        0                         3     -3        0
  MONTH TO DATE   41                       157   -116      107
  SINCE JUN 1     41                       157   -116      107
  SINCE JUL 1   3696                      4806  -1110     4742

 COOLING
  YESTERDAY       11                         1     10        2
  MONTH TO DATE  113                        19     94        6
  SINCE JUN 1    113                        19     94        6
  SINCE JAN 1    118                        24     94        9
..................................................................


WIND (MPH)
  HIGHEST WIND SPEED    22   HIGHEST WIND DIRECTION     N (360)
  HIGHEST GUST SPEED    29   HIGHEST GUST DIRECTION    NE (30)
  AVERAGE WIND SPEED     9.2


SKY COVER
  POSSIBLE SUNSHINE  MM
  AVERAGE SKY COVER 0.0


WEATHER CONDITIONS
 THE FOLLOWING WEATHER WAS RECORDED YESTERDAY.
  FOG
  HAZE


RELATIVE HUMIDITY (PERCENT)
 HIGHEST    86           500 AM
 LOWEST     20           300 PM
 AVERAGE    53

..........................................................


THE EUGENE OR CLIMATE NORMALS FOR TODAY
                         NORMAL    RECORD    YEAR
 MAXIMUM TEMPERATURE (F)   78        98      1967
                                             1942
 MINIMUM TEMPERATURE (F)   50        39      1973


SUNRISE AND SUNSET
JULY  1 2015..........SUNRISE   533 AM PDT   SUNSET   900 PM PDT
JULY  2 2015..........SUNRISE   534 AM PDT   SUNSET   900 PM PDT


-  INDICATES NEGATIVE NUMBERS.
R  INDICATES RECORD WAS SET OR TIED.
MM INDICATES DATA IS MISSING.
T  INDICATES TRACE AMOUNT.




$$
