000
CDUS46 KPQR 220022
CLIEUG


CLIMATE REPORT
NATIONAL WEATHER SERVICE PORTLAND OREGON
422 PM PST TUE NOV 21 2017


...................................

...THE EUGENE OR CLIMATE SUMMARY FOR NOVEMBER 21 2017...
VALID TODAY AS OF 0400 PM LOCAL TIME.

CLIMATE NORMAL PERIOD 1981 TO 2010
CLIMATE RECORD PERIOD 1892 TO 2017


WEATHER ITEM   OBSERVED TIME   RECORD YEAR NORMAL DEPARTURE LAST
                VALUE   (LST)  VALUE       VALUE  FROM      YEAR
                                                  NORMAL
..................................................................
TEMPERATURE (F)
 TODAY
  MAXIMUM         67R   202 PM  63    1933  50     17       56
  MINIMUM         48    501 AM  19    1929  37     11       40
  AVERAGE         58                        44     14       48

PRECIPITATION (IN)
  TODAY            0.06          2.00 1980   0.28  -0.22     0.04
  MONTH TO DATE    5.62                      5.06   0.56     2.29
  SINCE OCT 1      9.70                      8.31   1.39    12.48
  SINCE JAN 1     36.36                     35.61   0.75    34.22

SNOWFALL (IN)
  TODAY           MM
  MONTH TO DATE    0.0
  SINCE SEP 1      0.0
  SINCE JUL 1      0.0

DEGREE DAYS
 HEATING
  TODAY            7                        21    -14       17
  MONTH TO DATE  406                       400      6      257
  SINCE SEP 1    935                       903     32      647
  SINCE JUL 1    951                       970    -19      670

 COOLING
  TODAY            0                         0      0        0
  MONTH TO DATE    0                         0      0        0
  SINCE SEP 1     74                        31     43       12
  SINCE JAN 1    376                       239    137      325
..................................................................


WIND (MPH)
  HIGHEST WIND SPEED    15   HIGHEST WIND DIRECTION     S (200)
  HIGHEST GUST SPEED    19   HIGHEST GUST DIRECTION     S (190)
  AVERAGE WIND SPEED     5.6


SKY COVER
  POSSIBLE SUNSHINE  MM
  AVERAGE SKY COVER 1.0


WEATHER CONDITIONS
 THE FOLLOWING WEATHER WAS RECORDED TODAY.
  LIGHT RAIN
  FOG


RELATIVE HUMIDITY (PERCENT)
 HIGHEST   100          1200 AM
 LOWEST     73           200 PM
 AVERAGE    87

..........................................................


THE EUGENE OR CLIMATE NORMALS FOR TOMORROW
                         NORMAL    RECORD    YEAR
 MAXIMUM TEMPERATURE (F)   50        65      1915
 MINIMUM TEMPERATURE (F)   37        19      2013


SUNRISE AND SUNSET
NOVEMBER 21 2017......SUNRISE   716 AM PST   SUNSET   441 PM PST
NOVEMBER 22 2017......SUNRISE   718 AM PST   SUNSET   440 PM PST


-  INDICATES NEGATIVE NUMBERS.
R  INDICATES RECORD WAS SET OR TIED.
MM INDICATES DATA IS MISSING.
T  INDICATES TRACE AMOUNT.




$$
