000
CDUS46 KPQR 231142
CLIEUG


CLIMATE REPORT
NATIONAL WEATHER SERVICE PORTLAND OREGON
441 AM PDT SAT AUG 23 2014


...................................

...THE EUGENE OR CLIMATE SUMMARY FOR AUGUST 22 2014...

CLIMATE NORMAL PERIOD 1981 TO 2010
CLIMATE RECORD PERIOD 1892 TO 2014


WEATHER ITEM   OBSERVED TIME   RECORD YEAR NORMAL DEPARTURE LAST
                VALUE   (LST)  VALUE       VALUE  FROM      YEAR
                                                  NORMAL
..................................................................
TEMPERATURE (F)
 YESTERDAY
  MAXIMUM         84    353 PM  96    1988  82      2       85
                                      1964
                                      1942
  MINIMUM         53    450 AM  38    1955  51      2       62
  AVERAGE         69                        66      3       74

PRECIPITATION (IN)
  YESTERDAY        0.00          0.40 1937   0.02  -0.02      T
  MONTH TO DATE    0.19                      0.35  -0.16     0.01
  SINCE OCT 1     27.19                     44.55 -17.36    29.02
  SINCE JAN 1     23.00                     25.75  -2.75     9.68

SNOWFALL (IN)
  YESTERDAY        0.0
  MONTH TO DATE    0.0
  SINCE JUN 1      0.0
  SINCE JUL 1      0.0

DEGREE DAYS
 HEATING
  YESTERDAY        0                         1     -1        0
  MONTH TO DATE    0                        22    -22        8
  SINCE JUN 1    113                       215   -102      106
  SINCE JUL 1      6                        58    -52       14

 COOLING
  YESTERDAY        4                         2      2        9
  MONTH TO DATE  157                        74     83      108
  SINCE JUN 1    356                       186    170      302
  SINCE JAN 1    359                       191    168      307
..................................................................


WIND (MPH)
  HIGHEST WIND SPEED    17   HIGHEST WIND DIRECTION     N (350)
  HIGHEST GUST SPEED    21   HIGHEST GUST DIRECTION    NE (30)
  AVERAGE WIND SPEED     6.2


SKY COVER
  POSSIBLE SUNSHINE  MM
  AVERAGE SKY COVER 0.5


WEATHER CONDITIONS
 THE FOLLOWING WEATHER WAS RECORDED YESTERDAY.
  NO SIGNIFICANT WEATHER WAS OBSERVED.


RELATIVE HUMIDITY (PERCENT)
 HIGHEST    72           500 AM
 LOWEST     31           300 PM
 AVERAGE    52

..........................................................


THE EUGENE OR CLIMATE NORMALS FOR TODAY
                         NORMAL    RECORD    YEAR
 MAXIMUM TEMPERATURE (F)   82        96      1988
 MINIMUM TEMPERATURE (F)   51        42      1938


SUNRISE AND SUNSET
AUGUST 23 2014........SUNRISE   626 AM PDT   SUNSET   804 PM PDT
AUGUST 24 2014........SUNRISE   627 AM PDT   SUNSET   803 PM PDT


-  INDICATES NEGATIVE NUMBERS.
R  INDICATES RECORD WAS SET OR TIED.
MM INDICATES DATA IS MISSING.
T  INDICATES TRACE AMOUNT.




$$
