000
CDUS46 KPQR 271211
CLIEUG


CLIMATE REPORT
NATIONAL WEATHER SERVICE PORTLAND OREGON
511 AM PDT SAT AUG 27 2016


...................................

...THE EUGENE OR CLIMATE SUMMARY FOR AUGUST 26 2016...

CLIMATE NORMAL PERIOD 1981 TO 2010
CLIMATE RECORD PERIOD 1892 TO 2016


WEATHER ITEM   OBSERVED TIME   RECORD YEAR NORMAL DEPARTURE LAST
                VALUE   (LST)  VALUE       VALUE  FROM      YEAR
                                                  NORMAL
..................................................................
TEMPERATURE (F)
 YESTERDAY
  MAXIMUM         98R   257 PM  98    2016  82     16       89
  MINIMUM         54    532 AM  40    1980  50      4       50
                                      1946
  AVERAGE         76                        66     10       70

PRECIPITATION (IN)
  YESTERDAY        0.00          0.32 1926   0.03  -0.03     0.00
  MONTH TO DATE    T                         0.46  -0.46      T
  SINCE OCT 1     39.80                     44.66  -4.86    29.46
  SINCE JAN 1     20.96                     25.86  -4.90    12.41

SNOWFALL (IN)
  YESTERDAY        0.0
  MONTH TO DATE    0.0
  SINCE JUN 1      0.0
  SINCE JUL 1      0.0

DEGREE DAYS
 HEATING
  YESTERDAY        0                         1     -1        0
  MONTH TO DATE   11                        26    -15        0
  SINCE JUN 1    121                       219    -98       46
  SINCE JUL 1     21                        62    -41        5

 COOLING
  YESTERDAY       11                         2      9        5
  MONTH TO DATE  148                        82     66      142
  SINCE JUN 1    298                       194    104      468
  SINCE JAN 1    301                       199    102      473
..................................................................


WIND (MPH)
  HIGHEST WIND SPEED    16   HIGHEST WIND DIRECTION    SW (220)
  HIGHEST GUST SPEED    20   HIGHEST GUST DIRECTION    SW (220)
  AVERAGE WIND SPEED     6.9


SKY COVER
  POSSIBLE SUNSHINE  MM
  AVERAGE SKY COVER 0.4


WEATHER CONDITIONS
 THE FOLLOWING WEATHER WAS RECORDED YESTERDAY.
  NO SIGNIFICANT WEATHER WAS OBSERVED.


RELATIVE HUMIDITY (PERCENT)
 HIGHEST    67           500 AM
 LOWEST     10           400 PM
 AVERAGE    39

..........................................................


THE EUGENE OR CLIMATE NORMALS FOR TODAY
                         NORMAL    RECORD    YEAR
 MAXIMUM TEMPERATURE (F)   81        98      1972
 MINIMUM TEMPERATURE (F)   50        40      1960
                                             1955


SUNRISE AND SUNSET
AUGUST 27 2016........SUNRISE   631 AM PDT   SUNSET   757 PM PDT
AUGUST 28 2016........SUNRISE   632 AM PDT   SUNSET   755 PM PDT


-  INDICATES NEGATIVE NUMBERS.
R  INDICATES RECORD WAS SET OR TIED.
MM INDICATES DATA IS MISSING.
T  INDICATES TRACE AMOUNT.




$$
