870
CDUS46 KPQR 221148
CLIEUG


CLIMATE REPORT
NATIONAL WEATHER SERVICE PORTLAND OREGON
448 AM PDT FRI SEP 22 2017


...................................

...THE EUGENE OR CLIMATE SUMMARY FOR SEPTEMBER 21 2017...

CLIMATE NORMAL PERIOD 1981 TO 2010
CLIMATE RECORD PERIOD 1892 TO 2017


WEATHER ITEM   OBSERVED TIME   RECORD YEAR NORMAL DEPARTURE LAST
                VALUE   (LST)  VALUE       VALUE  FROM      YEAR
                                                  NORMAL
..................................................................
TEMPERATURE (F)
 YESTERDAY
  MAXIMUM         61    309 PM  95    1994  76    -15       72
                                      1975
                                      1974
  MINIMUM         41    235 AM  34    1955  46     -5       42
  AVERAGE         51                        61    -10       57

PRECIPITATION (IN)
  YESTERDAY        0.00          1.12 1972   0.05  -0.05     0.00
  MONTH TO DATE    0.92                      0.81   0.11     0.76
  SINCE OCT 1     46.12                     45.62   0.50    40.56
  SINCE JAN 1     26.53                     26.82  -0.29    21.72

SNOWFALL (IN)
  YESTERDAY        0.0
  MONTH TO DATE    0.0
  SINCE SEP 1      0.0
  SINCE JUL 1      0.0

DEGREE DAYS
 HEATING
  YESTERDAY       14                         5      9        8
  MONTH TO DATE   60                        65     -5       62
  SINCE SEP 1     60                        65     -5       62
  SINCE JUL 1     76                       132    -56       85

 COOLING
  YESTERDAY        0                         1     -1        0
  MONTH TO DATE   71                        28     43        6
  SINCE SEP 1     71                        28     43        6
  SINCE JAN 1    373                       236    137      319
..................................................................


WIND (MPH)
  HIGHEST WIND SPEED    12   HIGHEST WIND DIRECTION     S (170)
  HIGHEST GUST SPEED    14   HIGHEST GUST DIRECTION     S (170)
  AVERAGE WIND SPEED     5.2


SKY COVER
  POSSIBLE SUNSHINE  MM
  AVERAGE SKY COVER 0.7


WEATHER CONDITIONS
 THE FOLLOWING WEATHER WAS RECORDED YESTERDAY.
  FOG


RELATIVE HUMIDITY (PERCENT)
 HIGHEST   100          1200 AM
 LOWEST     60           300 PM
 AVERAGE    80

..........................................................


THE EUGENE OR CLIMATE NORMALS FOR TODAY
                         NORMAL    RECORD    YEAR
 MAXIMUM TEMPERATURE (F)   75        95      1989
 MINIMUM TEMPERATURE (F)   46        34      1961


SUNRISE AND SUNSET
SEPTEMBER 22 2017.....SUNRISE   700 AM PDT   SUNSET   710 PM PDT
SEPTEMBER 23 2017.....SUNRISE   702 AM PDT   SUNSET   708 PM PDT


-  INDICATES NEGATIVE NUMBERS.
R  INDICATES RECORD WAS SET OR TIED.
MM INDICATES DATA IS MISSING.
T  INDICATES TRACE AMOUNT.




$$
