000
CDUS46 KPQR 081145
CLIEUG


CLIMATE REPORT
NATIONAL WEATHER SERVICE PORTLAND OREGON
344 AM PST THU DEC 8 2016


...................................

...THE EUGENE OR CLIMATE SUMMARY FOR DECEMBER 7 2016...

CLIMATE NORMAL PERIOD 1981 TO 2010
CLIMATE RECORD PERIOD 1892 TO 2016


WEATHER ITEM   OBSERVED TIME   RECORD YEAR NORMAL DEPARTURE LAST
                VALUE   (LST)  VALUE       VALUE  FROM      YEAR
                                                  NORMAL
..................................................................
TEMPERATURE (F)
 YESTERDAY
  MAXIMUM         35    101 AM  67    1938  46    -11       60
  MINIMUM         27   1147 PM  -7    2013  34     -7       51
  AVERAGE         31                        40     -9       56

PRECIPITATION (IN)
  YESTERDAY        0.00          1.85 1923   0.27  -0.27     1.31
  MONTH TO DATE    0.87                      2.03  -1.16     3.25
  SINCE OCT 1     15.36                     13.00   2.36     8.48
  SINCE JAN 1     37.10                     40.30  -3.20    21.88

SNOWFALL (IN)
  YESTERDAY        0.0
  MONTH TO DATE    0.0
  SINCE DEC 1      0.0
  SINCE JUL 1      0.0

DEGREE DAYS
 HEATING
  YESTERDAY       34                        25      9        9
  MONTH TO DATE  183                       169     14      110
  SINCE DEC 1    183                       169     14      110
  SINCE JUL 1   1016                      1342   -326     1091

 COOLING
  YESTERDAY        0                         0      0        0
  MONTH TO DATE    0                         0      0        0
  SINCE DEC 1      0                         0      0        0
  SINCE JAN 1    325                       239     86      529
..................................................................


WIND (MPH)
  HIGHEST WIND SPEED    16   HIGHEST WIND DIRECTION     N (20)
  HIGHEST GUST SPEED    19   HIGHEST GUST DIRECTION     N (20)
  AVERAGE WIND SPEED     7.6


SKY COVER
  POSSIBLE SUNSHINE  MM
  AVERAGE SKY COVER 0.9


WEATHER CONDITIONS
 THE FOLLOWING WEATHER WAS RECORDED YESTERDAY.
  FOG


RELATIVE HUMIDITY (PERCENT)
 HIGHEST   100           600 AM
 LOWEST     78          1000 PM
 AVERAGE    89

..........................................................


THE EUGENE OR CLIMATE NORMALS FOR TODAY
                         NORMAL    RECORD    YEAR
 MAXIMUM TEMPERATURE (F)   46        62      2015
 MINIMUM TEMPERATURE (F)   34       -12      1972


SUNRISE AND SUNSET
DECEMBER  8 2016......SUNRISE   736 AM PST   SUNSET   434 PM PST
DECEMBER  9 2016......SUNRISE   737 AM PST   SUNSET   434 PM PST


-  INDICATES NEGATIVE NUMBERS.
R  INDICATES RECORD WAS SET OR TIED.
MM INDICATES DATA IS MISSING.
T  INDICATES TRACE AMOUNT.




$$
