000
CDUS46 KPQR 190221
CLIEUG


CLIMATE REPORT
NATIONAL WEATHER SERVICE PORTLAND OREGON
721 PM PDT FRI APR 18 2014


...................................

...THE EUGENE OR CLIMATE SUMMARY FOR APRIL 18 2014...
VALID TODAY AS OF 0700 PM LOCAL TIME.

CLIMATE NORMAL PERIOD 1981 TO 2010
CLIMATE RECORD PERIOD 1892 TO 2014


WEATHER ITEM   OBSERVED TIME   RECORD YEAR NORMAL DEPARTURE LAST
                VALUE   (LST)  VALUE       VALUE  FROM      YEAR
                                                  NORMAL
..................................................................
TEMPERATURE (F)
 TODAY
  MAXIMUM         62    351 PM  84    1934  61      1       65
  MINIMUM         34    508 AM  29    1982  40     -6       45
  AVERAGE         48                        50     -2       55

PRECIPITATION (IN)
  TODAY            0.00          0.84 1965   0.11  -0.11     0.00
  MONTH TO DATE    0.57                      2.17  -1.60     1.33
  SINCE OCT 1     21.84                     38.26 -16.42    25.76
  SINCE JAN 1     17.65                     19.46  -1.81     6.42

SNOWFALL (IN)
  TODAY            0.0
  MONTH TO DATE    0.0
  SINCE MAR 1      0.0
  SINCE JUL 1     15.7

DEGREE DAYS
 HEATING
  TODAY           17                        15      2       10
  MONTH TO DATE  219                       282    -63      264
  SINCE MAR 1    704                       851   -147      795
  SINCE JUL 1   4271                      4178     93     3887

 COOLING
  TODAY            0                         0      0        0
  MONTH TO DATE    0                         0      0        0
  SINCE MAR 1      0                         0      0        0
  SINCE JAN 1      0                         0      0        0
..................................................................


WIND (MPH)
  HIGHEST WIND SPEED    16   HIGHEST WIND DIRECTION     N (360)
  HIGHEST GUST SPEED    21   HIGHEST GUST DIRECTION     N (360)
  AVERAGE WIND SPEED     5.9


SKY COVER
  POSSIBLE SUNSHINE  MM
  AVERAGE SKY COVER 0.8


WEATHER CONDITIONS
 THE FOLLOWING WEATHER WAS RECORDED TODAY.
  FOG
  FOG W/VISIBILITY <= 1/4 MILE
  HAZE


RELATIVE HUMIDITY (PERCENT)
 HIGHEST   100           200 AM
 LOWEST     46           300 PM
 AVERAGE    73

..........................................................


THE EUGENE OR CLIMATE NORMALS FOR TOMORROW
                         NORMAL    RECORD    YEAR
 MAXIMUM TEMPERATURE (F)   61        85      1934
 MINIMUM TEMPERATURE (F)   40        28      1972


SUNRISE AND SUNSET
APRIL 18 2014.........SUNRISE   624 AM PDT   SUNSET   801 PM PDT
APRIL 19 2014.........SUNRISE   623 AM PDT   SUNSET   802 PM PDT


-  INDICATES NEGATIVE NUMBERS.
R  INDICATES RECORD WAS SET OR TIED.
MM INDICATES DATA IS MISSING.
T  INDICATES TRACE AMOUNT.




$$
