000
CDUS46 KPQR 300222
CLIEUG


CLIMATE REPORT
NATIONAL WEATHER SERVICE PORTLAND OREGON
722 PM PDT FRI JUL 29 2016


...................................

...THE EUGENE OR CLIMATE SUMMARY FOR JULY 29 2016...
VALID TODAY AS OF 0700 PM LOCAL TIME.

CLIMATE NORMAL PERIOD 1981 TO 2010
CLIMATE RECORD PERIOD 1892 TO 2016


WEATHER ITEM   OBSERVED TIME   RECORD YEAR NORMAL DEPARTURE LAST
                VALUE   (LST)  VALUE       VALUE  FROM      YEAR
                                                  NORMAL
..................................................................
TEMPERATURE (F)
 TODAY
  MAXIMUM         98    318 PM 105    2009  84     14      100
  MINIMUM         55    525 AM  42    1956  52      3       56
  AVERAGE         77                        68      9       78

PRECIPITATION (IN)
  TODAY            0.00          0.32 2001   0.01  -0.01     0.00
  MONTH TO DATE    0.25                      0.52  -0.27     0.05
  SINCE OCT 1     39.80                     44.18  -4.38    29.46
  SINCE JAN 1     20.96                     25.38  -4.42    12.41

SNOWFALL (IN)
  TODAY            0.0
  MONTH TO DATE    0.0
  SINCE JUN 1      0.0
  SINCE JUL 1      0.0

DEGREE DAYS
 HEATING
  TODAY            0                         1     -1        0
  MONTH TO DATE   10                        38    -28        5
  SINCE JUN 1    110                       195    -85       46
  SINCE JUL 1     10                        38    -28        5

 COOLING
  TODAY           12                         4      8       13
  MONTH TO DATE   80                        89     -9      182
  SINCE JUN 1    145                       108     37      295
  SINCE JAN 1    148                       113     35      300
..................................................................


WIND (MPH)
  HIGHEST WIND SPEED    18   HIGHEST WIND DIRECTION    NW (330)
  HIGHEST GUST SPEED    27   HIGHEST GUST DIRECTION     N (340)
  AVERAGE WIND SPEED     7.6


SKY COVER
  POSSIBLE SUNSHINE  MM
  AVERAGE SKY COVER 0.0


WEATHER CONDITIONS
 THE FOLLOWING WEATHER WAS RECORDED TODAY.
  HAZE


RELATIVE HUMIDITY (PERCENT)
 HIGHEST    93           500 AM
 LOWEST     20           400 PM
 AVERAGE    57

..........................................................


THE EUGENE OR CLIMATE NORMALS FOR TOMORROW
                         NORMAL    RECORD    YEAR
 MAXIMUM TEMPERATURE (F)   84       105      2015
 MINIMUM TEMPERATURE (F)   52        42      1956
                                             1917


SUNRISE AND SUNSET
JULY 29 2016..........SUNRISE   558 AM PDT   SUNSET   840 PM PDT
JULY 30 2016..........SUNRISE   559 AM PDT   SUNSET   839 PM PDT


-  INDICATES NEGATIVE NUMBERS.
R  INDICATES RECORD WAS SET OR TIED.
MM INDICATES DATA IS MISSING.
T  INDICATES TRACE AMOUNT.




$$
