000
CDUS46 KPQR 010222
CLIEUG


CLIMATE REPORT
NATIONAL WEATHER SERVICE PORTLAND OREGON
722 PM PDT FRI SEP 30 2016


...................................

...THE EUGENE OR CLIMATE SUMMARY FOR SEPTEMBER 30 2016...
VALID TODAY AS OF 0700 PM LOCAL TIME.

CLIMATE NORMAL PERIOD 1981 TO 2010
CLIMATE RECORD PERIOD 1892 TO 2016


WEATHER ITEM   OBSERVED TIME   RECORD YEAR NORMAL DEPARTURE LAST
                VALUE   (LST)  VALUE       VALUE  FROM      YEAR
                                                  NORMAL
..................................................................
TEMPERATURE (F)
 TODAY
  MAXIMUM         67    319 PM  88    1987  72     -5       74
                                      1975
  MINIMUM         41    641 AM  32    1983  44     -3       47
  AVERAGE         54                        58     -4       61

PRECIPITATION (IN)
  TODAY            T             1.18 2007   0.06  -0.06     0.00
  MONTH TO DATE    0.78                      1.29  -0.51     0.76
  SINCE OCT 1     40.58                     46.10  -5.52    30.45
  SINCE JAN 1     21.74                     27.30  -5.56    13.40

SNOWFALL (IN)
  TODAY           MM
  MONTH TO DATE    0.0
  SINCE SEP 1      0.0
  SINCE JUL 1      0.0

DEGREE DAYS
 HEATING
  TODAY           11                         7      4        4
  MONTH TO DATE  105                       120    -15      120
  SINCE SEP 1    105                       121    -16      120
  SINCE JUL 1    128                       188    -60      127

 COOLING
  TODAY            0                         0      0        0
  MONTH TO DATE   10                        30    -20       32
  SINCE SEP 1     10                        30    -20       32
  SINCE JAN 1    323                       238     85      524
..................................................................


WIND (MPH)
  HIGHEST WIND SPEED    18   HIGHEST WIND DIRECTION     W (270)
  HIGHEST GUST SPEED    22   HIGHEST GUST DIRECTION     W (260)
  AVERAGE WIND SPEED     6.3


SKY COVER
  POSSIBLE SUNSHINE  MM
  AVERAGE SKY COVER 0.5


WEATHER CONDITIONS
 THE FOLLOWING WEATHER WAS RECORDED TODAY.
  FOG


RELATIVE HUMIDITY (PERCENT)
 HIGHEST    89           400 AM
 LOWEST     43           300 PM
 AVERAGE    66

..........................................................


THE EUGENE OR CLIMATE NORMALS FOR TOMORROW
                         NORMAL    RECORD    YEAR
 MAXIMUM TEMPERATURE (F)   71        92      1987
 MINIMUM TEMPERATURE (F)   44        30      1954
                                             1950


SUNRISE AND SUNSET
SEPTEMBER 30 2016.....SUNRISE   710 AM PDT   SUNSET   654 PM PDT
OCTOBER  1 2016.......SUNRISE   711 AM PDT   SUNSET   653 PM PDT


-  INDICATES NEGATIVE NUMBERS.
R  INDICATES RECORD WAS SET OR TIED.
MM INDICATES DATA IS MISSING.
T  INDICATES TRACE AMOUNT.




$$
