000
CDUS46 KPQR 032322
CLIEUG


CLIMATE REPORT
NATIONAL WEATHER SERVICE PORTLAND OREGON
421 PM PDT THU SEP 3 2015


...................................

...THE EUGENE OR CLIMATE SUMMARY FOR SEPTEMBER 3 2015...
VALID TODAY AS OF 0400 PM LOCAL TIME.

CLIMATE NORMAL PERIOD 1981 TO 2010
CLIMATE RECORD PERIOD 1892 TO 2015


WEATHER ITEM   OBSERVED TIME   RECORD YEAR NORMAL DEPARTURE LAST
                VALUE   (LST)  VALUE       VALUE  FROM      YEAR
                                                  NORMAL
..................................................................
TEMPERATURE (F)
 TODAY
  MAXIMUM         72    157 PM  96    1949  80     -8       76
  MINIMUM         45    522 AM  39    2008  49     -4       43
                                      1932
  AVERAGE         59                        65     -6       60

PRECIPITATION (IN)
  TODAY            T             0.56 1960   0.03  -0.03     0.00
  MONTH TO DATE    0.19                      0.09   0.10     0.00
  SINCE OCT 1     29.88                     44.90 -15.02    27.19
  SINCE JAN 1     12.83                     26.10 -13.27    23.00

SNOWFALL (IN)
  TODAY           MM
  MONTH TO DATE    0.0
  SINCE SEP 1      0.0
  SINCE JUL 1      0.0

DEGREE DAYS
 HEATING
  TODAY            6                         2      4        5
  MONTH TO DATE   10                         6      4        5
  SINCE SEP 1     10                         6      4        5
  SINCE JUL 1     17                        73    -56       12

 COOLING
  TODAY            0                         2     -2        0
  MONTH TO DATE    3                         6     -3        4
  SINCE SEP 1      3                         6     -3        4
  SINCE JAN 1    495                       214    281      412
..................................................................


WIND (MPH)
  HIGHEST WIND SPEED    15   HIGHEST WIND DIRECTION    NW (310)
  HIGHEST GUST SPEED    19   HIGHEST GUST DIRECTION    NW (310)
  AVERAGE WIND SPEED     4.3


SKY COVER
  POSSIBLE SUNSHINE  MM
  AVERAGE SKY COVER 0.6


WEATHER CONDITIONS
 THE FOLLOWING WEATHER WAS RECORDED TODAY.
  FOG
  FOG W/VISIBILITY <= 1/4 MILE


RELATIVE HUMIDITY (PERCENT)
 HIGHEST   100           600 AM
 LOWEST     35           200 PM
 AVERAGE    68

..........................................................


THE EUGENE OR CLIMATE NORMALS FOR TOMORROW
                         NORMAL    RECORD    YEAR
 MAXIMUM TEMPERATURE (F)   80        97      2003
                                             1955
 MINIMUM TEMPERATURE (F)   49        40      1980


SUNRISE AND SUNSET
SEPTEMBER  3 2015.....SUNRISE   638 AM PDT   SUNSET   746 PM PDT
SEPTEMBER  4 2015.....SUNRISE   639 AM PDT   SUNSET   744 PM PDT


-  INDICATES NEGATIVE NUMBERS.
R  INDICATES RECORD WAS SET OR TIED.
MM INDICATES DATA IS MISSING.
T  INDICATES TRACE AMOUNT.




$$
