000
CDUS46 KPQR 301141
CLIEUG


CLIMATE REPORT
NATIONAL WEATHER SERVICE PORTLAND OREGON
440 AM PDT SAT APR 30 2016


...................................

...THE EUGENE OR CLIMATE SUMMARY FOR APRIL 29 2016...

CLIMATE NORMAL PERIOD 1981 TO 2010
CLIMATE RECORD PERIOD 1892 TO 2016


WEATHER ITEM   OBSERVED TIME   RECORD YEAR NORMAL DEPARTURE LAST
                VALUE   (LST)  VALUE       VALUE  FROM      YEAR
                                                  NORMAL
..................................................................
TEMPERATURE (F)
 YESTERDAY
  MAXIMUM         61    138 PM  86    1957  64     -3       64
  MINIMUM         47   1018 PM  28    1954  41      6       34
  AVERAGE         54                        52      2       49

PRECIPITATION (IN)
  YESTERDAY        0.06          0.94 1992   0.09  -0.03     0.00
  MONTH TO DATE    3.03                      3.25  -0.22     1.47
  SINCE OCT 1     37.47                     39.34  -1.87    28.24
  SINCE JAN 1     18.63                     20.54  -1.91    11.19

SNOWFALL (IN)
  YESTERDAY       MM
  MONTH TO DATE    0.0
  SINCE MAR 1      0.0
  SINCE JUL 1      0.0

DEGREE DAYS
 HEATING
  YESTERDAY       11                        13     -2       16
  MONTH TO DATE  277                       433   -156      439
  SINCE MAR 1    767                      1002   -235      871
  SINCE JUL 1   3572                      4329   -757     3433

 COOLING
  YESTERDAY        0                         0      0        0
  MONTH TO DATE    0                         0      0        0
  SINCE MAR 1      0                         0      0        0
  SINCE JAN 1      0                         0      0        0
..................................................................


WIND (MPH)
  HIGHEST WIND SPEED    16   HIGHEST WIND DIRECTION    NE (60)
  HIGHEST GUST SPEED    21   HIGHEST GUST DIRECTION    NE (50)
  AVERAGE WIND SPEED     3.8


SKY COVER
  POSSIBLE SUNSHINE  MM
  AVERAGE SKY COVER 0.8


WEATHER CONDITIONS
 THE FOLLOWING WEATHER WAS RECORDED YESTERDAY.
  LIGHT RAIN


RELATIVE HUMIDITY (PERCENT)
 HIGHEST    93          1000 PM
 LOWEST     60           500 PM
 AVERAGE    77

..........................................................


THE EUGENE OR CLIMATE NORMALS FOR TODAY
                         NORMAL    RECORD    YEAR
 MAXIMUM TEMPERATURE (F)   64        82      2014
 MINIMUM TEMPERATURE (F)   41        29      1972


SUNRISE AND SUNSET
APRIL 30 2016.........SUNRISE   605 AM PDT   SUNSET   816 PM PDT
MAY  1 2016...........SUNRISE   603 AM PDT   SUNSET   817 PM PDT


-  INDICATES NEGATIVE NUMBERS.
R  INDICATES RECORD WAS SET OR TIED.
MM INDICATES DATA IS MISSING.
T  INDICATES TRACE AMOUNT.




$$
