000
CDUS43 KPAH 230629
CLIEVV


CLIMATE REPORT
NATIONAL WEATHER SERVICE PADUCAH KY
1228 AM CST MON JAN 23 2017


...................................

...THE EVANSVILLE IN CLIMATE SUMMARY FOR JANUARY 22 2017...

CLIMATE NORMAL PERIOD 1981 TO 2010
CLIMATE RECORD PERIOD 1896 TO 2017


WEATHER ITEM   OBSERVED TIME   RECORD YEAR NORMAL DEPARTURE LAST
                VALUE   (LST)  VALUE       VALUE  FROM      YEAR
                                                  NORMAL
..................................................................
TEMPERATURE (F)
 YESTERDAY
  MAXIMUM         64    225 PM  70    1964  41     23       32
  MINIMUM         49    405 AM  -6    1977  24     25       27
                                      1936
  AVERAGE         57                        32     25       30

PRECIPITATION (IN)
  YESTERDAY        0.00          3.72 1982   0.10  -0.10     0.19
  MONTH TO DATE    2.26                      2.16   0.10     1.97
  SINCE DEC 1      6.18                      5.92   0.26     7.17
  SINCE JAN 1      2.26                      2.16   0.10     1.97

SNOWFALL (IN)
  YESTERDAY        0.0           5.1  2016   0.1   -0.1      5.1
  MONTH TO DATE    0.4                       2.3   -1.9     10.9
  SINCE DEC 1      0.4                       5.5   -5.1     10.9
  SINCE JUL 1      0.4                       5.8   -5.4     10.9
  SNOW DEPTH       0

DEGREE DAYS
 HEATING
  YESTERDAY        8                        33    -25       35
  MONTH TO DATE  536                       721   -185      730
  SINCE DEC 1   1436                      1632   -196     1259
  SINCE JUL 1   1966                      2493   -527     1868

 COOLING
  YESTERDAY        0                         0      0        0
  MONTH TO DATE    0                         0      0        0
  SINCE DEC 1      0                         0      0        3
  SINCE JAN 1      0                         0      0        0
..................................................................


WIND (MPH)
  HIGHEST WIND SPEED    20   HIGHEST WIND DIRECTION     N (20)
  HIGHEST GUST SPEED    27   HIGHEST GUST DIRECTION    NW (330)
  AVERAGE WIND SPEED     7.9


SKY COVER
  AVERAGE SKY COVER 0.3


WEATHER CONDITIONS
 THE FOLLOWING WEATHER WAS RECORDED YESTERDAY.
  NO SIGNIFICANT WEATHER WAS OBSERVED.


RELATIVE HUMIDITY (PERCENT)
 HIGHEST    86
 LOWEST     67
 AVERAGE    77

..........................................................


THE EVANSVILLE IN CLIMATE NORMALS FOR TODAY
                         NORMAL    RECORD    YEAR
 MAXIMUM TEMPERATURE (F)   41        72      1967
 MINIMUM TEMPERATURE (F)   24       -14      1963


SUNRISE AND SUNSET
JANUARY 23 2017.......SUNRISE   701 AM CST   SUNSET   503 PM CST
JANUARY 24 2017.......SUNRISE   700 AM CST   SUNSET   505 PM CST


-  INDICATES NEGATIVE NUMBERS.
R  INDICATES RECORD WAS SET OR TIED.
MM INDICATES DATA IS MISSING.
T  INDICATES TRACE AMOUNT.




$$
