000
CDUS45 KSLC 311216
CLIEVW


CLIMATE REPORT
NATIONAL WEATHER SERVICE SALT LAKE CITY UT
516 AM MST SAT JAN 31 2015


...................................

...THE EVANSTON WY CLIMATE SUMMARY FOR JANUARY 30 2015...

CLIMATE NORMAL PERIOD 1981 TO 2010
CLIMATE RECORD PERIOD 9999 TO 9999


WEATHER ITEM   OBSERVED TIME   RECORD YEAR NORMAL DEPARTURE LAST
                VALUE   (LST)  VALUE       VALUE  FROM      YEAR
                                                  NORMAL
..................................................................
TEMPERATURE (F)
 YESTERDAY
  MAXIMUM         35    144 PM  MM      MM  29      6       28
  MINIMUM         28    838 AM  MM      MM  14     14       20
  AVERAGE         32                        22     10       24

PRECIPITATION (IN)
  YESTERDAY        0.04         MM      MM   0.02   0.02      T
  MONTH TO DATE    0.64                      0.52   0.12     0.03
  SINCE OCT 1      1.52                      3.31  -1.79     1.23
  SINCE JAN 1      0.64                      0.52   0.12     0.03

DEGREE DAYS
 HEATING
  YESTERDAY       33                        44    -11       41
  MONTH TO DATE 1104                      1302   -198     1221
  SINCE DEC 1   2259                      2672   -413     2638
  SINCE JUL 1   4055                      4781   -726     4533

 COOLING
  YESTERDAY        0                         0      0        0
  MONTH TO DATE    0                         0      0        0
  SINCE DEC 1      0                         0      0        0
  SINCE JAN 1      0                         0      0        0
..................................................................


WIND (MPH)
  RESULTANT WIND SPEED   6   RESULTANT WIND DIRECTION  NE (40)
  HIGHEST WIND SPEED    15   HIGHEST WIND DIRECTION     E (70)
  HIGHEST GUST SPEED    20   HIGHEST GUST DIRECTION    NE (60)
  AVERAGE WIND SPEED     7.1


SKY COVER
  POSSIBLE SUNSHINE  MM
  AVERAGE SKY COVER 0.8


WEATHER CONDITIONS
 THE FOLLOWING WEATHER WAS RECORDED YESTERDAY.
  LIGHT SNOW
  FOG


RELATIVE HUMIDITY (PERCENT)
 HIGHEST    92          1000 PM
 LOWEST     69           500 PM
 AVERAGE    81

..........................................................


THE EVANSTON WY CLIMATE NORMALS FOR TODAY
                         NORMAL    RECORD    YEAR
 MAXIMUM TEMPERATURE (F)   29        MM        MM
 MINIMUM TEMPERATURE (F)   14        MM        MM


SUNRISE AND SUNSET
JANUARY 31 2015.......SUNRISE   736 AM MST   SUNSET   539 PM MST
FEBRUARY  1 2015......SUNRISE   735 AM MST   SUNSET   540 PM MST


-  INDICATES NEGATIVE NUMBERS.
R  INDICATES RECORD WAS SET OR TIED.
MM INDICATES DATA IS MISSING.
T  INDICATES TRACE AMOUNT.




$$
