000
CDUS45 KSLC 291227
CLIEVW


CLIMATE REPORT
NATIONAL WEATHER SERVICE SALT LAKE CITY UT
626 AM MDT TUE JUL 29 2014


...................................

...THE EVANSTON WY CLIMATE SUMMARY FOR JULY 28 2014...

CLIMATE NORMAL PERIOD 1981 TO 2010
CLIMATE RECORD PERIOD 9999 TO 9999


WEATHER ITEM   OBSERVED TIME   RECORD YEAR NORMAL DEPARTURE LAST
                VALUE   (LST)  VALUE       VALUE  FROM      YEAR
                                                  NORMAL
..................................................................
TEMPERATURE (F)
 YESTERDAY
  MAXIMUM         83    107 PM  MM      MM  82      1       77
  MINIMUM         56   1157 PM  MM      MM  54      2       50
  AVERAGE         70                        68      2       64

PRECIPITATION (IN)
  YESTERDAY        0.01         MM      MM   0.03  -0.02     0.02
  MONTH TO DATE    0.53                      0.81  -0.28     0.19
  SINCE OCT 1      4.10                      9.77  -5.67     4.43
  SINCE JAN 1      2.90                      6.98  -4.08     2.20

DEGREE DAYS
 HEATING
  YESTERDAY        0                         1     -1        1
  MONTH TO DATE    6                        40    -34        3
  SINCE JUN 1    229                       270    -41      136
  SINCE JUL 1      6                        40    -34        3

 COOLING
  YESTERDAY        5                         4      1        0
  MONTH TO DATE  161                        71     90      156
  SINCE JUN 1    162                        84     78      211
  SINCE JAN 1    167                        85     82      211
..................................................................


WIND (MPH)
  RESULTANT WIND SPEED   4   RESULTANT WIND DIRECTION   S (180)
  HIGHEST WIND SPEED    29   HIGHEST WIND DIRECTION     S (180)
  HIGHEST GUST SPEED    36   HIGHEST GUST DIRECTION     S (170)
  AVERAGE WIND SPEED    10.1


SKY COVER
  POSSIBLE SUNSHINE  MM
  AVERAGE SKY COVER 0.6


WEATHER CONDITIONS
 THE FOLLOWING WEATHER WAS RECORDED YESTERDAY.
  LIGHT RAIN


RELATIVE HUMIDITY (PERCENT)
 HIGHEST    93           800 PM
 LOWEST     18          1200 AM
 AVERAGE    56

..........................................................


THE EVANSTON WY CLIMATE NORMALS FOR TODAY
                         NORMAL    RECORD    YEAR
 MAXIMUM TEMPERATURE (F)   82        MM        MM
 MINIMUM TEMPERATURE (F)   54        MM        MM


SUNRISE AND SUNSET
JULY 29 2014..........SUNRISE   617 AM MDT   SUNSET   844 PM MDT
JULY 30 2014..........SUNRISE   618 AM MDT   SUNSET   843 PM MDT


-  INDICATES NEGATIVE NUMBERS.
R  INDICATES RECORD WAS SET OR TIED.
MM INDICATES DATA IS MISSING.
T  INDICATES TRACE AMOUNT.




$$
