000
CDUS45 KSLC 270032
CLIEVW


CLIMATE REPORT
NATIONAL WEATHER SERVICE SALT LAKE CITY UT
632 PM MDT SUN MAR 26 2017


...................................

...THE EVANSTON WY CLIMATE SUMMARY FOR MARCH 26 2017...
VALID TODAY AS OF 0500 PM LOCAL TIME.

CLIMATE NORMAL PERIOD 1981 TO 2010
CLIMATE RECORD PERIOD 9999 TO 9999


WEATHER ITEM   OBSERVED TIME   RECORD YEAR NORMAL DEPARTURE LAST
                VALUE   (LST)  VALUE       VALUE  FROM      YEAR
                                                  NORMAL
..................................................................
TEMPERATURE (F)
 TODAY
  MAXIMUM         MM        MM  MM      MM  43     MM       41
  MINIMUM         MM        MM  MM      MM  25     MM       18
  AVERAGE         MM                        34     MM       30

PRECIPITATION (IN)
  TODAY            0.00         MM      MM   0.04  -0.04      T
  MONTH TO DATE    T                         0.66  -0.66     0.14
  SINCE OCT 1      3.84                      4.60  -0.76     1.45
  SINCE JAN 1      2.26                      1.81   0.45     0.46

DEGREE DAYS
 HEATING
  TODAY           MM                        31     MM       35
  MONTH TO DATE  692                       908   -216      764
  SINCE MAR 1    692                       908   -216      764
  SINCE JUL 1   6269                      6916   -647     6291

 COOLING
  TODAY           MM                         0     MM        0
  MONTH TO DATE    0                         0      0        0
  SINCE MAR 1      0                         0      0        0
  SINCE JAN 1      0                         0      0        0
..................................................................


WIND (MPH)
  RESULTANT WIND SPEED   6   RESULTANT WIND DIRECTION   W (250)
  HIGHEST WIND SPEED    14   HIGHEST WIND DIRECTION     W (280)
  HIGHEST GUST SPEED    21   HIGHEST GUST DIRECTION     W (280)
  AVERAGE WIND SPEED     7.2


SKY COVER
  POSSIBLE SUNSHINE  MM
  AVERAGE SKY COVER 0.1


WEATHER CONDITIONS
 THE FOLLOWING WEATHER WAS RECORDED TODAY.
  FOG


RELATIVE HUMIDITY (PERCENT)
 HIGHEST    88           500 AM
 LOWEST     39           200 PM
 AVERAGE    64

..........................................................


THE EVANSTON WY CLIMATE NORMALS FOR TOMORROW
                         NORMAL    RECORD    YEAR
 MAXIMUM TEMPERATURE (F)   43        MM        MM
 MINIMUM TEMPERATURE (F)   25        MM        MM


SUNRISE AND SUNSET
MARCH 26 2017.........SUNRISE   717 AM MDT   SUNSET   743 PM MDT
MARCH 27 2017.........SUNRISE   715 AM MDT   SUNSET   744 PM MDT


-  INDICATES NEGATIVE NUMBERS.
R  INDICATES RECORD WAS SET OR TIED.
MM INDICATES DATA IS MISSING.
T  INDICATES TRACE AMOUNT.




$$
