000
CDUS42 KMHX 270627
CLIEWN


CLIMATE REPORT
NATIONAL WEATHER SERVICE NEWPORT/MOREHEAD CITY NC
126 AM EST FRI FEB 27 2015


...................................

...THE NEW BERN NC CLIMATE SUMMARY FOR FEBRUARY 26 2015...

CLIMATE NORMAL PERIOD 1981 TO 2010
CLIMATE RECORD PERIOD 1948 TO 2015


WEATHER ITEM   OBSERVED TIME   RECORD YEAR NORMAL DEPARTURE LAST
                VALUE   (LST)  VALUE       VALUE  FROM      YEAR
                                                  NORMAL
..................................................................
TEMPERATURE (F)
 YESTERDAY
  MAXIMUM         38    155 PM  80    1977  60    -22       43
  MINIMUM         33   1202 AM  18    1967  38     -5       36
  AVERAGE         36                        49    -13       40

PRECIPITATION (IN)
  YESTERDAY       MM             2.26 1958   0.14  MM        0.06
  MONTH TO DATE    2.00                      3.39  -1.39     2.56
  SINCE DEC 1     10.64                     10.81  -0.17     8.92
  SINCE JAN 1      6.49                      7.41  -0.92     6.53

SNOWFALL (IN)
  YESTERDAY        0.0
  MONTH TO DATE    3.0
  SINCE NOV 1      3.0
  SINCE JUL 1      3.0
  SNOW DEPTH       0

DEGREE DAYS
 HEATING
  YESTERDAY       29                        16     13       25
  MONTH TO DATE  671                       475    196      446
  SINCE DEC 1   1746                      1688     58     1604
  SINCE JUL 1   2191                      2115     76     2027

 COOLING
  YESTERDAY        0                         0      0        0
  MONTH TO DATE    0                         0      0        4
  SINCE DEC 1      7                         4      3       32
  SINCE JAN 1      7                         1      6        5
..................................................................


WIND (MPH)
  HIGHEST WIND SPEED    22   HIGHEST WIND DIRECTION    NE (50)
  HIGHEST GUST SPEED    29   HIGHEST GUST DIRECTION    NE (40)
  AVERAGE WIND SPEED     9.9


SKY COVER
  POSSIBLE SUNSHINE  MM
  AVERAGE SKY COVER 1.0


WEATHER CONDITIONS
 THE FOLLOWING WEATHER WAS RECORDED YESTERDAY.
  HEAVY RAIN
  RAIN
  LIGHT RAIN
  FOG


RELATIVE HUMIDITY (PERCENT)
 HIGHEST    96           100 AM
 LOWEST     82           300 PM
 AVERAGE    89

..........................................................


THE NEW BERN NC CLIMATE NORMALS FOR TODAY
                         NORMAL    RECORD    YEAR
 MAXIMUM TEMPERATURE (F)   60        85      1962
 MINIMUM TEMPERATURE (F)   38        16      1963


SUNRISE AND SUNSET
FEBRUARY 27 2015......SUNRISE   641 AM EST   SUNSET   602 PM EST
FEBRUARY 28 2015......SUNRISE   639 AM EST   SUNSET   603 PM EST


-  INDICATES NEGATIVE NUMBERS.
R  INDICATES RECORD WAS SET OR TIED.
MM INDICATES DATA IS MISSING.
T  INDICATES TRACE AMOUNT.




$$
