000
CDUS42 KMHX 272229
CLIEWN


CLIMATE REPORT
NATIONAL WEATHER SERVICE NEWPORT/MOREHEAD CITY NC
529 PM EST SAT DEC 27 2014


...................................

...THE NEW BERN NC CLIMATE SUMMARY FOR DECEMBER 27 2014...
VALID TODAY AS OF 0500 PM LOCAL TIME.

CLIMATE NORMAL PERIOD 1981 TO 2010
CLIMATE RECORD PERIOD 1948 TO 2014


WEATHER ITEM   OBSERVED TIME   RECORD YEAR NORMAL DEPARTURE LAST
                VALUE   (LST)  VALUE       VALUE  FROM      YEAR
                                                  NORMAL
..................................................................
TEMPERATURE (F)
 TODAY
  MAXIMUM         65    359 PM  74    1971  55     10       54
  MINIMUM         31    603 AM  13    1989  34     -3       31
  AVERAGE         48                        44      4       43

PRECIPITATION (IN)
  TODAY            0.00          2.42 1989   0.10  -0.10     0.00
  MONTH TO DATE    3.90                      2.98   0.92     2.03
  SINCE DEC 1      3.90                      2.98   0.92     2.03
  SINCE JAN 1     54.61                     52.33   2.28    42.31

SNOWFALL (IN)
  TODAY            0.0
  MONTH TO DATE    0.0
  SINCE NOV 1      0.0
  SINCE JUL 1      0.0
  SNOW DEPTH       0

DEGREE DAYS
 HEATING
  TODAY           17                        21     -4       22
  MONTH TO DATE  410                       484    -74      373
  SINCE DEC 1    410                       484    -74      373
  SINCE JUL 1    855                       911    -56      796

 COOLING
  TODAY            0                         0      0        0
  MONTH TO DATE    0                         0      0       27
  SINCE DEC 1      0                         0      0       27
  SINCE JAN 1   2193                      1900    293     2033
..................................................................


WIND (MPH)
  HIGHEST WIND SPEED     7   HIGHEST WIND DIRECTION    SW (220)
  HIGHEST GUST SPEED     9   HIGHEST GUST DIRECTION     S (180)
  AVERAGE WIND SPEED     1.3


SKY COVER
  POSSIBLE SUNSHINE  MM
  AVERAGE SKY COVER 0.3


WEATHER CONDITIONS
 THE FOLLOWING WEATHER WAS RECORDED TODAY.
  FOG
  FOG W/VISIBILITY <= 1/4 MILE


RELATIVE HUMIDITY (PERCENT)
 HIGHEST    92           100 AM
 LOWEST     40           400 PM
 AVERAGE    66

..........................................................


THE NEW BERN NC CLIMATE NORMALS FOR TOMORROW
                         NORMAL    RECORD    YEAR
 MAXIMUM TEMPERATURE (F)   55        77      2008
 MINIMUM TEMPERATURE (F)   34        18      1948


SUNRISE AND SUNSET
DECEMBER 27 2014......SUNRISE   715 AM EST   SUNSET   504 PM EST
DECEMBER 28 2014......SUNRISE   715 AM EST   SUNSET   504 PM EST


-  INDICATES NEGATIVE NUMBERS.
R  INDICATES RECORD WAS SET OR TIED.
MM INDICATES DATA IS MISSING.
T  INDICATES TRACE AMOUNT.




$$
