000
CDUS42 KMHX 160536
CLIEWN


CLIMATE REPORT
NATIONAL WEATHER SERVICE NEWPORT/MOREHEAD CITY NC
1236 AM EST TUE JAN 16 2018


...................................

...THE NEW BERN NC CLIMATE SUMMARY FOR JANUARY 15 2018...

CLIMATE NORMAL PERIOD 1981 TO 2010
CLIMATE RECORD PERIOD 1948 TO 2018


WEATHER ITEM   OBSERVED TIME   RECORD YEAR NORMAL DEPARTURE LAST
                VALUE   (LST)  VALUE       VALUE  FROM      YEAR
                                                  NORMAL
..................................................................
TEMPERATURE (F)
 YESTERDAY
  MAXIMUM         42    358 PM  76    2007  54    -12       58
  MINIMUM         26    120 AM  17    1994  34     -8       41
  AVERAGE         34                        44    -10       50

PRECIPITATION (IN)
  YESTERDAY        0.00          1.71 1971   0.14  -0.14     0.00
  MONTH TO DATE    1.37                      1.99  -0.62     2.84
  SINCE DEC 1      5.60                      5.39   0.21     6.34
  SINCE JAN 1      1.37                      1.99  -0.62     2.84

SNOWFALL (IN)
  YESTERDAY        0.0
  MONTH TO DATE    5.0
  SINCE NOV 1      5.0
  SINCE JUL 1      5.0
  SNOW DEPTH       0

DEGREE DAYS
 HEATING
  YESTERDAY       31                        21     10       15
  MONTH TO DATE  482                       315    167      270
  SINCE DEC 1   1103                       882    221      808
  SINCE JUL 1   1542                      1309    233     1203

 COOLING
  YESTERDAY        0                         0      0        0
  MONTH TO DATE    3                         0      3        0
  SINCE DEC 1      3                         3      0        0
  SINCE JAN 1      3                         0      3        0
..................................................................


WIND (MPH)
  HIGHEST WIND SPEED    16   HIGHEST WIND DIRECTION     N (20)
  HIGHEST GUST SPEED    20   HIGHEST GUST DIRECTION     N (360)
  AVERAGE WIND SPEED     8.4


SKY COVER
  POSSIBLE SUNSHINE  MM
  AVERAGE SKY COVER 0.6


WEATHER CONDITIONS
 THE FOLLOWING WEATHER WAS RECORDED YESTERDAY.
  NO SIGNIFICANT WEATHER WAS OBSERVED.


RELATIVE HUMIDITY (PERCENT)
 HIGHEST    78          1100 PM
 LOWEST     53           400 PM
 AVERAGE    66

..........................................................


THE NEW BERN NC CLIMATE NORMALS FOR TODAY
                         NORMAL    RECORD    YEAR
 MAXIMUM TEMPERATURE (F)   54        79      2013
                                             1950
 MINIMUM TEMPERATURE (F)   34        10      1994


SUNRISE AND SUNSET
JANUARY 16 2018.......SUNRISE   716 AM EST   SUNSET   521 PM EST
JANUARY 17 2018.......SUNRISE   715 AM EST   SUNSET   522 PM EST


-  INDICATES NEGATIVE NUMBERS.
R  INDICATES RECORD WAS SET OR TIED.
MM INDICATES DATA IS MISSING.
T  INDICATES TRACE AMOUNT.




$$
