000
CDUS42 KMHX 160527
CLIEWN


CLIMATE REPORT
NATIONAL WEATHER SERVICE NEWPORT/MOREHEAD CITY NC
127 AM EDT TUE SEP 16 2014


...................................

...THE NEW BERN NC CLIMATE SUMMARY FOR SEPTEMBER 15 2014...

CLIMATE NORMAL PERIOD 1981 TO 2010
CLIMATE RECORD PERIOD 1948 TO 2014


WEATHER ITEM   OBSERVED TIME   RECORD YEAR NORMAL DEPARTURE LAST
                VALUE   (LST)  VALUE       VALUE  FROM      YEAR
                                                  NORMAL
..................................................................
TEMPERATURE (F)
 YESTERDAY
  MAXIMUM         78    418 PM  93    1994  83     -5       83
  MINIMUM         67    235 AM  52    1964  65      2       65
  AVERAGE         73                        74     -1       74

PRECIPITATION (IN)
  YESTERDAY        0.01          4.09 1999   0.20  -0.19     0.00
  MONTH TO DATE    6.10                      3.04   3.06     1.73
  SINCE SEP 1      6.10                      3.04   3.06     1.73
  SINCE JAN 1     43.11                     39.84   3.27    31.10

SNOWFALL (IN)
  YESTERDAY        0.0
  MONTH TO DATE    0.0
  SINCE NOV 1     14.0
  SINCE JUL 1      0.0
  SNOW DEPTH       0

DEGREE DAYS
 HEATING
  YESTERDAY        0                         0      0        0
  MONTH TO DATE    0                         0      0        0
  SINCE SEP 1      0                         0      0        0
  SINCE JUL 1      0                         0      0        0

 COOLING
  YESTERDAY        8                         9     -1        9
  MONTH TO DATE  238                       164     74      199
  SINCE SEP 1    238                       164     74      199
  SINCE JAN 1   1949                      1693    256     1816
..................................................................


WIND (MPH)
  HIGHEST WIND SPEED     8   HIGHEST WIND DIRECTION     N (20)
  HIGHEST GUST SPEED    13   HIGHEST GUST DIRECTION    NE (50)
  AVERAGE WIND SPEED     3.0


SKY COVER
  POSSIBLE SUNSHINE  MM
  AVERAGE SKY COVER 0.9


WEATHER CONDITIONS
 THE FOLLOWING WEATHER WAS RECORDED YESTERDAY.
  NO SIGNIFICANT WEATHER WAS OBSERVED.


RELATIVE HUMIDITY (PERCENT)
 HIGHEST    87           700 PM
 LOWEST     62           400 PM
 AVERAGE    75

..........................................................


THE NEW BERN NC CLIMATE NORMALS FOR TODAY
                         NORMAL    RECORD    YEAR
 MAXIMUM TEMPERATURE (F)   83        94      1956
 MINIMUM TEMPERATURE (F)   65        54      2000


SUNRISE AND SUNSET
SEPTEMBER 16 2014.....SUNRISE   652 AM EDT   SUNSET   714 PM EDT
SEPTEMBER 17 2014.....SUNRISE   652 AM EDT   SUNSET   712 PM EDT


-  INDICATES NEGATIVE NUMBERS.
R  INDICATES RECORD WAS SET OR TIED.
MM INDICATES DATA IS MISSING.
T  INDICATES TRACE AMOUNT.




$$
