000
CDUS42 KMHX 192126
CLIEWN


CLIMATE REPORT
NATIONAL WEATHER SERVICE NEWPORT/MOREHEAD CITY NC
525 PM EDT SAT AUG 19 2017


...................................

...THE NEW BERN NC CLIMATE SUMMARY FOR AUGUST 19 2017...
VALID TODAY AS OF 0500 PM LOCAL TIME.

CLIMATE NORMAL PERIOD 1981 TO 2010
CLIMATE RECORD PERIOD 1948 TO 2017


WEATHER ITEM   OBSERVED TIME   RECORD YEAR NORMAL DEPARTURE LAST
                VALUE   (LST)  VALUE       VALUE  FROM      YEAR
                                                  NORMAL
..................................................................
TEMPERATURE (F)
 TODAY
  MAXIMUM         92    132 PM  99    1988  88      4       90
  MINIMUM         75    359 PM  63    1958  70      5       71
  AVERAGE         84                        79      5       81

PRECIPITATION (IN)
  TODAY            0.98          8.85 1986   0.21   0.77     1.21
  MONTH TO DATE    5.59                      4.18   1.41     3.82
  SINCE JUN 1     16.49                     14.94   1.55    19.34
  SINCE JAN 1     36.00                     34.33   1.67    42.05

SNOWFALL (IN)
  TODAY            0.0
  MONTH TO DATE    0.0
  SINCE NOV 1      T
  SINCE JUL 1      0.0
  SNOW DEPTH       0

DEGREE DAYS
 HEATING
  TODAY            0                         0      0        0
  MONTH TO DATE    0                         0      0        0
  SINCE JUN 1      2                         1      1        0
  SINCE JUL 1      0                         0      0        0

 COOLING
  TODAY           19                        14      5       16
  MONTH TO DATE  280                       279      1      346
  SINCE JUN 1   1159                      1126     33     1304
  SINCE JAN 1   1531                      1369    162     1574
..................................................................


WIND (MPH)
  HIGHEST WIND SPEED    22   HIGHEST WIND DIRECTION     S (180)
  HIGHEST GUST SPEED    33   HIGHEST GUST DIRECTION    SW (210)
  AVERAGE WIND SPEED     5.1


SKY COVER
  POSSIBLE SUNSHINE  MM
  AVERAGE SKY COVER 0.5


WEATHER CONDITIONS
 THE FOLLOWING WEATHER WAS RECORDED TODAY.
  THUNDERSTORM
  HEAVY RAIN
  RAIN
  LIGHT RAIN
  FOG
  FOG W/VISIBILITY <= 1/4 MILE


RELATIVE HUMIDITY (PERCENT)
 HIGHEST   100           400 AM
 LOWEST     64           100 PM
 AVERAGE    82

..........................................................


THE NEW BERN NC CLIMATE NORMALS FOR TOMORROW
                         NORMAL    RECORD    YEAR
 MAXIMUM TEMPERATURE (F)   88        98      2005
 MINIMUM TEMPERATURE (F)   70        61      1998


SUNRISE AND SUNSET
AUGUST 19 2017........SUNRISE   631 AM EDT   SUNSET   752 PM EDT
AUGUST 20 2017........SUNRISE   632 AM EDT   SUNSET   750 PM EDT


-  INDICATES NEGATIVE NUMBERS.
R  INDICATES RECORD WAS SET OR TIED.
MM INDICATES DATA IS MISSING.
T  INDICATES TRACE AMOUNT.




$$
