000
CDUS41 KOKX 250617
CLIEWR


CLIMATE REPORT
NATIONAL WEATHER SERVICE NEW YORK NY
217 AM EDT WED MAY 25 2016


...................................

...THE NEWARK NJ CLIMATE SUMMARY FOR MAY 24 2016...

CLIMATE NORMAL PERIOD 1981 TO 2010
CLIMATE RECORD PERIOD 1929 TO 2016


WEATHER ITEM   OBSERVED TIME   RECORD YEAR NORMAL DEPARTURE LAST
                VALUE   (LST)  VALUE       VALUE  FROM      YEAR
                                                  NORMAL
..................................................................
TEMPERATURE (F)
 YESTERDAY
  MAXIMUM         77    253 PM  93    1964  75      2       82
  MINIMUM         58    430 AM  40    1963  56      2       49
  AVERAGE         68                        65      3       66

PRECIPITATION (IN)
  YESTERDAY        0.05          2.58 1978   0.14  -0.09     0.00
  MONTH TO DATE    2.25                      3.10  -0.85     0.90
  SINCE MAR 1      4.75                     11.48  -6.73     7.20
  SINCE JAN 1     12.80                     17.90  -5.10    13.68

SNOWFALL (IN)
  YESTERDAY        0.0           0.0  2002   0.0    0.0      0.0
                                      2001
  MONTH TO DATE    0.0                       0.0    0.0      0.0
  SINCE OCT 1     36.4                      28.5    7.9     46.4
  SINCE JUL 1     36.4                      28.5    7.9     46.4
  SNOW DEPTH       0

DEGREE DAYS
 HEATING
  YESTERDAY        0                         3     -3        0
  MONTH TO DATE  170                       120     50       48
  SINCE MAR 1   1026                      1205   -179     1211
  SINCE JUL 1   3899                      4840   -941     5114

 COOLING
  YESTERDAY        3                         3      0        1
  MONTH TO DATE    5                        38    -33       75
  SINCE MAR 1     23                        50    -27       78
  SINCE JAN 1     23                        50    -27       78
..................................................................


WIND (MPH)
  HIGHEST WIND SPEED    13   HIGHEST WIND DIRECTION    NE (40)
  HIGHEST GUST SPEED    20   HIGHEST GUST DIRECTION     W (260)
  AVERAGE WIND SPEED     4.7


SKY COVER
  AVERAGE SKY COVER 0.9


WEATHER CONDITIONS
 THE FOLLOWING WEATHER WAS RECORDED YESTERDAY.
  LIGHT RAIN


RELATIVE HUMIDITY (PERCENT)
 HIGHEST    93           400 AM
 LOWEST     43           300 PM
 AVERAGE    68

..........................................................


THE NEWARK NJ CLIMATE NORMALS FOR TODAY
                         NORMAL    RECORD    YEAR
 MAXIMUM TEMPERATURE (F)   75        93      1991
 MINIMUM TEMPERATURE (F)   56        42      1956


SUNRISE AND SUNSET
MAY 25 2016...........SUNRISE   531 AM EDT   SUNSET   816 PM EDT
MAY 26 2016...........SUNRISE   531 AM EDT   SUNSET   817 PM EDT


-  INDICATES NEGATIVE NUMBERS.
R  INDICATES RECORD WAS SET OR TIED.
MM INDICATES DATA IS MISSING.
T  INDICATES TRACE AMOUNT.




$$
