000
CDUS41 KOKX 010616
CLIEWR


CLIMATE REPORT
NATIONAL WEATHER SERVICE NEW YORK NY
216 AM EDT WED OCT 1 2014


...................................

...THE NEWARK NJ CLIMATE SUMMARY FOR SEPTEMBER 30 2014...

CLIMATE NORMAL PERIOD 1981 TO 2010
CLIMATE RECORD PERIOD 1929 TO 2014


WEATHER ITEM   OBSERVED TIME   RECORD YEAR NORMAL DEPARTURE LAST
                VALUE   (LST)  VALUE       VALUE  FROM      YEAR
                                                  NORMAL
..................................................................
TEMPERATURE (F)
 YESTERDAY
  MAXIMUM         72   1046 AM  89    1986  71      1       74
  MINIMUM         64   1159 PM  38    1942  54     10       53
  AVERAGE         68                        62      6       64

PRECIPITATION (IN)
  YESTERDAY        0.00          1.21 2010   0.14  -0.14     0.00
  MONTH TO DATE    1.52                      3.82  -2.30     1.54
  SINCE SEP 1      1.52                      3.82  -2.30     1.54
  SINCE JAN 1     36.14                     35.19   0.95    34.84

SNOWFALL (IN)
  YESTERDAY        0.0           0.0  2002   0.0    0.0      0.0
                                      2001
  MONTH TO DATE    0.0                       0.0    0.0      0.0
  SINCE OCT 1     61.1                      28.5   32.6     29.5
  SINCE JUL 1      0.0                       0.0    0.0      0.0
  SNOW DEPTH       0

DEGREE DAYS
 HEATING
  YESTERDAY        0                         4     -4        1
  MONTH TO DATE   19                        43    -24       47
  SINCE SEP 1     19                        44    -25       47
  SINCE JUL 1     19                        45    -26       47

 COOLING
  YESTERDAY        3                         2      1        0
  MONTH TO DATE  169                       140     29      119
  SINCE SEP 1    169                       140     29      119
  SINCE JAN 1   1154                      1174    -20     1290
..................................................................


WIND (MPH)
  HIGHEST WIND SPEED    13   HIGHEST WIND DIRECTION    NE (30)
  HIGHEST GUST SPEED    16   HIGHEST GUST DIRECTION    SE (140)
  AVERAGE WIND SPEED     4.7


SKY COVER
  AVERAGE SKY COVER 0.8


WEATHER CONDITIONS
 THE FOLLOWING WEATHER WAS RECORDED YESTERDAY.
  HAZE


RELATIVE HUMIDITY (PERCENT)
 HIGHEST    81           200 AM
 LOWEST     61           900 AM
 AVERAGE    71

..........................................................


THE NEWARK NJ CLIMATE NORMALS FOR TODAY
                         NORMAL    RECORD    YEAR
 MAXIMUM TEMPERATURE (F)   71        85      1986
                                             1950
 MINIMUM TEMPERATURE (F)   53        38      1947


SUNRISE AND SUNSET
OCTOBER  1 2014.......SUNRISE   653 AM EDT   SUNSET   639 PM EDT
OCTOBER  2 2014.......SUNRISE   654 AM EDT   SUNSET   637 PM EDT


-  INDICATES NEGATIVE NUMBERS.
R  INDICATES RECORD WAS SET OR TIED.
MM INDICATES DATA IS MISSING.
T  INDICATES TRACE AMOUNT.




$$
