081
CDUS41 KOKX 010618
CLIEWR


CLIMATE REPORT
NATIONAL WEATHER SERVICE NEW YORK NY
218 AM EDT SUN MAY 1 2016


...................................

...THE NEWARK NJ CLIMATE SUMMARY FOR APRIL 30 2016...

CLIMATE NORMAL PERIOD 1981 TO 2010
CLIMATE RECORD PERIOD 1929 TO 2016


WEATHER ITEM   OBSERVED TIME   RECORD YEAR NORMAL DEPARTURE LAST
                VALUE   (LST)  VALUE       VALUE  FROM      YEAR
                                                  NORMAL
..................................................................
TEMPERATURE (F)
 YESTERDAY
  MAXIMUM         63    317 PM  91    1942  67     -4       63
  MINIMUM         44    523 AM  34    1931  48     -4       47
  AVERAGE         54                        58     -4       55

PRECIPITATION (IN)
  YESTERDAY        0.00          5.24 2014   0.12  -0.12     0.00
  MONTH TO DATE    1.12                      4.20  -3.08     1.67
  SINCE MAR 1      2.50                      8.38  -5.88     6.30
  SINCE JAN 1     10.55                     14.80  -4.25    12.78

SNOWFALL (IN)
  YESTERDAY        0.0           0.0  2002   0.0    0.0      0.0
                                      2001
  MONTH TO DATE    T                         0.9   -0.9       T
  SINCE OCT 1     36.4                      28.5    7.9     46.4
  SINCE JUL 1     36.4                      28.5    7.9     46.4
  SNOW DEPTH       0

DEGREE DAYS
 HEATING
  YESTERDAY       11                         8      3       10
  MONTH TO DATE  362                       376    -14      324
  SINCE MAR 1    856                      1085   -229     1163
  SINCE JUL 1   3729                      4720   -991     5066

 COOLING
  YESTERDAY        0                         1     -1        0
  MONTH TO DATE   13                        11      2        3
  SINCE MAR 1     18                        12      6        3
  SINCE JAN 1     18                        12      6        3
..................................................................


WIND (MPH)
  HIGHEST WIND SPEED    13   HIGHEST WIND DIRECTION     S (160)
  HIGHEST GUST SPEED    21   HIGHEST GUST DIRECTION    SE (140)
  AVERAGE WIND SPEED     7.2


SKY COVER
  AVERAGE SKY COVER 0.8


WEATHER CONDITIONS
 THE FOLLOWING WEATHER WAS RECORDED YESTERDAY.
  NO SIGNIFICANT WEATHER WAS OBSERVED.


RELATIVE HUMIDITY (PERCENT)
 HIGHEST    92           400 AM
 LOWEST     23           500 PM
 AVERAGE    58

..........................................................


THE NEWARK NJ CLIMATE NORMALS FOR TODAY
                         NORMAL    RECORD    YEAR
 MAXIMUM TEMPERATURE (F)   68        88      2010
 MINIMUM TEMPERATURE (F)   49        36      1978


SUNRISE AND SUNSET
MAY  1 2016...........SUNRISE   555 AM EDT   SUNSET   753 PM EDT
MAY  2 2016...........SUNRISE   553 AM EDT   SUNSET   754 PM EDT


-  INDICATES NEGATIVE NUMBERS.
R  INDICATES RECORD WAS SET OR TIED.
MM INDICATES DATA IS MISSING.
T  INDICATES TRACE AMOUNT.




$$
