000
CDUS43 KIND 020534
CLIEYE


CLIMATE REPORT
NATIONAL WEATHER SERVICE INDIANAPOLIS IN
132 AM EDT THU OCT 2 2014


...................................

...THE INDIANAPOLIS EAGLE CREEK IN CLIMATE SUMMARY FOR OCTOBER 1 2014...

CLIMATE NORMAL PERIOD 1981 TO 2010
CLIMATE RECORD PERIOD 9999 TO 9999


WEATHER ITEM   OBSERVED TIME   NORMAL DEPARTURE LAST
                VALUE   (LST)  VALUE  FROM      YEAR
                                      NORMAL
......................................................
TEMPERATURE (F)
 YESTERDAY
  MAXIMUM         76    522 PM  71      5       76
  MINIMUM         47    640 AM  50     -3       60
  AVERAGE         62            60      2       68

PRECIPITATION (IN)
  YESTERDAY        0.00          0.10  -0.10     0.00
  MONTH TO DATE    0.00          0.10  -0.10     0.00
  SINCE SEP 1      3.42          2.35   1.07     2.31
  SINCE JAN 1     32.24         31.00   1.24    29.80

DEGREE DAYS
 HEATING
  YESTERDAY        3             6     -3        0
  MONTH TO DATE    3             6     -3        0
  SINCE SEP 1     77            64     13       42
  SINCE JUL 1     85            67     18       53

 COOLING
  YESTERDAY        0             1     -1        3
  MONTH TO DATE    0             1     -1        3
  SINCE SEP 1     92           124    -32      146
  SINCE JAN 1    885          1044   -159      981
......................................................


WIND (MPH)
  HIGHEST WIND SPEED     9   HIGHEST WIND DIRECTION     E (90)
  HIGHEST GUST SPEED    MM   HIGHEST GUST DIRECTION    MM
  AVERAGE WIND SPEED     4.4


SKY COVER
  AVERAGE SKY COVER 0.1


WEATHER CONDITIONS
 THE FOLLOWING WEATHER WAS RECORDED YESTERDAY.
  NO SIGNIFICANT WEATHER WAS OBSERVED.


RELATIVE HUMIDITY (PERCENT)
 HIGHEST    86           200 AM
 LOWEST     50           300 PM
 AVERAGE    68

..........................................................


THE INDIANAPOLIS EAGLE CREEK IN CLIMATE NORMALS FOR TODAY
                         NORMAL
 MAXIMUM TEMPERATURE (F)   70
 MINIMUM TEMPERATURE (F)   50


SUNRISE AND SUNSET
OCTOBER  2 2014.......SUNRISE   742 AM EDT   SUNSET   726 PM EDT
OCTOBER  3 2014.......SUNRISE   743 AM EDT   SUNSET   724 PM EDT


-  INDICATES NEGATIVE NUMBERS.
R  INDICATES RECORD WAS SET OR TIED.
MM INDICATES DATA IS MISSING.
T  INDICATES TRACE AMOUNT.




$$
