000
CDUS43 KIND 280546
CLIEYE


CLIMATE REPORT
NATIONAL WEATHER SERVICE INDIANAPOLIS IN
146 AM EDT THU MAY 28 2015


...................................

...THE INDIANAPOLIS EAGLE CREEK IN CLIMATE SUMMARY FOR MAY 27 2015...

CLIMATE NORMAL PERIOD 1981 TO 2010
CLIMATE RECORD PERIOD 9999 TO 9999


WEATHER ITEM   OBSERVED TIME   NORMAL DEPARTURE LAST
                VALUE   (LST)  VALUE  FROM      YEAR
                                      NORMAL
......................................................
TEMPERATURE (F)
 YESTERDAY
  MAXIMUM         82    333 PM  76      6       85
  MINIMUM         63    554 AM  57      6       67
  AVERAGE         73            66      7       76

PRECIPITATION (IN)
  YESTERDAY        0.06          0.11  -0.05     0.00
  MONTH TO DATE    1.18          4.74  -3.56     3.87
  SINCE MAR 1      9.31         11.94  -2.63    11.53
  SINCE JAN 1     11.79         16.28  -4.49    15.91

DEGREE DAYS
 HEATING
  YESTERDAY        0             2     -2        0
  MONTH TO DATE   80           131    -51      148
  SINCE MAR 1   1232          1201     31     1400
  SINCE JUL 1   5918          5326    592     6226

 COOLING
  YESTERDAY        8             4      4       11
  MONTH TO DATE   99            54     45       69
  SINCE MAR 1    103            69     34       74
  SINCE JAN 1    103            69     34       74
......................................................


WIND (MPH)
  HIGHEST WIND SPEED    16   HIGHEST WIND DIRECTION    NW (330)
  HIGHEST GUST SPEED    26   HIGHEST GUST DIRECTION    SW (220)
  AVERAGE WIND SPEED     7.9


SKY COVER
  AVERAGE SKY COVER 0.2


WEATHER CONDITIONS
 THE FOLLOWING WEATHER WAS RECORDED YESTERDAY.
  THUNDERSTORM
  LIGHT RAIN
  FOG


RELATIVE HUMIDITY (PERCENT)
 HIGHEST    93           600 AM
 LOWEST     45           300 PM
 AVERAGE    69

..........................................................


THE INDIANAPOLIS EAGLE CREEK IN CLIMATE NORMALS FOR TODAY
                         NORMAL
 MAXIMUM TEMPERATURE (F)   76
 MINIMUM TEMPERATURE (F)   57


SUNRISE AND SUNSET
MAY 28 2015...........SUNRISE   621 AM EDT   SUNSET   904 PM EDT
MAY 29 2015...........SUNRISE   620 AM EDT   SUNSET   905 PM EDT


-  INDICATES NEGATIVE NUMBERS.
R  INDICATES RECORD WAS SET OR TIED.
MM INDICATES DATA IS MISSING.
T  INDICATES TRACE AMOUNT.




$$
