000
CDUS43 KIND 250534
CLIEYE


CLIMATE REPORT
NATIONAL WEATHER SERVICE INDIANAPOLIS IN
133 AM EDT FRI APR 25 2014


...................................

...THE INDIANAPOLIS EAGLE CREEK IN CLIMATE SUMMARY FOR APRIL 24 2014...

CLIMATE NORMAL PERIOD 1981 TO 2010
CLIMATE RECORD PERIOD 9999 TO 9999


WEATHER ITEM   OBSERVED TIME   NORMAL DEPARTURE LAST
                VALUE   (LST)  VALUE  FROM      YEAR
                                      NORMAL
......................................................
TEMPERATURE (F)
 YESTERDAY
  MAXIMUM         66    623 PM  66      0       53
  MINIMUM         49    706 AM  46      3       37
  AVERAGE         58            56      2       45

PRECIPITATION (IN)
  YESTERDAY        0.00          0.15  -0.15     0.62
  MONTH TO DATE    4.53          2.87   1.66     5.97
  SINCE MAR 1      5.51          6.17  -0.66     7.43
  SINCE JAN 1      9.89         10.51  -0.62    14.37

DEGREE DAYS
 HEATING
  YESTERDAY        7            10     -3       20
  MONTH TO DATE  323           318      5      340
  SINCE MAR 1   1220          1018    202     1266
  SINCE JUL 1   6046          5143    903     5380

 COOLING
  YESTERDAY        0             1     -1        0
  MONTH TO DATE    5            14     -9        3
  SINCE MAR 1      5            15    -10        3
  SINCE JAN 1      5            15    -10        3
......................................................


WIND (MPH)
  HIGHEST WIND SPEED    20   HIGHEST WIND DIRECTION    SE (130)
  HIGHEST GUST SPEED    27   HIGHEST GUST DIRECTION     E (110)
  AVERAGE WIND SPEED    11.6


SKY COVER
  AVERAGE SKY COVER 0.3


WEATHER CONDITIONS
 THE FOLLOWING WEATHER WAS RECORDED YESTERDAY.
  NO SIGNIFICANT WEATHER WAS OBSERVED.


RELATIVE HUMIDITY (PERCENT)
 HIGHEST    56           500 AM
 LOWEST     31           500 PM
 AVERAGE    44

..........................................................


THE INDIANAPOLIS EAGLE CREEK IN CLIMATE NORMALS FOR TODAY
                         NORMAL
 MAXIMUM TEMPERATURE (F)   66
 MINIMUM TEMPERATURE (F)   46


SUNRISE AND SUNSET
APRIL 25 2014.........SUNRISE   653 AM EDT   SUNSET   834 PM EDT
APRIL 26 2014.........SUNRISE   652 AM EDT   SUNSET   835 PM EDT


-  INDICATES NEGATIVE NUMBERS.
R  INDICATES RECORD WAS SET OR TIED.
MM INDICATES DATA IS MISSING.
T  INDICATES TRACE AMOUNT.




$$
