646
CDUS42 KKEY 172128
CLIEYW

CLIMATE REPORT
NATIONAL WEATHER SERVICE KEY WEST, FL
425 PM EST SAT FEB 17 2018

...................................

...THE KEY WEST CLIMATE SUMMARY FOR FEBRUARY 17 2018...
VALID TODAY AS OF 0400 PM LOCAL TIME.

CLIMATE NORMAL PERIOD 1981 TO 2010
CLIMATE RECORD PERIOD 1871 TO 2018

WEATHER ITEM   OBSERVED TIME   RECORD YEAR NORMAL DEPARTURE LAST
                VALUE   (LST)  VALUE       VALUE  FROM      YEAR
                                                  NORMAL
..................................................................

TEMPERATURE (F)
 TODAY
  MAXIMUM         81    154 PM  84    1927  76      5       76
  MINIMUM         72    724 AM  46    1996  66      6       66
  AVERAGE         77                        71      6       71

PRECIPITATION (IN)
  TODAY            0.00          1.31 1939   0.05  -0.05     0.00
  MONTH TO DATE    0.09                      0.85  -0.76     0.14
  SINCE DEC 1      2.27                      5.11  -2.84     2.88
  SINCE JAN 1      0.99                      2.89  -1.90     1.14

SNOWFALL (IN)
  TODAY            0.0
  MONTH TO DATE    0.0
  SINCE DEC 1      0.0
  SINCE JUL 1      0.0
  SNOW DEPTH       0

DEGREE DAYS
 HEATING
  TODAY            0                         0      0        0
  MONTH TO DATE    0                        15    -15        0
  SINCE DEC 1     42                        65    -23        5
  SINCE JUL 1     42                        66    -24        5

 COOLING
  TODAY           12                         7      5        6
  MONTH TO DATE  192                       106     86      160
  SINCE DEC 1    571                       488     83      814
  SINCE JAN 1    311                       271     40      421

..................................................................

WIND (MPH)
  HIGHEST WIND SPEED    13   HIGHEST WIND DIRECTION     E (100)
  HIGHEST GUST SPEED    15   HIGHEST GUST DIRECTION     E (100)
  AVERAGE WIND SPEED     8.1

SKY COVER
  POSSIBLE SUNSHINE  MM
  AVERAGE SKY COVER 0.0

WEATHER CONDITIONS
 THE FOLLOWING WEATHER WAS RECORDED TODAY.
  NO SIGNIFICANT WEATHER WAS OBSERVED.

RELATIVE HUMIDITY (PERCENT)
 HIGHEST    93
 LOWEST     62
 AVERAGE    78

..........................................................

THE KEY WEST CLIMATE NORMALS FOR TOMORROW
                         NORMAL    RECORD    YEAR
 MAXIMUM TEMPERATURE (F)   76        84      1992
                                             1942
                                             1933
 MINIMUM TEMPERATURE (F)   66        45      1996


SUNRISE AND SUNSET

FEBRUARY 17 2018......SUNRISE   659 AM EST   SUNSET   623 PM EST
FEBRUARY 18 2018......SUNRISE   659 AM EST   SUNSET   624 PM EST

-  INDICATES NEGATIVE NUMBERS.
R  INDICATES RECORD WAS SET OR TIED.
MM INDICATES DATA IS MISSING.
T  INDICATES TRACE AMOUNT.

$$

SC
