000
CDUS42 KKEY 252116
CLIEYW

CLIMATE REPORT
NATIONAL WEATHER SERVICE KEY WEST, FL
514 PM EDT MON MAY 25 2015

...................................

...THE KEY WEST CLIMATE SUMMARY FOR MAY 25 2015...
VALID TODAY AS OF 0500 PM LOCAL TIME.

CLIMATE NORMAL PERIOD 1981 TO 2010
CLIMATE RECORD PERIOD 1871 TO 2015

WEATHER ITEM   OBSERVED TIME   RECORD YEAR NORMAL DEPARTURE LAST
                VALUE   (LST)  VALUE       VALUE  FROM      YEAR
                                                  NORMAL
..................................................................

TEMPERATURE (F)
 TODAY
  MAXIMUM         87    151 PM  91    2008  86      1       87
                                      1989
  MINIMUM         80    822 AM  70    1992  77      3       78
                                      1913
  AVERAGE         84                        82      2       83

PRECIPITATION (IN)
  TODAY            0.03          3.34 1985   0.12  -0.09     0.00
  MONTH TO DATE    1.10                      2.16  -1.06     0.91
  SINCE MAR 1      9.18                      6.26   2.92     5.25
  SINCE JAN 1     12.41                      9.79   2.62    12.85

SNOWFALL (IN)
  TODAY            0.0
  MONTH TO DATE    0.0
  SINCE MAR 1      0.0
  SINCE JUL 1      0.0
  SNOW DEPTH       0

DEGREE DAYS
 HEATING
  TODAY            0                         0      0        0
  MONTH TO DATE    0                         0      0        0
  SINCE MAR 1      0                         7     -7        0
  SINCE JUL 1     27                        73    -46       22

 COOLING
  TODAY           19                        17      2       18
  MONTH TO DATE  410                       375     35      413
  SINCE MAR 1   1254                       981    273     1081
  SINCE JAN 1   1612                      1329    283     1507

..................................................................

WIND (MPH)
  HIGHEST WIND SPEED    23   HIGHEST WIND DIRECTION     E (100)
  HIGHEST GUST SPEED    28   HIGHEST GUST DIRECTION     E (100)
  AVERAGE WIND SPEED    15.5

SKY COVER
  POSSIBLE SUNSHINE  MM
  AVERAGE SKY COVER 0.2

WEATHER CONDITIONS
 THE FOLLOWING WEATHER WAS RECORDED TODAY.
  LIGHT RAIN

RELATIVE HUMIDITY (PERCENT)
 HIGHEST    85
 LOWEST     70
 AVERAGE    78

..........................................................

THE KEY WEST CLIMATE NORMALS FOR TOMORROW
                         NORMAL    RECORD    YEAR
 MAXIMUM TEMPERATURE (F)   86        91      1989
                                             1873
 MINIMUM TEMPERATURE (F)   77        68      1992

SUNRISE AND SUNSET

MAY 25 2015...........SUNRISE   640 AM EDT   SUNSET   808 PM EDT
MAY 26 2015...........SUNRISE   639 AM EDT   SUNSET   809 PM EDT

-  INDICATES NEGATIVE NUMBERS.
R  INDICATES RECORD WAS SET OR TIED.
MM INDICATES DATA IS MISSING.
T  INDICATES TRACE AMOUNT.

$$
