000
CDUS42 KKEY 240533
CLIEYW


CLIMATE REPORT
NATIONAL WEATHER SERVICE KEY WEST, FL
130 AM EDT FRI MAR 24 2017


...................................

...THE KEY WEST CLIMATE SUMMARY FOR MARCH 23 2017...

CLIMATE NORMAL PERIOD 1981 TO 2010
CLIMATE RECORD PERIOD 1871 TO 2017


WEATHER ITEM   OBSERVED TIME   RECORD YEAR NORMAL DEPARTURE LAST
               VALUE    (LST)  VALUE       VALUE  FROM      YEAR
                                                  NORMAL
..................................................................
TEMPERATURE (F)
 YESTERDAY
  MAXIMUM         81    247 PM  88    1874  79      2       79
  MINIMUM         69    654 AM  53    1986  69      0       67
  AVERAGE         75                        74      1       73

PRECIPITATION (IN)
  YESTERDAY        0.00          1.90 1984   0.05  -0.05      T
  MONTH TO DATE    0.93                      1.58  -0.65     0.21
  SINCE MAR 1      0.93                      1.58  -0.65     0.21
  SINCE JAN 1      3.98                      5.11  -1.13     7.29

SNOWFALL (IN)
  YESTERDAY        0.0
  MONTH TO DATE    0.0
  SINCE MAR 1      0.0
  SINCE JUL 1      0.0
  SNOW DEPTH       0

DEGREE DAYS
 HEATING
  YESTERDAY        0                         0      0        0
  MONTH TO DATE    0                         0      0        0
  SINCE MAR 1      0                         0      0        0
  SINCE JUL 1      5                        66    -61       24

 COOLING
  YESTERDAY       10                         9      1        8
  MONTH TO DATE  203                       189     14      222
  SINCE MAR 1    203                       189     14      222
  SINCE JAN 1    743                       537    206      550
..................................................................


WIND (MPH)
  HIGHEST WIND SPEED    21   HIGHEST WIND DIRECTION    NE (40)
  HIGHEST GUST SPEED    30   HIGHEST GUST DIRECTION    NE (40)
  AVERAGE WIND SPEED     8.2


SKY COVER
  POSSIBLE SUNSHINE  MM
  AVERAGE SKY COVER 0.1


WEATHER CONDITIONS
 THE FOLLOWING WEATHER WAS RECORDED YESTERDAY.
  NO SIGNIFICANT WEATHER WAS OBSERVED.


RELATIVE HUMIDITY (PERCENT)
 HIGHEST    84
 LOWEST     54
 AVERAGE    69

..........................................................


THE KEY WEST CLIMATE NORMALS FOR TODAY
                         NORMAL    RECORD    YEAR
 MAXIMUM TEMPERATURE (F)   79        88      1994
 MINIMUM TEMPERATURE (F)   69        57      1968
                                             1915


SUNRISE AND SUNSET
MARCH 24 2017.........SUNRISE   727 AM EDT   SUNSET   740 PM EDT
MARCH 25 2017.........SUNRISE   726 AM EDT   SUNSET   740 PM EDT


-  INDICATES NEGATIVE NUMBERS.
R  INDICATES RECORD WAS SET OR TIED.
MM INDICATES DATA IS MISSING.
T  INDICATES TRACE AMOUNT.


$$
