000
CDUS42 KKEY 300535
CLIEYW


CLIMATE REPORT
NATIONAL WEATHER SERVICE KEY WEST, FL
133 AM EDT TUE MAY 30 2017


...................................

...THE KEY WEST CLIMATE SUMMARY FOR MAY 29 2017...

CLIMATE NORMAL PERIOD 1981 TO 2010
CLIMATE RECORD PERIOD 1871 TO 2017


WEATHER ITEM   OBSERVED TIME   RECORD YEAR NORMAL DEPARTURE LAST
                VALUE   (LST)  VALUE       VALUE  FROM      YEAR
                                                  NORMAL
..................................................................
TEMPERATURE (F)
 YESTERDAY
  MAXIMUM         88    243 PM  91    1952  87      1       89
                                      1878
  MINIMUM         80    403 AM  68    1926  77      3       79
  AVERAGE         84                        82      2       84

PRECIPITATION (IN)
  YESTERDAY        0.00          2.04 1960   0.15  -0.15      T
  MONTH TO DATE    1.19                      2.72  -1.53     2.37
  SINCE MAR 1      6.00                      6.82  -0.82     4.07
  SINCE JAN 1      9.05                     10.35  -1.30    11.15

SNOWFALL (IN)
  YESTERDAY        0.0
  MONTH TO DATE    0.0
  SINCE MAR 1      0.0
  SINCE JUL 1      0.0
  SNOW DEPTH       0

DEGREE DAYS
 HEATING
  YESTERDAY        0                         0      0        0
  MONTH TO DATE    0                         0      0        0
  SINCE MAR 1      0                         7     -7        0
  SINCE JUL 1      5                        73    -68       24

 COOLING
  YESTERDAY       19                        17      2       19
  MONTH TO DATE  479                       443     36      436
  SINCE MAR 1   1173                      1049    124     1129
  SINCE JAN 1   1713                      1397    316     1457
..................................................................


WIND (MPH)
  HIGHEST WIND SPEED    14   HIGHEST WIND DIRECTION     E (100)
  HIGHEST GUST SPEED    18   HIGHEST GUST DIRECTION     E (80)
  AVERAGE WIND SPEED     7.7


SKY COVER
  POSSIBLE SUNSHINE  MM
  AVERAGE SKY COVER 0.1


WEATHER CONDITIONS
 THE FOLLOWING WEATHER WAS RECORDED YESTERDAY.
  NO SIGNIFICANT WEATHER WAS OBSERVED.


RELATIVE HUMIDITY (PERCENT)
 HIGHEST    85
 LOWEST     63
 AVERAGE    74

..........................................................


THE KEY WEST CLIMATE NORMALS FOR TODAY
                         NORMAL    RECORD    YEAR
 MAXIMUM TEMPERATURE (F)   87        92      1881
 MINIMUM TEMPERATURE (F)   78        67      1932


SUNRISE AND SUNSET
MAY 30 2017...........SUNRISE   638 AM EDT   SUNSET   811 PM EDT
MAY 31 2017...........SUNRISE   638 AM EDT   SUNSET   811 PM EDT


-  INDICATES NEGATIVE NUMBERS.
R  INDICATES RECORD WAS SET OR TIED.
MM INDICATES DATA IS MISSING.
T  INDICATES TRACE AMOUNT.




$$
