000
CDUS42 KKEY 232126
CLIEYW


CLIMATE REPORT
NATIONAL WEATHER SERVICE KEY WEST, FL
419 PM EST THU FEB 23 2017


...................................

...THE KEY WEST CLIMATE SUMMARY FOR FEBRUARY 23 2017...
VALID TODAY AS OF 0400 PM LOCAL TIME.

CLIMATE NORMAL PERIOD 1981 TO 2010
CLIMATE RECORD PERIOD 1871 TO 2017


WEATHER ITEM   OBSERVED TIME   RECORD YEAR NORMAL DEPARTURE LAST
                VALUE   (LST)  VALUE       VALUE  FROM      YEAR
                                                  NORMAL
..................................................................
TEMPERATURE (F)
 TODAY
  MAXIMUM         76    359 PM  84    1994  77     -1       79
                                      1992
                                      1990
  MINIMUM         68    624 AM  48    1978  67      1       70
  AVERAGE         72                        72      0       75

PRECIPITATION (IN)
  TODAY            0.00          1.71 1932   0.06  -0.06     0.50
  MONTH TO DATE    2.05                      1.18   0.87     3.61
  SINCE DEC 1      4.79                      5.44  -0.65    11.55
  SINCE JAN 1      3.05                      3.22  -0.17     6.97

SNOWFALL (IN)
  TODAY            0.0
  MONTH TO DATE    0.0
  SINCE DEC 1      0.0
  SINCE JUL 1      0.0
  SNOW DEPTH       0

DEGREE DAYS
 HEATING
  TODAY            0                         0      0        0
  MONTH TO DATE    0                        19    -19        9
  SINCE DEC 1      5                        69    -64       22
  SINCE JUL 1      5                        70    -65       22

 COOLING
  TODAY            7                         7      0       10
  MONTH TO DATE  221                       148     73      132
  SINCE DEC 1    875                       530    345      707
  SINCE JAN 1    482                       313    169      308
..................................................................


WIND (MPH)
  HIGHEST WIND SPEED    18   HIGHEST WIND DIRECTION    NW (300)
  HIGHEST GUST SPEED    23   HIGHEST GUST DIRECTION    NW (300)
  AVERAGE WIND SPEED    11.1


SKY COVER
  POSSIBLE SUNSHINE  MM
  AVERAGE SKY COVER 0.2


WEATHER CONDITIONS
 THE FOLLOWING WEATHER WAS RECORDED TODAY.
  NO SIGNIFICANT WEATHER WAS OBSERVED.


RELATIVE HUMIDITY (PERCENT)
 HIGHEST    73
 LOWEST     64
 AVERAGE    69

..........................................................


THE KEY WEST CLIMATE NORMALS FOR TOMORROW
                         NORMAL    RECORD    YEAR
 MAXIMUM TEMPERATURE (F)   77        84      2008
                                             1994
                                             1962
 MINIMUM TEMPERATURE (F)   67        53      1901


SUNRISE AND SUNSET
FEBRUARY 23 2017......SUNRISE   654 AM EST   SUNSET   626 PM EST
FEBRUARY 24 2017......SUNRISE   654 AM EST   SUNSET   627 PM EST


-  INDICATES NEGATIVE NUMBERS.
R  INDICATES RECORD WAS SET OR TIED.
MM INDICATES DATA IS MISSING.
T  INDICATES TRACE AMOUNT.




$$
