000
CDUS42 KKEY 040600 RRA
CLIEYW

CLIMATE REPORT
NATIONAL WEATHER SERVICE KEY WEST, FL
144 AM EDT SAT JUL 4 2015


...................................

...THE KEY WEST CLIMATE SUMMARY FOR JULY 3 2015...

CLIMATE NORMAL PERIOD 1981 TO 2010
CLIMATE RECORD PERIOD 1871 TO 2015


WEATHER ITEM   OBSERVED TIME   RECORD YEAR NORMAL DEPARTURE LAST
                VALUE   (LST)  VALUE       VALUE  FROM      YEAR
                                                  NORMAL
..................................................................
TEMPERATURE (F)
 YESTERDAY
  MAXIMUM         91    246 PM  95    1957  89      2       89
  MINIMUM         83    608 AM  70    1901  80      3       84
                                      1888
  AVERAGE         87                        84      3       87

PRECIPITATION (IN)
  YESTERDAY        0.00          2.01 1986   0.12  -0.12      T
  MONTH TO DATE    T                         0.37  -0.37      T
  SINCE JUN 1      2.64                      4.48  -1.84     2.38
  SINCE JAN 1     15.07                     15.11  -0.04    15.23

SNOWFALL (IN)
  YESTERDAY        0.0
  MONTH TO DATE    0.0
  SINCE JUN 1      0.0
  SINCE JUL 1      0.0
  SNOW DEPTH       0

DEGREE DAYS
 HEATING
  YESTERDAY        0                         0      0        0
  MONTH TO DATE    0                         0      0        0
  SINCE JUN 1      0                         0      0        0
  SINCE JUL 1      0                         0      0        0

 COOLING
  YESTERDAY       22                        19      3       22
  MONTH TO DATE   67                        57     10       64
  SINCE JUN 1    638                       606     32      622
  SINCE JAN 1   2355                      2036    319     2244
..................................................................


WIND (MPH)
  HIGHEST WIND SPEED    17   HIGHEST WIND DIRECTION     E (100)
  HIGHEST GUST SPEED    22   HIGHEST GUST DIRECTION     E (110)
  AVERAGE WIND SPEED    11.8


SKY COVER
  POSSIBLE SUNSHINE  MM
  AVERAGE SKY COVER 0.1


WEATHER CONDITIONS
 THE FOLLOWING WEATHER WAS RECORDED YESTERDAY.
  NO SIGNIFICANT WEATHER WAS OBSERVED.


RELATIVE HUMIDITY (PERCENT)
 HIGHEST    85
 LOWEST     64
 AVERAGE    75

..........................................................


THE KEY WEST CLIMATE NORMALS FOR TODAY
                         NORMAL    RECORD    YEAR
 MAXIMUM TEMPERATURE (F)   89        95      1957
 MINIMUM TEMPERATURE (F)   80        71      1947
                                             1935
                                             1892


SUNRISE AND SUNSET
JULY  4 2015..........SUNRISE   643 AM EDT   SUNSET   820 PM EDT
JULY  5 2015..........SUNRISE   643 AM EDT   SUNSET   820 PM EDT


-  INDICATES NEGATIVE NUMBERS.
R  INDICATES RECORD WAS SET OR TIED.
MM INDICATES DATA IS MISSING.
T  INDICATES TRACE AMOUNT.




$$
