000
CDAK49 PAFG 021616
CLIFAI

CLIMATE REPORT
NATIONAL WEATHER SERVICE FAIRBANKS AK
716 AM AKST FRI DEC 2 2016

...................................

...THE FAIRBANKS AK CLIMATE SUMMARY FOR DECEMBER 1 2016...

CLIMATE NORMAL PERIOD 1981 TO 2010
CLIMATE RECORD PERIOD 1904 TO 2016


WEATHER ITEM   OBSERVED TIME   RECORD YEAR NORMAL DEPARTURE LAST
                VALUE   (LST)  VALUE       VALUE  FROM      YEAR
                                                  NORMAL
..................................................................
TEMPERATURE (F)
 YESTERDAY
  MAXIMUM         -3   1232 AM  37    1992   7    -10       11
                                      1976
                                      1929
  MINIMUM        -10    543 AM -47    1990 -11      1      -12
  AVERAGE         -6                        -2     -4        0

PRECIPITATION (IN)
  YESTERDAY        0.14          0.37 1919   0.02   0.12     0.00
  MONTH TO DATE    0.14                      0.02   0.12     0.00
  SINCE DEC 1      0.14                      0.02   0.12     0.00
  SINCE JAN 1     14.24                     10.19   4.05    14.31

SNOWFALL (IN)
  YESTERDAY        3.8           3.9  1954   0.4    3.4      0.0
  MONTH TO DATE    3.8                       0.4    3.4      0.0
  SINCE DEC 1      3.8                       0.4    3.4      0.0
  SINCE JUL 1      9.0                      26.2  -17.2     50.1
  SNOW DEPTH       3

DEGREE DAYS
 HEATING
  YESTERDAY       71                        67      4       65
  MONTH TO DATE   71                        67      4       65
  SINCE DEC 1     71                        67      4       65
  SINCE JUL 1   3841                      4198   -357     3853

 COOLING
  YESTERDAY        0                         0      0        0
  MONTH TO DATE    0                         0      0        0
  SINCE DEC 1      0                         0      0        0
  SINCE JAN 1     76                        61     15       62
..................................................................


WIND (MPH)
  HIGHEST GUST SPEED    11   HIGHEST GUST DIRECTION     S (200)


SKY COVER
  AVERAGE SKY COVER 0.9


WEATHER CONDITIONS
 THE FOLLOWING WEATHER WAS RECORDED YESTERDAY.
  LIGHT SNOW
  FOG


RELATIVE HUMIDITY (PERCENT)
 HIGHEST    87
 LOWEST     74
 AVERAGE    81

..........................................................


THE FAIRBANKS AK CLIMATE NORMALS FOR TODAY
                         NORMAL    RECORD    YEAR
 MAXIMUM TEMPERATURE (F)    6        41      1992
 MINIMUM TEMPERATURE (F)  -11       -46      1906


SUNRISE AND SUNSET
DECEMBER 02 2016..........SUNRISE  1024 AM AKST   SUNSET  258 PM AKST
DECEMBER 03 2016..........SUNRISE  1027 AM AKST   SUNSET  256 PM AKST


-  INDICATES NEGATIVE NUMBERS.
R  INDICATES RECORD WAS SET OR TIED.
MM INDICATES DATA IS MISSING.
T  INDICATES TRACE AMOUNT.

&&

SNOW DEPTH IS MEASURED AT 3AM AKST/4AM AKDT

----------------------------
AVAILABLE DAYLIGHT

AMOUNT OF DAYLIGHT TODAY  (HOUR:MIN)........4:34
LOSS SINCE YESTERDAY........................5 MINUTES
----------------------------

$$
DEC 16
