000
CDAK49 PAFG 270931
CLIFAI

CLIMATE REPORT
NATIONAL WEATHER SERVICE FAIRBANKS AK
131 AM AKDT WED JUL 27 2016

...................................

...THE FAIRBANKS AK CLIMATE SUMMARY FOR JULY 26 2016...

CLIMATE NORMAL PERIOD 1981 TO 2010
CLIMATE RECORD PERIOD 1904 TO 2016


WEATHER ITEM   OBSERVED TIME   RECORD YEAR NORMAL DEPARTURE LAST
                VALUE   (LST)  VALUE       VALUE  FROM      YEAR
                                                  NORMAL
..................................................................
TEMPERATURE (F)
 YESTERDAY
  MAXIMUM         74    540 PM  89    1919  71      3       70
  MINIMUM         54    324 AM  36    1946  51      3       52
                                      1910
  AVERAGE         64                        61      3       61

PRECIPITATION (IN)
  YESTERDAY        0.00          1.16 2003   0.08  -0.08     0.00
  MONTH TO DATE    2.99                      1.80   1.19     0.82
  SINCE JUN 1      6.28                      3.17   3.11     1.85
  SINCE JAN 1      8.17                      5.33   2.84     3.42

SNOWFALL (IN)
  YESTERDAY        0.0           0.0  2002   0.0    0.0      0.0
                                      2001
                                      2000
  MONTH TO DATE    0.0                       0.0    0.0      0.0
  SINCE JUN 1      0.0                       0.0    0.0      0.0
  SINCE JUL 1      0.0                       0.0    0.0      0.0
  SNOW DEPTH       0

DEGREE DAYS
 HEATING
  YESTERDAY        1                         4     -3        4
  MONTH TO DATE   62                        85    -23       80
  SINCE JUN 1    223                       245    -22      261
  SINCE JUL 1     62                        85    -23       80

 COOLING
  YESTERDAY        0                         0      0        0
  MONTH TO DATE   41                        29     12       24
  SINCE JUN 1     60                        52      8       55
  SINCE JAN 1     66                        53     13       57
..................................................................


WIND (MPH)
  HIGHEST GUST SPEED    16   HIGHEST GUST DIRECTION     S (190)


SKY COVER
  AVERAGE SKY COVER 0.6


WEATHER CONDITIONS
 THE FOLLOWING WEATHER WAS RECORDED YESTERDAY.
  NO SIGNIFICANT WEATHER WAS OBSERVED.


RELATIVE HUMIDITY (PERCENT)
 HIGHEST    93
 LOWEST     41
 AVERAGE    67

..........................................................


THE FAIRBANKS AK CLIMATE NORMALS FOR TODAY
                         NORMAL    RECORD    YEAR
 MAXIMUM TEMPERATURE (F)   71        91      1919
 MINIMUM TEMPERATURE (F)   51        35      1957


SUNRISE AND SUNSET
JULY 27 2016..........SUNRISE  437 AM AKDT   SUNSET  1117 PM AKDT
JULY 28 2016..........SUNRISE  440 AM AKDT   SUNSET  1114 PM AKDT


-  INDICATES NEGATIVE NUMBERS.
R  INDICATES RECORD WAS SET OR TIED.
MM INDICATES DATA IS MISSING.
T  INDICATES TRACE AMOUNT.

&&

SNOW DEPTH IS MEASURED AT 3AM AKST/4AM AKDT

----------------------------
AVAILABLE DAYLIGHT

AMOUNT OF DAYLIGHT TODAY  (HOUR:MIN)........18:40
LOSS SINCE YESTERDAY........................7 MINUTES
----------------------------

$$
RF JUL 16
