000
CDAK49 PAFG 010032
CLIFAI

CLIMATE REPORT
NATIONAL WEATHER SERVICE FAIRBANKS AK
432 PM AKDT THU JUL 31 2014

...................................

...THE FAIRBANKS AK CLIMATE SUMMARY FOR JULY 31 2014...
VALID TODAY AS OF 0400 PM LOCAL TIME.

CLIMATE NORMAL PERIOD 1981 TO 2010
CLIMATE RECORD PERIOD 1904 TO 2014


WEATHER ITEM   OBSERVED TIME   RECORD YEAR NORMAL DEPARTURE LAST
                VALUE   (LST)  VALUE       VALUE  FROM      YEAR
                                                  NORMAL
..................................................................
TEMPERATURE (F)
 TODAY
  MAXIMUM         74        MM  87    1994  70      4       82
  MINIMUM         52        MM  35    1929  51      1       51
  AVERAGE         63                        60      3       67

PRECIPITATION (IN)
  TODAY            0.00          0.64 1934   0.07  -0.07     0.00
  MONTH TO DATE    5.78                      2.16   3.62     1.01
  SINCE JUN 1      9.34                      3.53   5.81     1.44
  SINCE JAN 1     10.43                      5.69   4.74     3.78

SNOWFALL (IN)
  TODAY            0.0           0.0  2002   0.0    0.0      0.0
                                      2001
                                      2000
  MONTH TO DATE    0.0                       0.0    0.0      0.0
  SINCE JUN 1      0.0                       0.0    0.0      0.0
  SINCE JUL 1      0.0                       0.0    0.0      0.0
  SNOW DEPTH       0

DEGREE DAYS
 HEATING
  TODAY            2                         5     -3        0
  MONTH TO DATE  138                       110     28       69
  SINCE JUN 1    330                       268     62      140
  SINCE JUL 1    138                       108     30       69

 COOLING
  TODAY            0                         0      0        2
  MONTH TO DATE   19                        31    -12       54
  SINCE JUN 1     20                        54    -34      189
  SINCE JAN 1     20                        55    -35      202
..................................................................


WIND (MPH)
  HIGHEST GUST SPEED    MM   HIGHEST GUST DIRECTION    MM


SKY COVER
  AVERAGE SKY COVER 0.8


WEATHER CONDITIONS
 THE FOLLOWING WEATHER WAS RECORDED TODAY.
  NO SIGNIFICANT WEATHER WAS OBSERVED.


RELATIVE HUMIDITY (PERCENT)
 HIGHEST    89
 LOWEST     41
 AVERAGE    65

..........................................................


THE FAIRBANKS AK CLIMATE NORMALS FOR TOMORROW
                         NORMAL    RECORD    YEAR
 MAXIMUM TEMPERATURE (F)   70        90      1976
 MINIMUM TEMPERATURE (F)   50        38      1926


SUNRISE AND SUNSET
JULY 31 2014..........SUNRISE  449 AM AKDT   SUNSET  1105 PM AKDT
AUGUST 01 2014..........SUNRISE  452 AM AKDT   SUNSET  1102 PM AKDT


-  INDICATES NEGATIVE NUMBERS.
R  INDICATES RECORD WAS SET OR TIED.
MM INDICATES DATA IS MISSING.
T  INDICATES TRACE AMOUNT.

&&

SNOW DEPTH IS MEASURED AT 3AM AKST/4AM AKDT

----------------------------
AVAILABLE DAYLIGHT

AMOUNT OF DAYLIGHT TODAY  (HOUR:MIN)........18:16
LOSS SINCE YESTERDAY........................7 MINUTES
----------------------------

$$
JUL 14
