000
CDAK49 PAFG 011020
CLIFAI

CLIMATE REPORT
NATIONAL WEATHER SERVICE FAIRBANKS AK
120 AM AKST SUN MAR 1 2015

...................................

...THE FAIRBANKS AK CLIMATE SUMMARY FOR FEBRUARY 28 2015...

CLIMATE NORMAL PERIOD 1981 TO 2010
CLIMATE RECORD PERIOD 1904 TO 2015


WEATHER ITEM   OBSERVED TIME   RECORD YEAR NORMAL DEPARTURE LAST
                VALUE   (LST)  VALUE       VALUE  FROM      YEAR
                                                  NORMAL
..................................................................
TEMPERATURE (F)
 YESTERDAY
  MAXIMUM         32    923 PM  45    1938  17     15       32
  MINIMUM         11    549 AM -51    1932 -10     21       -2
  AVERAGE         22                         4     18       15

PRECIPITATION (IN)
  YESTERDAY        0.19          0.24 1951   0.01   0.18     0.00
  MONTH TO DATE    0.48                      0.42   0.06     0.40
  SINCE DEC 1      1.56                      1.64  -0.08     1.40
  SINCE JAN 1      0.63                      1.00  -0.37     0.62

SNOWFALL (IN)
  YESTERDAY        2.6           6.5  2009   0.2    2.4      0.0
  MONTH TO DATE    4.0                       8.1   -4.1      7.1
  SINCE DEC 1     23.8                      30.5   -6.7     23.9
  SINCE JUL 1     33.6                      56.3  -22.7     42.9
  SNOW DEPTH      15

DEGREE DAYS
 HEATING
  YESTERDAY       43                        61    -18       50
  MONTH TO DATE 1785                      1858    -73     1937
  SINCE DEC 1   5749                      6259   -510     5855
  SINCE JUL 1   9467                     10390   -923     9392

 COOLING
  YESTERDAY        0                         0      0        0
  MONTH TO DATE    0                         0      0        0
  SINCE DEC 1      0                         0      0        0
  SINCE JAN 1      0                         0      0        0
..................................................................


WIND (MPH)
  HIGHEST GUST SPEED    50   HIGHEST GUST DIRECTION     W (260)


SKY COVER
  AVERAGE SKY COVER 0.9


WEATHER CONDITIONS
 THE FOLLOWING WEATHER WAS RECORDED YESTERDAY.
  HEAVY SNOW
  SNOW
  LIGHT SNOW
  FOG
  BLOWING SNOW


RELATIVE HUMIDITY (PERCENT)
 HIGHEST    88
 LOWEST     43
 AVERAGE    66

..........................................................


THE FAIRBANKS AK CLIMATE NORMALS FOR TODAY
                         NORMAL    RECORD    YEAR
 MAXIMUM TEMPERATURE (F)   18        53      1938
 MINIMUM TEMPERATURE (F)   -9       -49      1956


SUNRISE AND SUNSET
MARCH 01 2015..........SUNRISE  801 AM AKST   SUNSET  609 PM AKST
MARCH 02 2015..........SUNRISE  758 AM AKST   SUNSET  612 PM AKST


-  INDICATES NEGATIVE NUMBERS.
R  INDICATES RECORD WAS SET OR TIED.
MM INDICATES DATA IS MISSING.
T  INDICATES TRACE AMOUNT.

&&

SNOW DEPTH IS MEASURED AT 3AM AKST/4AM AKDT

----------------------------
AVAILABLE DAYLIGHT

AMOUNT OF DAYLIGHT TODAY  (HOUR:MIN)........10:08
GAIN SINCE YESTERDAY........................6 MINUTES
----------------------------

$$
LTH MAR 15
