000
CDAK49 PAFG 040040
CLIFAI

CLIMATE REPORT
NATIONAL WEATHER SERVICE FAIRBANKS AK
440 PM AKDT THU SEP 3 2015

...................................

...THE FAIRBANKS AK CLIMATE SUMMARY FOR SEPTEMBER 3 2015...
VALID TODAY AS OF 0400 PM LOCAL TIME.

CLIMATE NORMAL PERIOD 1981 TO 2010
CLIMATE RECORD PERIOD 1904 TO 2015


WEATHER ITEM   OBSERVED TIME   RECORD YEAR NORMAL DEPARTURE LAST
                VALUE   (LST)  VALUE       VALUE  FROM      YEAR
                                                  NORMAL
..................................................................
TEMPERATURE (F)
 TODAY
  MAXIMUM         69    239 PM  78    1917  61      8       52
  MINIMUM         42    644 AM  23    1928  40      2       32
  AVERAGE         56                        51      5       42

PRECIPITATION (IN)
  TODAY            0.00          0.41 1999   0.04  -0.04      T
  MONTH TO DATE    0.00                      0.14  -0.14     2.24
  SINCE SEP 1      0.00                      0.14  -0.14     2.24
  SINCE JAN 1      7.96                      7.71   0.25    14.96

SNOWFALL (IN)
  TODAY            0.0           1.5  1980   0.1   -0.1      0.0
  MONTH TO DATE    0.0                       0.1   -0.1      0.0
  SINCE SEP 1      0.0                       0.1   -0.1      0.0
  SINCE JUL 1      0.0                       0.1   -0.1      0.0
  SNOW DEPTH       0

DEGREE DAYS
 HEATING
  TODAY            9                        14     -5       23
  MONTH TO DATE   48                        42      6       65
  SINCE SEP 1     48                        42      6       65
  SINCE JUL 1    473                       431     42      386

 COOLING
  TODAY            0                         0      0        0
  MONTH TO DATE    0                         0      0        0
  SINCE SEP 1      0                         0      0        0
  SINCE JAN 1     62                        61      1       27
..................................................................


WIND (MPH)
  HIGHEST GUST SPEED    17   HIGHEST GUST DIRECTION     E (80)


SKY COVER
  AVERAGE SKY COVER 0.7


WEATHER CONDITIONS
 THE FOLLOWING WEATHER WAS RECORDED TODAY.
  NO SIGNIFICANT WEATHER WAS OBSERVED.


RELATIVE HUMIDITY (PERCENT)
 HIGHEST    82
 LOWEST     32
 AVERAGE    57

..........................................................


THE FAIRBANKS AK CLIMATE NORMALS FOR TOMORROW
                         NORMAL    RECORD    YEAR
 MAXIMUM TEMPERATURE (F)   60        78      1917
 MINIMUM TEMPERATURE (F)   40        24      1980


SUNRISE AND SUNSET
SEPTEMBER 03 2015..........SUNRISE  638 AM AKDT   SUNSET  903 PM AKDT
SEPTEMBER 04 2015..........SUNRISE  641 AM AKDT   SUNSET  859 PM AKDT


-  INDICATES NEGATIVE NUMBERS.
R  INDICATES RECORD WAS SET OR TIED.
MM INDICATES DATA IS MISSING.
T  INDICATES TRACE AMOUNT.

&&

SNOW DEPTH IS MEASURED AT 3AM AKST/4AM AKDT

----------------------------
AVAILABLE DAYLIGHT

AMOUNT OF DAYLIGHT TODAY  (HOUR:MIN)........14:25
LOSS SINCE YESTERDAY........................7 MINUTES
----------------------------

$$
LTH SEP 15
