000
CDAK49 PAFG 300952
CLIFAI

CLIMATE REPORT
NATIONAL WEATHER SERVICE FAIRBANKS AK
152 AM AKDT THU OCT 30 2014

...................................

...THE FAIRBANKS AK CLIMATE SUMMARY FOR OCTOBER 29 2014...

CLIMATE NORMAL PERIOD 1981 TO 2010
CLIMATE RECORD PERIOD 1904 TO 2014


WEATHER ITEM   OBSERVED TIME   RECORD YEAR NORMAL DEPARTURE LAST
                VALUE   (LST)  VALUE       VALUE  FROM      YEAR
                                                  NORMAL
..................................................................
TEMPERATURE (F)
 YESTERDAY
  MAXIMUM         13   1159 PM  46    2002  21     -8       40
  MINIMUM          1    753 AM -25    1975   6     -5       25
  AVERAGE          7                        13     -6       33

PRECIPITATION (IN)
  YESTERDAY        T             1.17 1946   0.02  -0.02     0.16
  MONTH TO DATE    0.44                      0.78  -0.34     0.56
  SINCE SEP 1      3.33                      1.88   1.45     2.30
  SINCE JAN 1     16.05                      9.45   6.60     8.10

SNOWFALL (IN)
  YESTERDAY        T            12.5  1946   0.4   -0.4       T
  MONTH TO DATE    5.4                       9.9   -4.5      0.1
  SINCE SEP 1      5.7                      11.7   -6.0      0.8
  SINCE JUL 1      5.7                      11.7   -6.0      0.8
  SNOW DEPTH       2

DEGREE DAYS
 HEATING
  YESTERDAY       58                        52      6       32
  MONTH TO DATE 1118                      1158    -40      809
  SINCE SEP 1   1667                      1763    -96     1439
  SINCE JUL 1   1988                      2152   -164     1698

 COOLING
  YESTERDAY        0                         0      0        0
  MONTH TO DATE    0                         0      0        0
  SINCE SEP 1      0                         0      0        0
  SINCE JAN 1     27                        61    -34      226
..................................................................


WIND (MPH)
  HIGHEST GUST SPEED     7   HIGHEST GUST DIRECTION     S (200)


SKY COVER
  AVERAGE SKY COVER 0.6


WEATHER CONDITIONS
 THE FOLLOWING WEATHER WAS RECORDED YESTERDAY.
  LIGHT SNOW


RELATIVE HUMIDITY (PERCENT)
 HIGHEST    86
 LOWEST     73
 AVERAGE    80

..........................................................


THE FAIRBANKS AK CLIMATE NORMALS FOR TODAY
                         NORMAL    RECORD    YEAR
 MAXIMUM TEMPERATURE (F)   20        45      1934
 MINIMUM TEMPERATURE (F)    5       -23      1975


SUNRISE AND SUNSET
OCTOBER 30 2014..........SUNRISE  934 AM AKDT   SUNSET  537 PM AKDT
OCTOBER 31 2014..........SUNRISE  937 AM AKDT   SUNSET  533 PM AKDT


-  INDICATES NEGATIVE NUMBERS.
R  INDICATES RECORD WAS SET OR TIED.
MM INDICATES DATA IS MISSING.
T  INDICATES TRACE AMOUNT.

&&

SNOW DEPTH IS MEASURED AT 3AM AKST/4AM AKDT

----------------------------
AVAILABLE DAYLIGHT

AMOUNT OF DAYLIGHT TODAY  (HOUR:MIN)........8:03
LOSS SINCE YESTERDAY........................7 MINUTES
----------------------------

$$
RM OCT 14
