000
CDAK49 PAFG 270954
CLIFAI

CLIMATE REPORT
NATIONAL WEATHER SERVICE FAIRBANKS AK
154 AM AKDT SAT MAY 27 2017

...................................

...THE FAIRBANKS AK CLIMATE SUMMARY FOR MAY 26 2017...

CLIMATE NORMAL PERIOD 1981 TO 2010
CLIMATE RECORD PERIOD 1904 TO 2017


WEATHER ITEM   OBSERVED TIME   RECORD YEAR NORMAL DEPARTURE LAST
                VALUE   (LST)  VALUE       VALUE  FROM      YEAR
                                                  NORMAL
..................................................................
TEMPERATURE (F)
 YESTERDAY
  MAXIMUM         55    246 PM  80    2011  65    -10       54
                                      2010
                                      2002
  MINIMUM         35    643 AM  30    1920  42     -7       45
  AVERAGE         45                        53     -8       50

PRECIPITATION (IN)
  YESTERDAY        0.01          0.59 1944   0.02  -0.01     0.09
  MONTH TO DATE    0.55                      0.48   0.07     0.78
  SINCE MAR 1      0.81                      1.04  -0.23     1.83
  SINCE JAN 1      3.01                      2.04   0.97     1.89

SNOWFALL (IN)
  YESTERDAY        T   R         0.0  2002   0.0    0.0      0.0
                                      2001
                                      2000
  MONTH TO DATE    T                         0.9   -0.9      0.0
  SINCE MAR 1      4.7                       8.7   -4.0      7.4
  SINCE JUL 1     83.1                      65.0   18.1     60.0
  SNOW DEPTH       0

DEGREE DAYS
 HEATING
  YESTERDAY       20                        12      8       15
  MONTH TO DATE  393                       433    -40      324
  SINCE MAR 1   3352                      3067    285     2391
  SINCE JUL 1  13482                     13457     25    11797

 COOLING
  YESTERDAY        0                         0      0        0
  MONTH TO DATE    0                         0      0        6
  SINCE MAR 1      0                         0      0        6
  SINCE JAN 1      0                         0      0        6
..................................................................


WIND (MPH)
  HIGHEST GUST SPEED    19   HIGHEST GUST DIRECTION     E (110)


SKY COVER
  AVERAGE SKY COVER 0.8


WEATHER CONDITIONS
 THE FOLLOWING WEATHER WAS RECORDED YESTERDAY.
  LIGHT RAIN
  SNOW
  FOG


RELATIVE HUMIDITY (PERCENT)
 HIGHEST   100
 LOWEST     30
 AVERAGE    65

..........................................................


THE FAIRBANKS AK CLIMATE NORMALS FOR TODAY
                         NORMAL    RECORD    YEAR
 MAXIMUM TEMPERATURE (F)   65        85      2011
 MINIMUM TEMPERATURE (F)   42        28      1927


SUNRISE AND SUNSET
MAY 27 2017..........SUNRISE  347 AM AKDT   SUNSET  1153 PM AKDT
MAY 28 2017..........SUNRISE  344 AM AKDT   SUNSET  1156 PM AKDT


-  INDICATES NEGATIVE NUMBERS.
R  INDICATES RECORD WAS SET OR TIED.
MM INDICATES DATA IS MISSING.
T  INDICATES TRACE AMOUNT.

&&

SNOW DEPTH IS MEASURED AT 3AM AKST/4AM AKDT

----------------------------
AVAILABLE DAYLIGHT

AMOUNT OF DAYLIGHT TODAY  (HOUR:MIN)........20:06
GAIN SINCE YESTERDAY........................8 MINUTES
----------------------------

$$
CCC MAY 17
