000
CDAK49 PAFG 221002
CLIFAI

CLIMATE REPORT
NATIONAL WEATHER SERVICE FAIRBANKS AK
202 AM AKDT SAT JUL 22 2017

...................................

...THE FAIRBANKS AK CLIMATE SUMMARY FOR JULY 21 2017...

CLIMATE NORMAL PERIOD 1981 TO 2010
CLIMATE RECORD PERIOD 1904 TO 2017


WEATHER ITEM   OBSERVED TIME   RECORD YEAR NORMAL DEPARTURE LAST
                VALUE   (LST)  VALUE       VALUE  FROM      YEAR
                                                  NORMAL
..................................................................
TEMPERATURE (F)
 YESTERDAY
  MAXIMUM         72    734 PM  88    1915  72      0       57
  MINIMUM         57   1159 PM  35    1928  52      5       51
  AVERAGE         65                        62      3       54

PRECIPITATION (IN)
  YESTERDAY        0.08          1.35 2010   0.08   0.00     0.49
  MONTH TO DATE    1.51                      1.43   0.08     2.88
  SINCE JUN 1      3.24                      2.80   0.44     6.17
  SINCE JAN 1      6.29                      4.96   1.33     8.06

SNOWFALL (IN)
  YESTERDAY        0.0           0.0  2002   0.0    0.0      0.0
                                      2001
                                      2000
  MONTH TO DATE    0.0                       0.0    0.0      0.0
  SINCE JUN 1      0.0                       0.0    0.0      0.0
  SINCE JUL 1      0.0                       0.0    0.0      0.0
  SNOW DEPTH       0

DEGREE DAYS
 HEATING
  YESTERDAY        0                         4     -4       11
  MONTH TO DATE   13                        65    -52       44
  SINCE JUN 1    107                       225   -118      205
  SINCE JUL 1     13                        65    -52       44

 COOLING
  YESTERDAY        0                         1     -1        0
  MONTH TO DATE   46                        25     21       41
  SINCE JUN 1     81                        48     33       60
  SINCE JAN 1     81                        49     32       66
..................................................................


WIND (MPH)
  HIGHEST GUST SPEED    27   HIGHEST GUST DIRECTION     W (270)


SKY COVER
  AVERAGE SKY COVER 0.7


WEATHER CONDITIONS
 THE FOLLOWING WEATHER WAS RECORDED YESTERDAY.
  LIGHT RAIN
  FOG
  HAZE


RELATIVE HUMIDITY (PERCENT)
 HIGHEST   100
 LOWEST     49
 AVERAGE    75

..........................................................


THE FAIRBANKS AK CLIMATE NORMALS FOR TODAY
                         NORMAL    RECORD    YEAR
 MAXIMUM TEMPERATURE (F)   72        88      1968
                                             1915
 MINIMUM TEMPERATURE (F)   52        32      1928


SUNRISE AND SUNSET
JULY 22 2017..........SUNRISE  419 AM AKDT   SUNSET  1134 PM AKDT
JULY 23 2017..........SUNRISE  422 AM AKDT   SUNSET  1131 PM AKDT


-  INDICATES NEGATIVE NUMBERS.
R  INDICATES RECORD WAS SET OR TIED.
MM INDICATES DATA IS MISSING.
T  INDICATES TRACE AMOUNT.

&&

SNOW DEPTH IS MEASURED AT 3AM AKST/4AM AKDT

----------------------------
AVAILABLE DAYLIGHT

AMOUNT OF DAYLIGHT TODAY  (HOUR:MIN)........19:15
LOSS SINCE YESTERDAY........................8 MINUTES
----------------------------

$$
DJH JUL 17
