000
CDAK49 PAFG 160944
CLIFAI

CLIMATE REPORT
NATIONAL WEATHER SERVICE FAIRBANKS AK
1244 AM AKST SAT DEC 16 2017

...................................

...THE FAIRBANKS AK CLIMATE SUMMARY FOR DECEMBER 15 2017...

CLIMATE NORMAL PERIOD 1981 TO 2010
CLIMATE RECORD PERIOD 1904 TO 2017


WEATHER ITEM   OBSERVED TIME   RECORD YEAR NORMAL DEPARTURE LAST
                VALUE   (LST)  VALUE       VALUE  FROM      YEAR
                                                  NORMAL
..................................................................
TEMPERATURE (F)
 YESTERDAY
  MAXIMUM         27    908 PM  33    1986   5     22       12
  MINIMUM         11    258 PM -55    1946 -11     22      -23
  AVERAGE         19                        -4     23       -5

PRECIPITATION (IN)
  YESTERDAY        T             0.22 1967   0.02  -0.02     0.05
  MONTH TO DATE    0.08                      0.29  -0.21     0.46
  SINCE DEC 1      0.08                      0.29  -0.21     0.46
  SINCE JAN 1     14.17                     10.46   3.71    14.56

SNOWFALL (IN)
  YESTERDAY        0.3           3.4  1967   0.4   -0.1      0.7
  MONTH TO DATE    1.2                       5.7   -4.5      7.5
  SINCE DEC 1      1.2                       5.7   -4.5      7.5
  SINCE JUL 1     31.0                      31.5   -0.5     12.7
  SNOW DEPTH      10

DEGREE DAYS
 HEATING
  YESTERDAY       46                        69    -23       70
  MONTH TO DATE  710                      1019   -309     1260
  SINCE DEC 1    710                      1019   -309     1260
  SINCE JUL 1   4275                      5150   -875     5030

 COOLING
  YESTERDAY        0                         0      0        0
  MONTH TO DATE    0                         0      0        0
  SINCE DEC 1      0                         0      0        0
  SINCE JAN 1    104                        61     43       76
..................................................................


WIND (MPH)
  HIGHEST GUST SPEED    10   HIGHEST GUST DIRECTION    NE (40)


SKY COVER
  AVERAGE SKY COVER 0.9


WEATHER CONDITIONS
 THE FOLLOWING WEATHER WAS RECORDED YESTERDAY.
  LIGHT SNOW
  FOG


RELATIVE HUMIDITY (PERCENT)
 HIGHEST   100
 LOWEST     75
 AVERAGE    88

..........................................................


THE FAIRBANKS AK CLIMATE NORMALS FOR TODAY
                         NORMAL    RECORD    YEAR
 MAXIMUM TEMPERATURE (F)    5        41      2005
                                             1988
 MINIMUM TEMPERATURE (F)  -11       -53      1946


SUNRISE AND SUNSET
DECEMBER 16 2017......SUNRISE  1054 AM AKST  SUNSET   241 PM AKST
DECEMBER 17 2017......SUNRISE  1055 AM AKST  SUNSET   240 PM AKST


-  INDICATES NEGATIVE NUMBERS.
R  INDICATES RECORD WAS SET OR TIED.
MM INDICATES DATA IS MISSING.
T  INDICATES TRACE AMOUNT.

&&

SNOW DEPTH IS MEASURED AT 3AM AKST/4AM AKDT

----------------------------
AVAILABLE DAYLIGHT

AMOUNT OF DAYLIGHT TODAY  (HOUR:MIN)........03:47
LOSS SINCE YESTERDAY........................2 MINUTES
----------------------------

$$
SDB DEC 17
