000
CDAK49 PAFG 300951
CLIFAI

CLIMATE REPORT
NATIONAL WEATHER SERVICE FAIRBANKS AK
151 AM AKDT THU MAR 30 2017

...................................

...THE FAIRBANKS AK CLIMATE SUMMARY FOR MARCH 29 2017...

CLIMATE NORMAL PERIOD 1981 TO 2010
CLIMATE RECORD PERIOD 1904 TO 2017


WEATHER ITEM   OBSERVED TIME   RECORD YEAR NORMAL DEPARTURE LAST
                VALUE   (LST)  VALUE       VALUE  FROM      YEAR
                                                  NORMAL
..................................................................
TEMPERATURE (F)
 YESTERDAY
  MAXIMUM         25    417 PM  55    1994  33     -8       37
  MINIMUM         -2    657 AM -33    1944   6     -8       25
  AVERAGE         12                        19     -7       31

PRECIPITATION (IN)
  YESTERDAY        0.00          0.30 2016   0.01  -0.01     0.30
  MONTH TO DATE    0.07                      0.24  -0.17     0.53
  SINCE MAR 1      0.07                      0.24  -0.17     0.53
  SINCE JAN 1      2.27                      1.24   1.03     0.59

SNOWFALL (IN)
  YESTERDAY        0.0           2.1  2005   0.1   -0.1       T
  MONTH TO DATE    1.7                       4.6   -2.9      3.7
  SINCE MAR 1      1.7                       4.6   -2.9      3.7
  SINCE JUL 1     80.1                      60.9   19.2     56.3
  SNOW DEPTH      26

DEGREE DAYS
 HEATING
  YESTERDAY       53                        46      7       34
  MONTH TO DATE 2016                      1571    445     1340
  SINCE MAR 1   2016                      1571    445     1340
  SINCE JUL 1  12146                     11961    185    10746

 COOLING
  YESTERDAY        0                         0      0        0
  MONTH TO DATE    0                         0      0        0
  SINCE MAR 1      0                         0      0        0
  SINCE JAN 1      0                         0      0        0
..................................................................


WIND (MPH)
  HIGHEST GUST SPEED    10   HIGHEST GUST DIRECTION     S (200)


SKY COVER
  AVERAGE SKY COVER 0.7


WEATHER CONDITIONS
 THE FOLLOWING WEATHER WAS RECORDED YESTERDAY.
  NO SIGNIFICANT WEATHER WAS OBSERVED.


RELATIVE HUMIDITY (PERCENT)
 HIGHEST    95
 LOWEST     50
 AVERAGE    73

..........................................................


THE FAIRBANKS AK CLIMATE NORMALS FOR TODAY
                         NORMAL    RECORD    YEAR
 MAXIMUM TEMPERATURE (F)   33        52      1993
 MINIMUM TEMPERATURE (F)    7       -40      1944


SUNRISE AND SUNSET
MARCH 30 2017..........SUNRISE  714 AM AKDT   SUNSET  840 PM AKDT
MARCH 31 2017..........SUNRISE  710 AM AKDT   SUNSET  843 PM AKDT


-  INDICATES NEGATIVE NUMBERS.
R  INDICATES RECORD WAS SET OR TIED.
MM INDICATES DATA IS MISSING.
T  INDICATES TRACE AMOUNT.

&&

SNOW DEPTH IS MEASURED AT 3AM AKST/4AM AKDT

----------------------------
AVAILABLE DAYLIGHT

AMOUNT OF DAYLIGHT TODAY  (HOUR:MIN)........13:26
GAIN SINCE YESTERDAY........................6 MINUTES
----------------------------

$$
MAR 17
