000
CDUS43 KFGF 240635
CLIFAR


CLIMATE REPORT
NATIONAL WEATHER SERVICE EASTERN NORTH DAKOTA/GRAND FORKS
134 AM CDT SAT JUN 24 2017


...................................

...THE FARGO HECTOR INTL AP ND CLIMATE SUMMARY FOR JUNE 23 2017...

CLIMATE NORMAL PERIOD 1981 TO 2010
CLIMATE RECORD PERIOD 1881 TO 2017


WEATHER ITEM   OBSERVED TIME   RECORD YEAR NORMAL DEPARTURE LAST
                VALUE   (LST)  VALUE       VALUE  FROM      YEAR
                                                  NORMAL
..................................................................
TEMPERATURE (F)
 YESTERDAY
  MAXIMUM         69    455 PM  96    1898  79    -10       81
  MINIMUM         49   1159 PM  36    1967  57     -8       55
  AVERAGE         59                        68     -9       68

PRECIPITATION (IN)
  YESTERDAY        T             1.27 1997   0.14  -0.14     0.00
  MONTH TO DATE    1.90                      2.99  -1.09     1.58
  SINCE JUN 1      1.90                      2.99  -1.09     1.58
  SINCE JAN 1      6.54                      9.80  -3.26     7.06

SNOWFALL (IN)
  YESTERDAY        0.0           0.0    MM   0.0    0.0      0.0
  MONTH TO DATE    0.0                       0.0    0.0      0.0
  SINCE JUN 1      0.0                       0.0    0.0      0.0
  SINCE JUL 1     33.1                      50.4  -17.3     27.4
  SNOW DEPTH       0

DEGREE DAYS
 HEATING
  YESTERDAY        6                         1      5        0
  MONTH TO DATE    9                        64    -55       19
  SINCE JUN 1      9                        64    -55       19
  SINCE JUL 1   7426                      8793  -1367     7164

 COOLING
  YESTERDAY        0                         5     -5        3
  MONTH TO DATE  121                        71     50      114
  SINCE JUN 1    121                        71     50      114
  SINCE JAN 1    132                       102     30      162
..................................................................


WIND (MPH)
  HIGHEST WIND SPEED    26   HIGHEST WIND DIRECTION    NW (300)
  HIGHEST GUST SPEED    33   HIGHEST GUST DIRECTION    NW (300)
  AVERAGE WIND SPEED    16.5


SKY COVER
  POSSIBLE SUNSHINE  MM
  AVERAGE SKY COVER 0.8


WEATHER CONDITIONS
 THE FOLLOWING WEATHER WAS RECORDED YESTERDAY.
  NO SIGNIFICANT WEATHER WAS OBSERVED.


RELATIVE HUMIDITY (PERCENT)
 HIGHEST    80           400 AM
 LOWEST     37           500 PM
 AVERAGE    59

..........................................................


THE FARGO HECTOR INTL AP ND CLIMATE NORMALS FOR TODAY
                         NORMAL    RECORD    YEAR
 MAXIMUM TEMPERATURE (F)   80        99      1936
 MINIMUM TEMPERATURE (F)   57        39      2004
                                             1942
                                             1887


SUNRISE AND SUNSET
JUNE 24 2017..........SUNRISE   533 AM CDT   SUNSET   926 PM CDT
JUNE 25 2017..........SUNRISE   534 AM CDT   SUNSET   926 PM CDT


-  INDICATES NEGATIVE NUMBERS.
R  INDICATES RECORD WAS SET OR TIED.
MM INDICATES DATA IS MISSING.
T  INDICATES TRACE AMOUNT.




$$
