000
CDUS43 KFGF 290648
CLIFAR


CLIMATE REPORT
NATIONAL WEATHER SERVICE EASTERN NORTH DAKOTA/GRAND FORKS
145 AM CDT FRI AUG 29 2014


...................................

...THE FARGO HECTOR INTL AP ND CLIMATE SUMMARY FOR AUGUST 28 2014...

CLIMATE NORMAL PERIOD 1981 TO 2010
CLIMATE RECORD PERIOD 1881 TO 2014


WEATHER ITEM   OBSERVED TIME   RECORD YEAR NORMAL DEPARTURE LAST
                VALUE   (LST)  VALUE       VALUE  FROM      YEAR
                                                  NORMAL
..................................................................
TEMPERATURE (F)
 YESTERDAY
  MAXIMUM         73    229 PM 100    1984  79     -6       91
  MINIMUM         65    620 AM  36    1965  55     10       74
                                      1893
  AVERAGE         69                        67      2       83

PRECIPITATION (IN)
  YESTERDAY        T             1.61 1892   0.09  -0.09     0.00
  MONTH TO DATE    1.92                      2.29  -0.37     0.30
  SINCE JUN 1      9.25                      8.98   0.27     8.93
  SINCE JAN 1     16.27                     15.79   0.48    21.83

SNOWFALL (IN)
  YESTERDAY        0.0           0.0    MM   0.0    0.0      0.0
  MONTH TO DATE    0.0                       0.0    0.0      0.0
  SINCE JUN 1      0.0                       0.0    0.0      0.0
  SINCE JUL 1      0.0                       0.0    0.0      0.0
  SNOW DEPTH       0

DEGREE DAYS
 HEATING
  YESTERDAY        0                         2     -2        0
  MONTH TO DATE   12                        29    -17       17
  SINCE JUN 1     62                       118    -56       96
  SINCE JUL 1     32                        45    -13       34

 COOLING
  YESTERDAY        4                         4      0       18
  MONTH TO DATE  151                       157     -6      174
  SINCE JUN 1    416                       466    -50      553
  SINCE JAN 1    495                       497     -2      582
..................................................................


WIND (MPH)
  HIGHEST WIND SPEED    17   HIGHEST WIND DIRECTION    SE (150)
  HIGHEST GUST SPEED    23   HIGHEST GUST DIRECTION    SE (150)
  AVERAGE WIND SPEED    11.4


SKY COVER
  POSSIBLE SUNSHINE  MM
  AVERAGE SKY COVER 0.8


WEATHER CONDITIONS
 THE FOLLOWING WEATHER WAS RECORDED YESTERDAY.
  LIGHT RAIN


RELATIVE HUMIDITY (PERCENT)
 HIGHEST    93           800 PM
 LOWEST     73          1100 AM
 AVERAGE    83

..........................................................


THE FARGO HECTOR INTL AP ND CLIMATE NORMALS FOR TODAY
                         NORMAL    RECORD    YEAR
 MAXIMUM TEMPERATURE (F)   78        99      1961
 MINIMUM TEMPERATURE (F)   54        39      1915


SUNRISE AND SUNSET
AUGUST 29 2014........SUNRISE   643 AM CDT   SUNSET   812 PM CDT
AUGUST 30 2014........SUNRISE   644 AM CDT   SUNSET   810 PM CDT


-  INDICATES NEGATIVE NUMBERS.
R  INDICATES RECORD WAS SET OR TIED.
MM INDICATES DATA IS MISSING.
T  INDICATES TRACE AMOUNT.




$$
