010
CDUS43 KFGF 070639
CLIFAR


CLIMATE REPORT
NATIONAL WEATHER SERVICE EASTERN NORTH DAKOTA/GRAND FORKS
1237 AM CST SUN FEB 7 2016


...................................

...THE FARGO HECTOR INTL AP ND CLIMATE SUMMARY FOR FEBRUARY 6 2016...

CLIMATE NORMAL PERIOD 1981 TO 2010
CLIMATE RECORD PERIOD 1881 TO 2016


WEATHER ITEM   OBSERVED TIME   RECORD YEAR NORMAL DEPARTURE LAST
                VALUE   (LST)  VALUE       VALUE  FROM      YEAR
                                                  NORMAL
..................................................................
TEMPERATURE (F)
 YESTERDAY
  MAXIMUM         40   1152 PM  50    1925  21     19       34
  MINIMUM         20   1248 AM -35    1936   2     18       16
  AVERAGE         30                        12     18       25

PRECIPITATION (IN)
  YESTERDAY        T             0.35 1881   0.02  -0.02     0.00
  MONTH TO DATE    0.05                      0.11  -0.06     0.05
  SINCE DEC 1      1.38                      1.64  -0.26     0.70
  SINCE JAN 1      0.74                      0.81  -0.07     0.45

SNOWFALL (IN)
  YESTERDAY        0.0           3.2  1946   0.3   -0.3      0.0
  MONTH TO DATE    1.4                       1.5   -0.1      0.8
  SINCE DEC 1     17.5                      23.9   -6.4      4.7
  SINCE JUL 1     20.4                      32.5  -12.1      8.3
  SNOW DEPTH       4

DEGREE DAYS
 HEATING
  YESTERDAY       35                        53    -18       40
  MONTH TO DATE  247                       324    -77      331
  SINCE DEC 1   3134                      3630   -496     3193
  SINCE JUL 1   4575                      5592  -1017     5150

 COOLING
  YESTERDAY        0                         0      0        0
  MONTH TO DATE    0                         0      0        0
  SINCE DEC 1      0                         0      0        0
  SINCE JAN 1      0                         0      0        0
..................................................................


WIND (MPH)
  HIGHEST WIND SPEED    23   HIGHEST WIND DIRECTION     W (260)
  HIGHEST GUST SPEED    29   HIGHEST GUST DIRECTION     W (250)
  AVERAGE WIND SPEED    12.8


SKY COVER
  POSSIBLE SUNSHINE  MM
  AVERAGE SKY COVER 0.4


WEATHER CONDITIONS
 THE FOLLOWING WEATHER WAS RECORDED YESTERDAY.
  NO SIGNIFICANT WEATHER WAS OBSERVED.


RELATIVE HUMIDITY (PERCENT)
 HIGHEST    85           500 PM
 LOWEST     70          1200 PM
 AVERAGE    78

..........................................................


THE FARGO HECTOR INTL AP ND CLIMATE NORMALS FOR TODAY
                         NORMAL    RECORD    YEAR
 MAXIMUM TEMPERATURE (F)   21        51      1991
                                             1886
 MINIMUM TEMPERATURE (F)    2       -32      1893


SUNRISE AND SUNSET
FEBRUARY  7 2016......SUNRISE   744 AM CST   SUNSET   539 PM CST
FEBRUARY  8 2016......SUNRISE   743 AM CST   SUNSET   540 PM CST


-  INDICATES NEGATIVE NUMBERS.
R  INDICATES RECORD WAS SET OR TIED.
MM INDICATES DATA IS MISSING.
T  INDICATES TRACE AMOUNT.




$$
