000
CDUS43 KFGF 280638
CLIFAR


CLIMATE REPORT
NATIONAL WEATHER SERVICE EASTERN NORTH DAKOTA/GRAND FORKS
1237 AM CST WED JAN 28 2015


...................................

...THE FARGO HECTOR INTL AP ND CLIMATE SUMMARY FOR JANUARY 27 2015...

CLIMATE NORMAL PERIOD 1981 TO 2010
CLIMATE RECORD PERIOD 1881 TO 2015


WEATHER ITEM   OBSERVED TIME   RECORD YEAR NORMAL DEPARTURE LAST
                VALUE   (LST)  VALUE       VALUE  FROM      YEAR
                                                  NORMAL
..................................................................
TEMPERATURE (F)
 YESTERDAY
  MAXIMUM         35   1159 PM  41    1892  19     16       -8
  MINIMUM         27    821 AM -31    2004   0     27      -17
                                      1915
  AVERAGE         31                        10     21      -12

PRECIPITATION (IN)
  YESTERDAY        0.00          0.50 1903   0.02  -0.02     0.00
  MONTH TO DATE    0.40                      0.62  -0.22     0.77
  SINCE DEC 1      0.65                      1.45  -0.80     1.98
  SINCE JAN 1      0.40                      0.62  -0.22     0.77

SNOWFALL (IN)
  YESTERDAY        0.0           5.0  1903   0.3   -0.3      0.0
  MONTH TO DATE    3.0                      10.0   -7.0      9.7
  SINCE DEC 1      3.9                      21.2  -17.3     25.8
  SINCE JUL 1      7.5                      29.8  -22.3     26.1
  SNOW DEPTH       T

DEGREE DAYS
 HEATING
  YESTERDAY       34                        55    -21       77
  MONTH TO DATE 1334                      1507   -173     1613
  SINCE DEC 1   2686                      3085   -399     3495
  SINCE JUL 1   4643                      5047   -404     5336

 COOLING
  YESTERDAY        0                         0      0        0
  MONTH TO DATE    0                         0      0        0
  SINCE DEC 1      0                         0      0        0
  SINCE JAN 1      0                         0      0        0
..................................................................


WIND (MPH)
  HIGHEST WIND SPEED    25   HIGHEST WIND DIRECTION     S (160)
  HIGHEST GUST SPEED    32   HIGHEST GUST DIRECTION     S (170)
  AVERAGE WIND SPEED    13.1


SKY COVER
  POSSIBLE SUNSHINE  MM
  AVERAGE SKY COVER 1.0


WEATHER CONDITIONS
 THE FOLLOWING WEATHER WAS RECORDED YESTERDAY.
  FOG
  FOG W/VISIBILITY <= 1/4 MILE


RELATIVE HUMIDITY (PERCENT)
 HIGHEST   100           700 AM
 LOWEST     82           500 PM
 AVERAGE    91

..........................................................


THE FARGO HECTOR INTL AP ND CLIMATE NORMALS FOR TODAY
                         NORMAL    RECORD    YEAR
 MAXIMUM TEMPERATURE (F)   19        41      1927
 MINIMUM TEMPERATURE (F)    0       -33      1966


SUNRISE AND SUNSET
JANUARY 28 2015.......SUNRISE   757 AM CST   SUNSET   524 PM CST
JANUARY 29 2015.......SUNRISE   756 AM CST   SUNSET   525 PM CST


-  INDICATES NEGATIVE NUMBERS.
R  INDICATES RECORD WAS SET OR TIED.
MM INDICATES DATA IS MISSING.
T  INDICATES TRACE AMOUNT.




$$
