000
CDUS43 KFGF 062153
CLIFAR


CLIMATE REPORT
NATIONAL WEATHER SERVICE EASTERN NORTH DAKOTA/GRAND FORKS
449 PM CDT FRI MAY 6 2016


...................................

...THE FARGO HECTOR INTL AP ND CLIMATE SUMMARY FOR MAY 6 2016...
VALID TODAY AS OF 0400 PM LOCAL TIME.

CLIMATE NORMAL PERIOD 1981 TO 2010
CLIMATE RECORD PERIOD 1881 TO 2016


WEATHER ITEM   OBSERVED TIME   RECORD YEAR NORMAL DEPARTURE LAST
                VALUE   (LST)  VALUE       VALUE  FROM      YEAR
                                                  NORMAL
..................................................................
TEMPERATURE (F)
 TODAY
  MAXIMUM         86   1102 AM  88    1896  66     20       66
                                      1881
  MINIMUM         56    522 AM  21    1976  41     15       59
  AVERAGE         71                        54     17       63

PRECIPITATION (IN)
  TODAY            0.00          1.06 1919   0.08  -0.08     0.24
  MONTH TO DATE    0.00                      0.46  -0.46     0.31
  SINCE MAR 1      3.07                      3.15  -0.08     1.59
  SINCE JAN 1      4.06                      4.46  -0.40     2.56

SNOWFALL (IN)
  TODAY            0.0           2.0  1915   0.0    0.0      0.0
  MONTH TO DATE    0.0                       0.0    0.0      0.0
  SINCE MAR 1      3.1                      12.4   -9.3      0.4
  SINCE JUL 1     27.4                      50.4  -23.0     16.0
  SNOW DEPTH       0

DEGREE DAYS
 HEATING
  TODAY            0                        12    -12        2
  MONTH TO DATE   41                        75    -34       23
  SINCE MAR 1   1487                      1853   -366     1520
  SINCE JUL 1   7010                      8531  -1521     7936

 COOLING
  TODAY            6                         1      5        0
  MONTH TO DATE   12                         2     10        4
  SINCE MAR 1     12                         5      7        4
  SINCE JAN 1     12                         5      7        4
..................................................................


WIND (MPH)
  HIGHEST WIND SPEED    31   HIGHEST WIND DIRECTION     N (360)
  HIGHEST GUST SPEED    40   HIGHEST GUST DIRECTION     N (360)
  AVERAGE WIND SPEED    14.3


SKY COVER
  POSSIBLE SUNSHINE  MM
  AVERAGE SKY COVER 0.1


WEATHER CONDITIONS
 THE FOLLOWING WEATHER WAS RECORDED TODAY.
  NO SIGNIFICANT WEATHER WAS OBSERVED.


RELATIVE HUMIDITY (PERCENT)
 HIGHEST    55           500 AM
 LOWEST     27          1100 AM
 AVERAGE    41

..........................................................


THE FARGO HECTOR INTL AP ND CLIMATE NORMALS FOR TOMORROW
                         NORMAL    RECORD    YEAR
 MAXIMUM TEMPERATURE (F)   67        91      1992
                                             1891
 MINIMUM TEMPERATURE (F)   42        21      1885


SUNRISE AND SUNSET
MAY  6 2016...........SUNRISE   603 AM CDT   SUNSET   845 PM CDT
MAY  7 2016...........SUNRISE   602 AM CDT   SUNSET   846 PM CDT


-  INDICATES NEGATIVE NUMBERS.
R  INDICATES RECORD WAS SET OR TIED.
MM INDICATES DATA IS MISSING.
T  INDICATES TRACE AMOUNT.




$$
