000
CDUS46 KHNX 230822
CLIFAT


CLIMATE REPORT
NATIONAL WEATHER SERVICE SAN JOAQUIN VALLEY, CA
122 AM PDT SUN APR 23 2017


...................................

...THE FRESNO CA CLIMATE SUMMARY FOR APRIL 22 2017...

CLIMATE NORMAL PERIOD 1981 TO 2010
CLIMATE RECORD PERIOD 1887 TO 2017


WEATHER ITEM   OBSERVED TIME   RECORD YEAR NORMAL DEPARTURE
                VALUE   (LST)  VALUE       VALUE  FROM
                                                  NORMAL
...............................................................
TEMPERATURE (F)
 YESTERDAY
  MAXIMUM         80    342 PM  96    2012  77      3
                                      2009
  MINIMUM         54    544 AM  33    1968  51      3
  AVERAGE         67                        64      3

PRECIPITATION (IN)
  YESTERDAY        0.00          0.74 1908   0.03  -0.03
  MONTH TO DATE    3.42                      0.74   2.68
  SINCE OCT 1     17.08                     10.46   6.62
  SINCE JAN 1     12.52                      6.99   5.53

SNOWFALL (IN)
  YESTERDAY        0.0
  MONTH TO DATE    0.0
  SINCE MAR 1      0.0
  SINCE JUL 1      0.0
  SNOW DEPTH       0

DEGREE DAYS
 HEATING
  YESTERDAY        0                               -3
  MONTH TO DATE   84                              -32
  SINCE MAR 1    286                              -95
  SINCE JUL 1   1900                             -393

 COOLING
  YESTERDAY        2                                0
  MONTH TO DATE    8                              -19
  SINCE MAR 1     25                               -7
  SINCE JAN 1     25                               -7
...............................................................


WIND (MPH)
  HIGHEST WIND SPEED    22   HIGHEST WIND DIRECTION    NW (310)
  HIGHEST GUST SPEED    26   HIGHEST GUST DIRECTION    NW (310)
  AVERAGE WIND SPEED     6.9




RELATIVE HUMIDITY (PERCENT)
 HIGHEST    86
 LOWEST     36
 AVERAGE    61

..........................................................


THE FRESNO CA CLIMATE NORMALS FOR TODAY
                         NORMAL    RECORD    YEAR
 MAXIMUM TEMPERATURE (F)   77       100      1910
 MINIMUM TEMPERATURE (F)   51        39      1958
                                             1904


SUNRISE AND SUNSET
APRIL 23 2017.........SUNRISE   614 AM PDT   SUNSET   741 PM PDT
APRIL 24 2017.........SUNRISE   613 AM PDT   SUNSET   742 PM PDT


-  INDICATES NEGATIVE NUMBERS.
R  INDICATES RECORD WAS SET OR TIED.
MM INDICATES DATA IS MISSING.
T  INDICATES TRACE AMOUNT.




$$
