000
CDUS46 KHNX 210823
CLIFAT


CLIMATE REPORT
NATIONAL WEATHER SERVICE SAN JOAQUIN VALLEY, CA
1222 AM PST SUN JAN 21 2018


...................................

...THE FRESNO CA CLIMATE SUMMARY FOR JANUARY 20 2018...

CLIMATE NORMAL PERIOD 1981 TO 2010
CLIMATE RECORD PERIOD 1887 TO 2018


WEATHER ITEM   OBSERVED TIME   RECORD YEAR NORMAL DEPARTURE
                VALUE   (LST)  VALUE       VALUE  FROM
                                                  NORMAL
...............................................................
TEMPERATURE (F)
 YESTERDAY
  MAXIMUM         53    349 PM  72    1994  55     -2
  MINIMUM         38   1159 PM  24    1963  38      0
  AVERAGE         46                        47     -1

PRECIPITATION (IN)
  YESTERDAY        0.00          1.04 1896   0.06  -0.06
  MONTH TO DATE    0.95                      1.43  -0.48
  SINCE OCT 1      1.36                      4.90  -3.54
  SINCE JAN 1      0.95                      1.43  -0.48

SNOWFALL (IN)
  YESTERDAY        0.0
  MONTH TO DATE    0.0
  SINCE DEC 1      0.0
  SINCE JUL 1      0.0
  SNOW DEPTH       0

DEGREE DAYS
 HEATING
  YESTERDAY       19                                1
  MONTH TO DATE  224                             -157
  SINCE DEC 1    747                             -209
  SINCE JUL 1   1005                             -339

 COOLING
  YESTERDAY        0                                0
  MONTH TO DATE    0                                0
  SINCE DEC 1      0                                0
  SINCE JAN 1      0                                0
...............................................................


WIND (MPH)
  HIGHEST WIND SPEED    14   HIGHEST WIND DIRECTION    NW (330)
  HIGHEST GUST SPEED    16   HIGHEST GUST DIRECTION    NW (330)
  AVERAGE WIND SPEED     5.4




RELATIVE HUMIDITY (PERCENT)
 HIGHEST    92
 LOWEST     59
 AVERAGE    76

..........................................................


THE FRESNO CA CLIMATE NORMALS FOR TODAY
                         NORMAL    RECORD    YEAR
 MAXIMUM TEMPERATURE (F)   55        72      1994
 MINIMUM TEMPERATURE (F)   38        19      1937


SUNRISE AND SUNSET
JANUARY 21 2018.......SUNRISE   708 AM PST   SUNSET   513 PM PST
JANUARY 22 2018.......SUNRISE   708 AM PST   SUNSET   514 PM PST


-  INDICATES NEGATIVE NUMBERS.
R  INDICATES RECORD WAS SET OR TIED.
MM INDICATES DATA IS MISSING.
T  INDICATES TRACE AMOUNT.




$$
