000
CDUS46 KHNX 310822
CLIFAT


CLIMATE REPORT
NATIONAL WEATHER SERVICE SAN JOAQUIN VALLEY, CA
121 AM PDT FRI OCT 31 2014


...................................

...THE FRESNO CA CLIMATE SUMMARY FOR OCTOBER 30 2014...

CLIMATE NORMAL PERIOD 1981 TO 2010
CLIMATE RECORD PERIOD 1887 TO 2014


WEATHER ITEM   OBSERVED TIME   RECORD YEAR NORMAL DEPARTURE
                VALUE   (LST)  VALUE       VALUE  FROM
                                                  NORMAL
...............................................................
TEMPERATURE (F)
 YESTERDAY
  MAXIMUM         85    328 PM  91    1887  73     12
  MINIMUM         51    706 AM  27    1972  49      2
  AVERAGE         68                        61      7

PRECIPITATION (IN)
  YESTERDAY        0.00          1.43 1992   0.04  -0.04
  MONTH TO DATE    0.00                      0.60  -0.60
  SINCE JUL 1      0.19                      0.79  -0.60
  SINCE JAN 1      4.27                      8.63  -4.36

SNOWFALL (IN)
  YESTERDAY        0.0
  MONTH TO DATE    0.0
  SINCE SEP 1      0.0
  SINCE JUL 1      0.0
  SNOW DEPTH       0

DEGREE DAYS
 HEATING
  YESTERDAY        0                               -5
  MONTH TO DATE    5                              -52
  SINCE SEP 1      5                              -54
  SINCE JUL 1      5                              -54

 COOLING
  YESTERDAY        3                                2
  MONTH TO DATE  229                              128
  SINCE SEP 1    708                              269
  SINCE JAN 1   2929                              806
...............................................................


WIND (MPH)
  HIGHEST WIND SPEED     7   HIGHEST WIND DIRECTION    SE (130)
  HIGHEST GUST SPEED    16   HIGHEST GUST DIRECTION     S (200)
  AVERAGE WIND SPEED     4.2




RELATIVE HUMIDITY (PERCENT)
 HIGHEST    61
 LOWEST     23
 AVERAGE    42

..........................................................


THE FRESNO CA CLIMATE NORMALS FOR TODAY
                         NORMAL    RECORD    YEAR
 MAXIMUM TEMPERATURE (F)   72        90      1949
                                             1887
 MINIMUM TEMPERATURE (F)   48        32      1972


SUNRISE AND SUNSET
OCTOBER 31 2014.......SUNRISE   722 AM PDT   SUNSET   603 PM PDT
NOVEMBER  1 2014......SUNRISE   723 AM PDT   SUNSET   602 PM PDT


-  INDICATES NEGATIVE NUMBERS.
R  INDICATES RECORD WAS SET OR TIED.
MM INDICATES DATA IS MISSING.
T  INDICATES TRACE AMOUNT.




$$
