000
CDUS46 KHNX 210836
CLIFAT


CLIMATE REPORT
NATIONAL WEATHER SERVICE SAN JOAQUIN VALLEY, CA
136 AM PDT SUN SEP 21 2014


...................................

...THE FRESNO CA CLIMATE SUMMARY FOR SEPTEMBER 20 2014...

CLIMATE NORMAL PERIOD 1981 TO 2010
CLIMATE RECORD PERIOD 1887 TO 2014


WEATHER ITEM   OBSERVED TIME   RECORD YEAR NORMAL DEPARTURE
                VALUE   (LST)  VALUE       VALUE  FROM
                                                  NORMAL
...............................................................
TEMPERATURE (F)
 YESTERDAY
  MAXIMUM         93    410 PM 104    1939  90      3
  MINIMUM         67    618 AM  46    1978  61      6
                                      1968
                                      1965
  AVERAGE         80                        75      5

PRECIPITATION (IN)
  YESTERDAY        0.00          0.09 1939   0.00   0.00
  MONTH TO DATE    T                         0.08  -0.08
  SINCE JUL 1      0.01                      0.10  -0.09
  SINCE JAN 1      4.09                      7.94  -3.85

SNOWFALL (IN)
  YESTERDAY        0.0
  MONTH TO DATE    0.0
  SINCE SEP 1      0.0
  SINCE JUL 1      0.0
  SNOW DEPTH       0

DEGREE DAYS
 HEATING
  YESTERDAY        0                                0
  MONTH TO DATE    0                                0
  SINCE SEP 1      0                                0
  SINCE JUL 1      0                                0

 COOLING
  YESTERDAY       15                                5
  MONTH TO DATE  379                              129
  SINCE SEP 1    379                              129
  SINCE JAN 1   2600                              666
...............................................................


WIND (MPH)
  HIGHEST WIND SPEED    18   HIGHEST WIND DIRECTION    NW (310)
  HIGHEST GUST SPEED    24   HIGHEST GUST DIRECTION    NW (300)
  AVERAGE WIND SPEED     7.1




RELATIVE HUMIDITY (PERCENT)
 HIGHEST    73
 LOWEST     26
 AVERAGE    50

..........................................................


THE FRESNO CA CLIMATE NORMALS FOR TODAY
                         NORMAL    RECORD    YEAR
 MAXIMUM TEMPERATURE (F)   90       102      1949
                                             1928
 MINIMUM TEMPERATURE (F)   60        42      1968


SUNRISE AND SUNSET
SEPTEMBER 21 2014.....SUNRISE   646 AM PDT   SUNSET   657 PM PDT
SEPTEMBER 22 2014.....SUNRISE   647 AM PDT   SUNSET   656 PM PDT


-  INDICATES NEGATIVE NUMBERS.
R  INDICATES RECORD WAS SET OR TIED.
MM INDICATES DATA IS MISSING.
T  INDICATES TRACE AMOUNT.




$$
