000
CDUS46 KHNX 020822
CLIFAT


CLIMATE REPORT
NATIONAL WEATHER SERVICE SAN JOAQUIN VALLEY, CA
121 AM PDT TUE JUN 2 2015


...................................

...THE FRESNO CA CLIMATE SUMMARY FOR JUNE 1 2015...

CLIMATE NORMAL PERIOD 1981 TO 2010
CLIMATE RECORD PERIOD 1887 TO 2015


WEATHER ITEM   OBSERVED TIME   RECORD YEAR NORMAL DEPARTURE
                VALUE   (LST)  VALUE       VALUE  FROM
                                                  NORMAL
...............................................................
TEMPERATURE (F)
 YESTERDAY
  MAXIMUM         86    455 PM 105    1910  88     -2
  MINIMUM         56    515 AM  44    1955  59     -3
                                      1929
  AVERAGE         71                        74     -3

PRECIPITATION (IN)
  YESTERDAY        0.00          0.60 1899   0.01  -0.01
  MONTH TO DATE    0.00                      0.01  -0.01
  SINCE OCT 1      6.41                     11.11  -4.70
  SINCE JAN 1      3.22                      7.64  -4.42

SNOWFALL (IN)
  YESTERDAY        0.0
  MONTH TO DATE    0.0
  SINCE JUN 1      0.0
  SINCE JUL 1      0.0
  SNOW DEPTH       0

DEGREE DAYS
 HEATING
  YESTERDAY        0                                0
  MONTH TO DATE    0                                0
  SINCE JUN 1      0                                0
  SINCE JUL 1   1519                             -824

 COOLING
  YESTERDAY        6                               -3
  MONTH TO DATE    6                               -3
  SINCE JUN 1      6                               -3
  SINCE JAN 1    279                               29
...............................................................


WIND (MPH)
  HIGHEST WIND SPEED    23   HIGHEST WIND DIRECTION    NW (310)
  HIGHEST GUST SPEED    29   HIGHEST GUST DIRECTION    NW (310)
  AVERAGE WIND SPEED    10.8




RELATIVE HUMIDITY (PERCENT)
 HIGHEST    67
 LOWEST     22
 AVERAGE    45

..........................................................


THE FRESNO CA CLIMATE NORMALS FOR TODAY
                         NORMAL    RECORD    YEAR
 MAXIMUM TEMPERATURE (F)   89       106      1960
                                             1912
 MINIMUM TEMPERATURE (F)   60        45      1902


SUNRISE AND SUNSET
JUNE  2 2015..........SUNRISE   541 AM PDT   SUNSET   813 PM PDT
JUNE  3 2015..........SUNRISE   541 AM PDT   SUNSET   813 PM PDT


-  INDICATES NEGATIVE NUMBERS.
R  INDICATES RECORD WAS SET OR TIED.
MM INDICATES DATA IS MISSING.
T  INDICATES TRACE AMOUNT.




$$
