000
CDUS46 KHNX 190822
CLIFAT


CLIMATE REPORT
NATIONAL WEATHER SERVICE SAN JOAQUIN VALLEY, CA
1222 AM PST SUN NOV 19 2017


...................................

...THE FRESNO CA CLIMATE SUMMARY FOR NOVEMBER 18 2017...

CLIMATE NORMAL PERIOD 1981 TO 2010
CLIMATE RECORD PERIOD 1887 TO 2017


WEATHER ITEM   OBSERVED TIME   RECORD YEAR NORMAL DEPARTURE
                VALUE   (LST)  VALUE       VALUE  FROM
                                                  NORMAL
...............................................................
TEMPERATURE (F)
 YESTERDAY
  MAXIMUM         65    348 PM  80    2008  64      1
                                      1932
  MINIMUM         43    711 AM  27    1961  43      0
  AVERAGE         54                        53      1

PRECIPITATION (IN)
  YESTERDAY        0.00          3.55 1885   0.04  -0.04
  MONTH TO DATE    0.22                      0.62  -0.40
  SINCE OCT 1      0.31                      1.25  -0.94
  SINCE JAN 1     13.11                      9.28   3.83

SNOWFALL (IN)
  YESTERDAY        0.0
  MONTH TO DATE    0.0
  SINCE SEP 1      0.0
  SINCE JUL 1      0.0
  SNOW DEPTH       0

DEGREE DAYS
 HEATING
  YESTERDAY       11                               -1
  MONTH TO DATE  117                              -39
  SINCE SEP 1    166                              -53
  SINCE JUL 1    166                              -53

 COOLING
  YESTERDAY        0                                0
  MONTH TO DATE    2                                2
  SINCE SEP 1    449                               11
  SINCE JAN 1   2488                              366
...............................................................


WIND (MPH)
  HIGHEST WIND SPEED     8   HIGHEST WIND DIRECTION    NW (310)
  HIGHEST GUST SPEED     9   HIGHEST GUST DIRECTION     W (290)
  AVERAGE WIND SPEED     1.4




RELATIVE HUMIDITY (PERCENT)
 HIGHEST    93
 LOWEST     48
 AVERAGE    71

..........................................................


THE FRESNO CA CLIMATE NORMALS FOR TODAY
                         NORMAL    RECORD    YEAR
 MAXIMUM TEMPERATURE (F)   63        83      1932
 MINIMUM TEMPERATURE (F)   42        29      1994
                                             1964
                                             1961


SUNRISE AND SUNSET
NOVEMBER 19 2017......SUNRISE   641 AM PST   SUNSET   447 PM PST
NOVEMBER 20 2017......SUNRISE   642 AM PST   SUNSET   446 PM PST


-  INDICATES NEGATIVE NUMBERS.
R  INDICATES RECORD WAS SET OR TIED.
MM INDICATES DATA IS MISSING.
T  INDICATES TRACE AMOUNT.




$$
