000
CDUS42 KRAH 060645
CLIFAY


CLIMATE REPORT
NATIONAL WEATHER SERVICE RALEIGH NC
144 AM EST TUE DEC 6 2016


...................................

...THE FAYETTEVILLE REGL AIRPORT NC CLIMATE SUMMARY FOR DECEMBER 5 2016...

CLIMATE NORMAL PERIOD 1981 TO 2010
CLIMATE RECORD PERIOD 1910 TO 2016


WEATHER ITEM   OBSERVED TIME   RECORD YEAR NORMAL DEPARTURE LAST
                VALUE   (LST)  VALUE       VALUE  FROM      YEAR
                                                  NORMAL
..................................................................
TEMPERATURE (F)
 YESTERDAY
  MAXIMUM         62    151 PM  79    1998  59      3       59
  MINIMUM         45    809 AM  18    1935  37      8       33
  AVERAGE         54                        48      6       46

PRECIPITATION (IN)
  YESTERDAY        0.38          1.36 1953   0.11   0.27     0.00
  MONTH TO DATE    0.73                      0.57   0.16     0.09
  SINCE DEC 1      0.73                      0.57   0.16     0.09
  SINCE JAN 1     54.34                     42.38  11.96    47.28

DEGREE DAYS
 HEATING
  YESTERDAY       11                        17     -6       19
  MONTH TO DATE   73                        81     -8       68
  SINCE DEC 1     73                        81     -8       68
  SINCE JUL 1    424                       529   -105      387

 COOLING
  YESTERDAY        0                         0      0        0
  MONTH TO DATE    0                         0      0        0
  SINCE DEC 1      0                         0      0        0
  SINCE JAN 1   2527                      1991    536     2231
..................................................................


WIND (MPH)
  HIGHEST WIND SPEED    16   HIGHEST WIND DIRECTION    NE (30)
  HIGHEST GUST SPEED    19   HIGHEST GUST DIRECTION    NE (30)
  AVERAGE WIND SPEED     6.0


SKY COVER
  POSSIBLE SUNSHINE  MM
  AVERAGE SKY COVER 0.6


WEATHER CONDITIONS
 THE FOLLOWING WEATHER WAS RECORDED YESTERDAY.
  RAIN
  LIGHT RAIN
  FOG


RELATIVE HUMIDITY (PERCENT)
 HIGHEST   100          1200 AM
 LOWEST     57           400 PM
 AVERAGE    79

..........................................................


THE FAYETTEVILLE REGL AIRPORT NC CLIMATE NORMALS FOR TODAY
                         NORMAL    RECORD    YEAR
 MAXIMUM TEMPERATURE (F)   59        80      2013
                                             1998
 MINIMUM TEMPERATURE (F)   37        17      1945


SUNRISE AND SUNSET
DECEMBER  6 2016......SUNRISE   710 AM EST   SUNSET   504 PM EST
DECEMBER  7 2016......SUNRISE   711 AM EST   SUNSET   504 PM EST


-  INDICATES NEGATIVE NUMBERS.
R  INDICATES RECORD WAS SET OR TIED.
MM INDICATES DATA IS MISSING.
T  INDICATES TRACE AMOUNT.




$$
