828
CDUS42 KRAH 260042
CLIFAY


CLIMATE REPORT
NATIONAL WEATHER SERVICE RALEIGH NC
840 PM EDT TUE JUL 25 2017


...................................

...THE FAYETTEVILLE REGL AIRPORT NC CLIMATE SUMMARY FOR JULY 25 2017...
VALID AS OF 0835 PM LOCAL TIME.

CLIMATE NORMAL PERIOD 1981 TO 2010
CLIMATE RECORD PERIOD 1910 TO 2017


WEATHER ITEM   OBSERVED TIME   RECORD YEAR NORMAL DEPARTURE LAST
                VALUE   (LST)  VALUE       VALUE  FROM      YEAR
                                                  NORMAL
..................................................................
TEMPERATURE (F)
 TODAY
  MAXIMUM         MM        MM 103    1914  91     MM       97
  MINIMUM         MM        MM  58    1947  72     MM       78
  AVERAGE         MM                        81     MM       88

PRECIPITATION (IN)
  TODAY            0.00          1.85 1997   0.22  -0.22     0.00
  MONTH TO DATE    7.88                      4.76   3.12     4.53
  SINCE JUN 1     12.44                      9.11   3.33     7.74
  SINCE JAN 1     28.08                     24.78   3.30    25.31

..................................................................


WIND (MPH)
  HIGHEST WIND SPEED     8   HIGHEST WIND DIRECTION     N (20)
  HIGHEST GUST SPEED    MM   HIGHEST GUST DIRECTION    MM
  AVERAGE WIND SPEED     6.5


SKY COVER
  POSSIBLE SUNSHINE  MM
  AVERAGE SKY COVER 0.1


WEATHER CONDITIONS
 THE FOLLOWING WEATHER WAS RECORDED TODAY.
  NO SIGNIFICANT WEATHER WAS OBSERVED.


RELATIVE HUMIDITY (PERCENT)
 HIGHEST    74           300 AM
 LOWEST     65          1200 AM
 AVERAGE    70

..........................................................




SUNRISE AND SUNSET
JULY 25 2017..........SUNRISE   620 AM EDT   SUNSET   824 PM EDT
JULY 26 2017..........SUNRISE   621 AM EDT   SUNSET   823 PM EDT


-  INDICATES NEGATIVE NUMBERS.
R  INDICATES RECORD WAS SET OR TIED.
MM INDICATES DATA IS MISSING.
T  INDICATES TRACE AMOUNT.




$$
