000
CDUS42 KRAH 020546
CLIFAY


CLIMATE REPORT
NATIONAL WEATHER SERVICE RALEIGH NC
144 AM EDT WED SEP 2 2015


...................................

...THE FAYETTEVILLE REGL AIRPORT NC CLIMATE SUMMARY FOR SEPTEMBER 1 2015...

CLIMATE NORMAL PERIOD 1981 TO 2010
CLIMATE RECORD PERIOD 1910 TO 2015


WEATHER ITEM   OBSERVED TIME   RECORD YEAR NORMAL DEPARTURE LAST
                VALUE   (LST)  VALUE       VALUE  FROM      YEAR
                                                  NORMAL
..................................................................
TEMPERATURE (F)
 YESTERDAY
  MAXIMUM         91    300 PM 101    1932  87      4       97
  MINIMUM         68    550 AM  54    1976  68      0       74
  AVERAGE         80                        78      2       86

PRECIPITATION (IN)
  YESTERDAY        0.00          6.10 1952   0.15  -0.15     0.00
  MONTH TO DATE    0.00                      0.15  -0.15     0.00
  SINCE SEP 1      0.00                      0.15  -0.15     0.00
  SINCE JAN 1     30.79                     31.58  -0.79    26.92

DEGREE DAYS
 HEATING
  YESTERDAY        0                         0      0        0
  MONTH TO DATE    0                         0      0        0
  SINCE SEP 1      0                         0      0        0
  SINCE JUL 1      0                         0      0        0

 COOLING
  YESTERDAY       15                        13      2       21
  MONTH TO DATE   15                        13      2       21
  SINCE SEP 1     15                        13      2       21
  SINCE JAN 1   1850                      1653    197     1762
..................................................................


WIND (MPH)
  HIGHEST WIND SPEED     8   HIGHEST WIND DIRECTION    NW (320)
  HIGHEST GUST SPEED    11   HIGHEST GUST DIRECTION     N (350)
  AVERAGE WIND SPEED     3.8


SKY COVER
  POSSIBLE SUNSHINE  MM
  AVERAGE SKY COVER 0.2


WEATHER CONDITIONS
 THE FOLLOWING WEATHER WAS RECORDED YESTERDAY.
  FOG


RELATIVE HUMIDITY (PERCENT)
 HIGHEST    97           400 AM
 LOWEST     50           500 PM
 AVERAGE    74

..........................................................


THE FAYETTEVILLE REGL AIRPORT NC CLIMATE NORMALS FOR TODAY
                         NORMAL    RECORD    YEAR
 MAXIMUM TEMPERATURE (F)   87       103      1932
 MINIMUM TEMPERATURE (F)   67        49      1967


SUNRISE AND SUNSET
SEPTEMBER  2 2015.....SUNRISE   649 AM EDT   SUNSET   741 PM EDT
SEPTEMBER  3 2015.....SUNRISE   649 AM EDT   SUNSET   740 PM EDT


-  INDICATES NEGATIVE NUMBERS.
R  INDICATES RECORD WAS SET OR TIED.
MM INDICATES DATA IS MISSING.
T  INDICATES TRACE AMOUNT.

$$
