000
CDUS42 KRAH 250653
CLIFAY

CLIMATE REPORT
NATIONAL WEATHER SERVICE RALEIGH NC
151 AM EST SUN JAN 25 2015
...................................

...THE FAYETTEVILLE REGL AIRPORT NC CLIMATE SUMMARY FOR JANUARY 24 2015...

CLIMATE NORMAL PERIOD 1981 TO 2010
CLIMATE RECORD PERIOD 1910 TO 2015


WEATHER ITEM   OBSERVED TIME   RECORD YEAR NORMAL DEPARTURE LAST
                VALUE   (LST)  VALUE       VALUE  FROM      YEAR
                                                  NORMAL
..................................................................
TEMPERATURE (F)
 YESTERDAY
  MAXIMUM         51    354 PM  76    1974  55     -4       29
  MINIMUM         34   1159 PM  13    2005  34      0       16
  AVERAGE         43                        44     -1       23

PRECIPITATION (IN)
  YESTERDAY        0.59          1.18 1940   0.12   0.47     0.00
  MONTH TO DATE    4.37                      2.37   2.00     3.83
  SINCE DEC 1      8.59                      5.02   3.57     8.11
  SINCE JAN 1      4.37                      2.37   2.00     3.83

DEGREE DAYS
 HEATING
  YESTERDAY       22                        21      1       42
  MONTH TO DATE  512                       521     -9      567
  SINCE DEC 1   1052                      1132    -80     1064
  SINCE JUL 1   1596                      1580     16     1580

 COOLING
  YESTERDAY        0                         0      0        0
  MONTH TO DATE    0                         0      0        0
  SINCE DEC 1      0                         2     -2       17
  SINCE JAN 1      0                         0      0        0
..................................................................


WIND (MPH)
  HIGHEST WIND SPEED    18   HIGHEST WIND DIRECTION     W (270)
  HIGHEST GUST SPEED    24   HIGHEST GUST DIRECTION     W (270)
  AVERAGE WIND SPEED     8.6


SKY COVER
  POSSIBLE SUNSHINE  MM
  AVERAGE SKY COVER 0.7


WEATHER CONDITIONS
 THE FOLLOWING WEATHER WAS RECORDED YESTERDAY.
  RAIN
  LIGHT RAIN
  FOG


RELATIVE HUMIDITY (PERCENT)
 HIGHEST    93          1200 AM
 LOWEST     63           400 PM
 AVERAGE    78

..........................................................


THE FAYETTEVILLE REGL AIRPORT NC CLIMATE NORMALS FOR TODAY
                         NORMAL    RECORD    YEAR
 MAXIMUM TEMPERATURE (F)   55        78      1943
 MINIMUM TEMPERATURE (F)   34        13      1963


SUNRISE AND SUNSET
JANUARY 25 2015.......SUNRISE   719 AM EST   SUNSET   537 PM EST
JANUARY 26 2015.......SUNRISE   718 AM EST   SUNSET   538 PM EST


-  INDICATES NEGATIVE NUMBERS.
R  INDICATES RECORD WAS SET OR TIED.
MM INDICATES DATA IS MISSING.
T  INDICATES TRACE AMOUNT.


$$
