000
CDUS42 KRAH 010753
CLIFAY


CLIMATE REPORT
NATIONAL WEATHER SERVICE RALEIGH NC
352 AM EDT SAT AUG 1 2015


...................................

...THE FAYETTEVILLE REGL AIRPORT NC CLIMATE SUMMARY FOR JULY 31 2015...

CLIMATE NORMAL PERIOD 1981 TO 2010
CLIMATE RECORD PERIOD 1910 TO 2015


WEATHER ITEM   OBSERVED TIME   RECORD YEAR NORMAL DEPARTURE LAST
                VALUE   (LST)  VALUE       VALUE  FROM      YEAR
                                                  NORMAL
..................................................................
TEMPERATURE (F)
 YESTERDAY
  MAXIMUM         95    358 PM 102    1931  91      4       89
  MINIMUM         77   1158 PM  56    1914  71      6       70
  AVERAGE         86                        81      5       80

PRECIPITATION (IN)
  YESTERDAY        0.00          1.69 1967   0.19  -0.19     0.03
  MONTH TO DATE    3.38                      5.92  -2.54     1.86
  SINCE JUN 1     12.52                     10.27   2.25     4.55
  SINCE JAN 1     27.79                     25.94   1.85    23.00

DEGREE DAYS
 HEATING
  YESTERDAY        0                         0      0        0
  MONTH TO DATE    0                         0      0        0
  SINCE JUN 1      0                         0      0        0
  SINCE JUL 1      0                         0      0        0

 COOLING
  YESTERDAY       21                        16      5       15
  MONTH TO DATE  555                       507     48      484
  SINCE JUN 1   1044                       903    141      941
  SINCE JAN 1   1374                      1187    187     1307
..................................................................


WIND (MPH)
  HIGHEST WIND SPEED    20   HIGHEST WIND DIRECTION     N (20)
  HIGHEST GUST SPEED    25   HIGHEST GUST DIRECTION     N (20)
  AVERAGE WIND SPEED     7.3


SKY COVER
  POSSIBLE SUNSHINE  MM
  AVERAGE SKY COVER 0.3


WEATHER CONDITIONS
 THE FOLLOWING WEATHER WAS RECORDED YESTERDAY.
  NO SIGNIFICANT WEATHER WAS OBSERVED.


RELATIVE HUMIDITY (PERCENT)
 HIGHEST    91           100 AM
 LOWEST     39           300 PM
 AVERAGE    65

..........................................................


THE FAYETTEVILLE REGL AIRPORT NC CLIMATE NORMALS FOR TODAY
                         NORMAL    RECORD    YEAR
 MAXIMUM TEMPERATURE (F)   91       103      1953
 MINIMUM TEMPERATURE (F)   71        56      1914


SUNRISE AND SUNSET
AUGUST  1 2015........SUNRISE   625 AM EDT   SUNSET   818 PM EDT
AUGUST  2 2015........SUNRISE   626 AM EDT   SUNSET   818 PM EDT


-  INDICATES NEGATIVE NUMBERS.
R  INDICATES RECORD WAS SET OR TIED.
MM INDICATES DATA IS MISSING.
T  INDICATES TRACE AMOUNT.




$$
