000
CDUS42 KRAH 310613
CLIFAY


CLIMATE REPORT
NATIONAL WEATHER SERVICE RALEIGH NC
211 AM EDT FRI OCT 31 2014


...................................

...THE FAYETTEVILLE REGL AIRPORT NC CLIMATE SUMMARY FOR OCTOBER 30 2014...

CLIMATE NORMAL PERIOD 1981 TO 2010
CLIMATE RECORD PERIOD 1910 TO 2014


WEATHER ITEM   OBSERVED TIME   RECORD YEAR NORMAL DEPARTURE LAST
                VALUE   (LST)  VALUE       VALUE  FROM      YEAR
                                                  NORMAL
..................................................................
TEMPERATURE (F)
 YESTERDAY
  MAXIMUM         71    315 PM  87    1950  72     -1       79
  MINIMUM         49   1159 PM  24    1952  47      2       51
  AVERAGE         60                        59      1       65

PRECIPITATION (IN)
  YESTERDAY        0.00          0.72 1935   0.06  -0.06     0.00
  MONTH TO DATE    1.31                      3.13  -1.82     0.89
  SINCE SEP 1      8.17                      7.53   0.64     1.96
  SINCE JAN 1     35.09                     38.96  -3.87    36.52

DEGREE DAYS
 HEATING
  YESTERDAY        5                         7     -2        0
  MONTH TO DATE   61                       112    -51      103
  SINCE SEP 1     66                       121    -55      103
  SINCE JUL 1     66                       121    -55      103

 COOLING
  YESTERDAY        0                         1     -1        0
  MONTH TO DATE   98                        69     29       80
  SINCE SEP 1    391                       337     54      345
  SINCE JAN 1   2132                      1977    155     1924
..................................................................


WIND (MPH)
  HIGHEST WIND SPEED    16   HIGHEST WIND DIRECTION     N (20)
  HIGHEST GUST SPEED    20   HIGHEST GUST DIRECTION     N (20)
  AVERAGE WIND SPEED     7.5


SKY COVER
  POSSIBLE SUNSHINE  MM
  AVERAGE SKY COVER 0.3


WEATHER CONDITIONS
 THE FOLLOWING WEATHER WAS RECORDED YESTERDAY.
  NO SIGNIFICANT WEATHER WAS OBSERVED.


RELATIVE HUMIDITY (PERCENT)
 HIGHEST    93          1100 PM
 LOWEST     37           400 PM
 AVERAGE    65

..........................................................


THE FAYETTEVILLE REGL AIRPORT NC CLIMATE NORMALS FOR TODAY
                         NORMAL    RECORD    YEAR
 MAXIMUM TEMPERATURE (F)   72        88      1933
 MINIMUM TEMPERATURE (F)   47        27      1952


SUNRISE AND SUNSET
OCTOBER 31 2014.......SUNRISE   736 AM EDT   SUNSET   622 PM EDT
NOVEMBER  1 2014......SUNRISE   736 AM EDT   SUNSET   621 PM EDT


-  INDICATES NEGATIVE NUMBERS.
R  INDICATES RECORD WAS SET OR TIED.
MM INDICATES DATA IS MISSING.
T  INDICATES TRACE AMOUNT.

$$
