676
CDUS42 KRAH 232042
CLIFAY


CLIMATE REPORT
NATIONAL WEATHER SERVICE RALEIGH NC
440 PM EDT THU MAR 23 2017


...................................

...THE FAYETTEVILLE REGL AIRPORT NC CLIMATE SUMMARY FOR MARCH 23 2017...
VALID TODAY AS OF 0440 PM LOCAL TIME.

CLIMATE NORMAL PERIOD 1981 TO 2010
CLIMATE RECORD PERIOD 1910 TO 2017


WEATHER ITEM   OBSERVED TIME   RECORD YEAR NORMAL DEPARTURE LAST
                VALUE   (LST)  VALUE       VALUE  FROM      YEAR
                                                  NORMAL
..................................................................
TEMPERATURE (F)
 TODAY
  MAXIMUM         58    255 PM  86    1948  68    -10       77
  MINIMUM         34    620 AM  24    1986  44    -10       47
  AVERAGE         46                        56    -10       62

PRECIPITATION (IN)
  TODAY            0.00          0.60 1929   0.11  -0.11     0.00
  MONTH TO DATE    1.77                      2.50  -0.73     0.49
  SINCE MAR 1      1.77                      2.50  -0.73     0.49
  SINCE JAN 1      5.19                      8.56  -3.37     8.33

DEGREE DAYS
 HEATING
  TODAY           19                         9     10        3
  MONTH TO DATE  339                       280     59      169
  SINCE MAR 1    339                       280     59      169
  SINCE JUL 1   1961                      2505   -544     1982

 COOLING
  TODAY            0                         0      0        0
  MONTH TO DATE   13                         0     13       49
  SINCE MAR 1     13                         0     13       49
  SINCE JAN 1     28                         4     24       49
..................................................................


WIND (MPH)
  HIGHEST WIND SPEED    16   HIGHEST WIND DIRECTION    NE (60)
  HIGHEST GUST SPEED    21   HIGHEST GUST DIRECTION    NE (50)
  AVERAGE WIND SPEED     7.8


SKY COVER
  POSSIBLE SUNSHINE  MM
  AVERAGE SKY COVER 0.0


WEATHER CONDITIONS
 THE FOLLOWING WEATHER WAS RECORDED TODAY.
  NO SIGNIFICANT WEATHER WAS OBSERVED.


RELATIVE HUMIDITY (PERCENT)
 HIGHEST    75           300 AM
 LOWEST     24           200 PM
 AVERAGE    50

..........................................................


THE FAYETTEVILLE REGL AIRPORT NC CLIMATE NORMALS FOR TOMORROW
                         NORMAL    RECORD    YEAR
 MAXIMUM TEMPERATURE (F)   69        87      1939
 MINIMUM TEMPERATURE (F)   45        22      1968


SUNRISE AND SUNSET
MARCH 23 2017.........SUNRISE   715 AM EDT   SUNSET   730 PM EDT
MARCH 24 2017.........SUNRISE   713 AM EDT   SUNSET   731 PM EDT


-  INDICATES NEGATIVE NUMBERS.
R  INDICATES RECORD WAS SET OR TIED.
MM INDICATES DATA IS MISSING.
T  INDICATES TRACE AMOUNT.




$$
