000
CDUS42 KRAH 220650
CLIFAY


CLIMATE REPORT
NATIONAL WEATHER SERVICE RALEIGH NC
149 AM EST MON DEC 22 2014


...................................

...THE FAYETTEVILLE REGL AIRPORT NC CLIMATE SUMMARY FOR DECEMBER 21 2014...

CLIMATE NORMAL PERIOD 1981 TO 2010
CLIMATE RECORD PERIOD 1910 TO 2014


WEATHER ITEM   OBSERVED TIME   RECORD YEAR NORMAL DEPARTURE LAST
                VALUE   (LST)  VALUE       VALUE  FROM      YEAR
                                                  NORMAL
..................................................................
TEMPERATURE (F)
 YESTERDAY
  MAXIMUM         52    325 PM  78    2013  54     -2       78
  MINIMUM         35    713 AM  13    1981  34      1       50
  AVERAGE         44                        44      0       64

PRECIPITATION (IN)
  YESTERDAY        0.03          1.40 1922   0.07  -0.04     0.00
  MONTH TO DATE    0.63                      1.94  -1.31     2.03
  SINCE DEC 1      0.63                      1.94  -1.31     2.03
  SINCE JAN 1     38.56                     43.75  -5.19    41.11

DEGREE DAYS
 HEATING
  YESTERDAY       21                        21      0        1
  MONTH TO DATE  370                       392    -22      327
  SINCE DEC 1    370                       392    -22      327
  SINCE JUL 1    914                       840     74      843

 COOLING
  YESTERDAY        0                         0      0        0
  MONTH TO DATE    0                         0      0        7
  SINCE DEC 1      0                         0      0        7
  SINCE JAN 1   2139                      1991    148     1945
..................................................................


WIND (MPH)
  HIGHEST WIND SPEED    13   HIGHEST WIND DIRECTION    NE (30)
  HIGHEST GUST SPEED    18   HIGHEST GUST DIRECTION    NE (40)
  AVERAGE WIND SPEED     7.0


SKY COVER
  POSSIBLE SUNSHINE  MM
  AVERAGE SKY COVER 0.8


WEATHER CONDITIONS
 THE FOLLOWING WEATHER WAS RECORDED YESTERDAY.
  LIGHT RAIN
  FOG


RELATIVE HUMIDITY (PERCENT)
 HIGHEST    92          1200 AM
 LOWEST     59           200 PM
 AVERAGE    76

..........................................................


THE FAYETTEVILLE REGL AIRPORT NC CLIMATE NORMALS FOR TODAY
                         NORMAL    RECORD    YEAR
 MAXIMUM TEMPERATURE (F)   54        81      2013
 MINIMUM TEMPERATURE (F)   34        14      1981


SUNRISE AND SUNSET
DECEMBER 22 2014......SUNRISE   720 AM EST   SUNSET   508 PM EST
DECEMBER 23 2014......SUNRISE   721 AM EST   SUNSET   509 PM EST


-  INDICATES NEGATIVE NUMBERS.
R  INDICATES RECORD WAS SET OR TIED.
MM INDICATES DATA IS MISSING.
T  INDICATES TRACE AMOUNT.




$$
