000
CDUS42 KRAH 182140
CLIFAY


CLIMATE REPORT
NATIONAL WEATHER SERVICE RALEIGH NC
438 PM EST SAT NOV 18 2017


...................................

...THE FAYETTEVILLE REGL AIRPORT NC CLIMATE SUMMARY FOR NOVEMBER 18 2017...
VALID TODAY AS OF 0435 PM LOCAL TIME.

CLIMATE NORMAL PERIOD 1981 TO 2010
CLIMATE RECORD PERIOD 1910 TO 2017


WEATHER ITEM   OBSERVED TIME   RECORD YEAR NORMAL DEPARTURE LAST
                VALUE   (LST)  VALUE       VALUE  FROM      YEAR
                                                  NORMAL
..................................................................
TEMPERATURE (F)
 TODAY
  MAXIMUM         70    259 PM  84    1938  66      4       77
  MINIMUM         33    340 AM  23    1914  42     -9       41
  AVERAGE         52                        54     -2       59

PRECIPITATION (IN)
  TODAY            0.00          1.98 1927   0.10  -0.10     0.00
  MONTH TO DATE    0.49                      1.59  -1.10     0.49
  SINCE SEP 1      6.98                      9.20  -2.22    26.63
  SINCE JAN 1     38.78                     40.63  -1.85    53.29

DEGREE DAYS
 HEATING
  TODAY           13                        11      2        6
  MONTH TO DATE  177                       163     14      160
  SINCE SEP 1    258                       290    -32      209
  SINCE JUL 1    258                       290    -32      209

 COOLING
  TODAY            0                         0      0        0
  MONTH TO DATE   12                        11      1        7
  SINCE SEP 1    476                       349    127      524
  SINCE JAN 1   2455                      1989    466     2518
..................................................................


WIND (MPH)
  HIGHEST WIND SPEED    20   HIGHEST WIND DIRECTION     S (200)
  HIGHEST GUST SPEED    28   HIGHEST GUST DIRECTION     S (200)
  AVERAGE WIND SPEED     6.2


SKY COVER
  POSSIBLE SUNSHINE  MM
  AVERAGE SKY COVER 0.1


WEATHER CONDITIONS
 THE FOLLOWING WEATHER WAS RECORDED TODAY.
  NO SIGNIFICANT WEATHER WAS OBSERVED.


RELATIVE HUMIDITY (PERCENT)
 HIGHEST   100           200 AM
 LOWEST     48          1200 PM
 AVERAGE    74

..........................................................


THE FAYETTEVILLE REGL AIRPORT NC CLIMATE NORMALS FOR TOMORROW
                         NORMAL    RECORD    YEAR
 MAXIMUM TEMPERATURE (F)   66        86      1931
 MINIMUM TEMPERATURE (F)   42        17      2014


SUNRISE AND SUNSET
NOVEMBER 18 2017......SUNRISE   653 AM EST   SUNSET   508 PM EST
NOVEMBER 19 2017......SUNRISE   654 AM EST   SUNSET   508 PM EST


-  INDICATES NEGATIVE NUMBERS.
R  INDICATES RECORD WAS SET OR TIED.
MM INDICATES DATA IS MISSING.
T  INDICATES TRACE AMOUNT.




$$
