719
CDUS42 KRAH 162158
CLIFAY


CLIMATE REPORT
NATIONAL WEATHER SERVICE RALEIGH NC
457 PM EST TUE JAN 16 2018


...................................

...THE FAYETTEVILLE REGL AIRPORT NC CLIMATE SUMMARY FOR JANUARY 16 2018...
VALID TODAY AS OF 0455 PM LOCAL TIME.

CLIMATE NORMAL PERIOD 1981 TO 2010
CLIMATE RECORD PERIOD 1910 TO 2018


WEATHER ITEM   OBSERVED TIME   RECORD YEAR NORMAL DEPARTURE LAST
                VALUE   (LST)  VALUE       VALUE  FROM      YEAR
                                                  NORMAL
..................................................................
TEMPERATURE (F)
 TODAY
  MAXIMUM         51    245 PM  77    1950  54     -3       54
  MINIMUM         23    736 AM   8    1994  33    -10       45
  AVERAGE         37                        43     -6       50

PRECIPITATION (IN)
  TODAY            0.00          1.35 1954   0.09  -0.09     0.00
  MONTH TO DATE    0.39                      1.54  -1.15     1.99
  SINCE DEC 1      3.36                      4.19  -0.83     4.63
  SINCE JAN 1      0.39                      1.54  -1.15     1.99

DEGREE DAYS
 HEATING
  TODAY           28                        22      6       15
  MONTH TO DATE  465                       352    113      290
  SINCE DEC 1   1045                       963     82      847
  SINCE JUL 1   1478                      1411     67     1198

 COOLING
  TODAY            0                         0      0        0
  MONTH TO DATE    0                         0      0        1
  SINCE DEC 1      0                         2     -2        1
  SINCE JAN 1      0                         0      0        1
..................................................................


WIND (MPH)
  HIGHEST WIND SPEED     7   HIGHEST WIND DIRECTION     N (350)
  HIGHEST GUST SPEED     9   HIGHEST GUST DIRECTION     N (360)
  AVERAGE WIND SPEED     1.7


SKY COVER
  POSSIBLE SUNSHINE  MM
  AVERAGE SKY COVER 0.0


WEATHER CONDITIONS
 THE FOLLOWING WEATHER WAS RECORDED TODAY.
  NO SIGNIFICANT WEATHER WAS OBSERVED.


RELATIVE HUMIDITY (PERCENT)
 HIGHEST    81           200 AM
 LOWEST     32           300 PM
 AVERAGE    57

..........................................................


THE FAYETTEVILLE REGL AIRPORT NC CLIMATE NORMALS FOR TOMORROW
                         NORMAL    RECORD    YEAR
 MAXIMUM TEMPERATURE (F)   54        80      1943
 MINIMUM TEMPERATURE (F)   33         6      1977


SUNRISE AND SUNSET
JANUARY 16 2018.......SUNRISE   723 AM EST   SUNSET   528 PM EST
JANUARY 17 2018.......SUNRISE   722 AM EST   SUNSET   529 PM EST


-  INDICATES NEGATIVE NUMBERS.
R  INDICATES RECORD WAS SET OR TIED.
MM INDICATES DATA IS MISSING.
T  INDICATES TRACE AMOUNT.




$$
