000
CDUS42 KRAH 292056
CLIFAY


CLIMATE REPORT
NATIONAL WEATHER SERVICE RALEIGH NC
454 PM EDT SUN MAR 29 2015


...................................

...THE FAYETTEVILLE REGL AIRPORT NC CLIMATE SUMMARY FOR MARCH 29 2015...
VALID TODAY AS OF 0454 PM LOCAL TIME.

CLIMATE NORMAL PERIOD 1981 TO 2010
CLIMATE RECORD PERIOD 1910 TO 2015


WEATHER ITEM   OBSERVED TIME   RECORD YEAR NORMAL DEPARTURE LAST
                VALUE   (LST)  VALUE       VALUE  FROM      YEAR
                                                  NORMAL
..................................................................
TEMPERATURE (F)
 TODAY
  MAXIMUM         52    330 PM  86    1945  70    -18       72
  MINIMUM         27    403 AM  24    1982  46    -19       59
  AVERAGE         40                        58    -18       66

PRECIPITATION (IN)
  TODAY            0.00          2.15 1912   0.14  -0.14     0.82
  MONTH TO DATE    2.62                      3.28  -0.66     3.63
  SINCE MAR 1      2.62                      3.28  -0.66     3.63
  SINCE JAN 1     10.27                      9.34   0.93    10.35

DEGREE DAYS
 HEATING
  TODAY           25                         8     17        0
  MONTH TO DATE  321                       329     -8      481
  SINCE MAR 1    321                       329     -8      481
  SINCE JUL 1   2817                      2554    263     2806

 COOLING
  TODAY            0                         1     -1        1
  MONTH TO DATE   17                         4     13        1
  SINCE MAR 1     17                         4     13        1
  SINCE JAN 1     17                         8      9        4
..................................................................


WIND (MPH)
  HIGHEST WIND SPEED    15   HIGHEST WIND DIRECTION     N (20)
  HIGHEST GUST SPEED    20   HIGHEST GUST DIRECTION     N (20)
  AVERAGE WIND SPEED     6.4


SKY COVER
  POSSIBLE SUNSHINE  MM
  AVERAGE SKY COVER 0.0


WEATHER CONDITIONS
 THE FOLLOWING WEATHER WAS RECORDED TODAY.
  NO SIGNIFICANT WEATHER WAS OBSERVED.


RELATIVE HUMIDITY (PERCENT)
 HIGHEST    58           300 AM
 LOWEST     16           300 PM
 AVERAGE    37

..........................................................


THE FAYETTEVILLE REGL AIRPORT NC CLIMATE NORMALS FOR TOMORROW
                         NORMAL    RECORD    YEAR
 MAXIMUM TEMPERATURE (F)   71        90      1910
 MINIMUM TEMPERATURE (F)   46        26      1955


SUNRISE AND SUNSET
MARCH 29 2015.........SUNRISE   707 AM EDT   SUNSET   734 PM EDT
MARCH 30 2015.........SUNRISE   706 AM EDT   SUNSET   735 PM EDT


-  INDICATES NEGATIVE NUMBERS.
R  INDICATES RECORD WAS SET OR TIED.
MM INDICATES DATA IS MISSING.
T  INDICATES TRACE AMOUNT.




$$
