923
CDUS42 KFFC 302034
CLIFFC


CLIMATE REPORT
NATIONAL WEATHER SERVICE PEACHTREE CITY GA
434 PM EDT SAT APR 30 2016


...................................

...THE PEACHTREE CITY CLIMATE SUMMARY FOR APRIL 30 2016...
VALID TODAY AS OF 0400 PM LOCAL TIME.

CLIMATE NORMAL PERIOD 1981 TO 2010
CLIMATE RECORD PERIOD 9999 TO 9999


WEATHER ITEM   OBSERVED TIME   RECORD YEAR NORMAL DEPARTURE LAST
                VALUE   (LST)  VALUE       VALUE  FROM      YEAR
                                                  NORMAL
..................................................................
TEMPERATURE (F)
 TODAY
  MAXIMUM         85    326 PM  MM      MM  78      7       75
  MINIMUM         61    653 AM  MM      MM  51     10       48
  AVERAGE         73                        65      8       62

PRECIPITATION (IN)
  TODAY            0.02         MM      MM   0.11  -0.09     0.00
  MONTH TO DATE    3.95                      3.92   0.03     6.92
  SINCE MAR 1      6.98                      9.03  -2.05    10.65

SNOWFALL (IN)
  TODAY           MM            MM      MM  MM     MM       MM
  MONTH TO DATE    0.0                      MM     MM        0.0
  SINCE MAR 1      0.0                      MM     MM        0.0
  SINCE JUL 1      0.2                      MM     MM         T

DEGREE DAYS
 HEATING
  TODAY            0                         3     -3        3
  MONTH TO DATE  145                       166    -21       77
  SINCE MAR 1    367                       537   -170      344
  SINCE JUL 1   2292                      2919   -627     2862

 COOLING
  TODAY            8                         2      6        0
  MONTH TO DATE   38                        31      7       74
  SINCE MAR 1     49                        36     13       79
  SINCE JAN 1     49                        36     13       79
..................................................................


WIND (MPH)
  RESULTANT WIND SPEED   2   RESULTANT WIND DIRECTION  SE (140)
  HIGHEST WIND SPEED    15   HIGHEST WIND DIRECTION     S (160)
  HIGHEST GUST SPEED    23   HIGHEST GUST DIRECTION     S (160)
  AVERAGE WIND SPEED     2.3


SKY COVER
  POSSIBLE SUNSHINE  MM
  AVERAGE SKY COVER 0.1


WEATHER CONDITIONS
 THE FOLLOWING WEATHER WAS RECORDED TODAY.
  THUNDERSTORM
  LIGHT RAIN


RELATIVE HUMIDITY (PERCENT)
 HIGHEST   100           600 AM
 LOWEST     55          1200 PM
 AVERAGE    78

..........................................................


THE PEACHTREE CITY CLIMATE NORMALS FOR TOMORROW
                         NORMAL    RECORD    YEAR
 MAXIMUM TEMPERATURE (F)   78        MM        MM
 MINIMUM TEMPERATURE (F)   52        MM        MM


SUNRISE AND SUNSET
APRIL 30 2016.........SUNRISE   651 AM EDT   SUNSET   821 PM EDT
MAY  1 2016...........SUNRISE   650 AM EDT   SUNSET   821 PM EDT


-  INDICATES NEGATIVE NUMBERS.
R  INDICATES RECORD WAS SET OR TIED.
MM INDICATES DATA IS MISSING.
T  INDICATES TRACE AMOUNT.




$$
