000
CDUS42 KFFC 150028
CLIFFC


CLIMATE REPORT
NATIONAL WEATHER SERVICE PEACHTREE CITY GA
728 PM EST THU DEC 14 2017


...................................

...THE PEACHTREE CITY CLIMATE SUMMARY FOR DECEMBER 14 2017...
VALID AS OF 0700 PM LOCAL TIME.

CLIMATE NORMAL PERIOD 1981 TO 2010
CLIMATE RECORD PERIOD 9999 TO 9999


WEATHER ITEM   OBSERVED RECORD YEAR NORMAL DEPARTURE LAST
                VALUE   VALUE       VALUE  FROM      YEAR
                                           NORMAL
...........................................................
TEMPERATURE (F)
 TODAY
  MAXIMUM         57     MM      MM  56      1       58
  MINIMUM         34     MM      MM  33      1       37
  AVERAGE         46

PRECIPITATION (IN)
  TODAY            0.00  MM      MM   0.13  -0.13     0.00
  MONTH TO DATE    1.19               2.13  -0.94     2.17
  SINCE DEC 1      1.19               2.13  -0.94     2.17

SNOWFALL (IN)
  TODAY            0.0   MM      MM  MM               0.0
  MONTH TO DATE    0.8               MM               0.0
  SINCE DEC 1      0.8               MM               0.0
  SINCE JUL 1      0.8               MM               0.0

DEGREE DAYS
 HEATING
  TODAY           19

 COOLING
  TODAY            0
...........................................................


WIND (MPH)
  RESULTANT WIND SPEED   2   RESULTANT WIND DIRECTION   W (270)
  HIGHEST WIND SPEED     8   HIGHEST WIND DIRECTION    SW (240)
  HIGHEST GUST SPEED    13   HIGHEST GUST DIRECTION     W (270)


SKY COVER
  POSSIBLE SUNSHINE  MM
  AVERAGE SKY COVER 0.0


WEATHER CONDITIONS
 THE FOLLOWING WEATHER WAS RECORDED TODAY.
  NO SIGNIFICANT WEATHER WAS OBSERVED.


RELATIVE HUMIDITY (PERCENT)
 HIGHEST    82
 LOWEST     40
 AVERAGE    61

..........................................................


THE PEACHTREE CITY CLIMATE NORMALS FOR TOMORROW
                         NORMAL    RECORD    YEAR
 MAXIMUM TEMPERATURE (F)   56        MM        MM
 MINIMUM TEMPERATURE (F)   33        MM        MM


SUNRISE AND SUNSET
DECEMBER 14 2017......SUNRISE   734 AM EST   SUNSET   532 PM EST
DECEMBER 15 2017......SUNRISE   735 AM EST   SUNSET   532 PM EST


-  INDICATES NEGATIVE NUMBERS.
R  INDICATES RECORD WAS SET OR TIED.
MM INDICATES DATA IS MISSING.
T  INDICATES TRACE AMOUNT.




$$
