000
CDUS43 KLMK 252030
CLIFFT


CLIMATE REPORT
NATIONAL WEATHER SERVICE LOUISVILLE KY
429 PM EDT FRI JUL 25 2014


...................................

...THE FRANKFORT KY CLIMATE SUMMARY FOR JULY 25 2014...
VALID TODAY AS OF 0400 PM LOCAL TIME.

CLIMATE NORMAL PERIOD 1981 TO 2010
CLIMATE RECORD PERIOD 1895 TO 2014


WEATHER ITEM   OBSERVED TIME   RECORD YEAR NORMAL DEPARTURE LAST
                VALUE   (LST)  VALUE       VALUE  FROM      YEAR
                                                  NORMAL
..................................................................
TEMPERATURE (F)
 TODAY
  MAXIMUM         82    156 PM 107    1934  87     -5       79
  MINIMUM         53R   500 AM  53    1932  66    -13       59
  AVERAGE         68                        76     -8       69

PRECIPITATION (IN)
  TODAY            0.00          2.53 1978   0.14  -0.14     0.00
  MONTH TO DATE    1.49                      3.59  -2.10     7.35
  SINCE JUN 1      5.41                      7.68  -2.27    13.86
  SINCE JAN 1     26.19                     27.15  -0.96    32.53

SNOWFALL (IN)
  TODAY           MM            MM      MM  MM     MM       MM
  MONTH TO DATE   MM                        MM     MM       MM
  SINCE JUN 1     MM                        MM     MM       MM
  SINCE JUL 1     MM                        MM     MM       MM
  SNOW DEPTH      MM

DEGREE DAYS
 HEATING
  TODAY            0                         0      0        0
  MONTH TO DATE    1                         0      1        0
  SINCE JUN 1      4                        10     -6        2
  SINCE JUL 1      1                         0      1        0

 COOLING
  TODAY            3                        11     -8        4
  MONTH TO DATE  193                       275    -82      266
  SINCE JUN 1    458                       511    -53      507
  SINCE JAN 1    580                       610    -30      626
..................................................................


WIND (MPH)
  HIGHEST WIND SPEED     9   HIGHEST WIND DIRECTION    NW (320)
  HIGHEST GUST SPEED    12   HIGHEST GUST DIRECTION     N (350)
  AVERAGE WIND SPEED     2.0


SKY COVER
  POSSIBLE SUNSHINE  MM
  AVERAGE SKY COVER 0.1


WEATHER CONDITIONS
 THE FOLLOWING WEATHER WAS RECORDED TODAY.
  NO SIGNIFICANT WEATHER WAS OBSERVED.


RELATIVE HUMIDITY (PERCENT)
 HIGHEST    93           200 AM
 LOWEST     39           100 PM
 AVERAGE    66

..........................................................


THE FRANKFORT KY CLIMATE NORMALS FOR TOMORROW
                         NORMAL    RECORD    YEAR
 MAXIMUM TEMPERATURE (F)   87       100      1934
                                             1930
 MINIMUM TEMPERATURE (F)   66        50      1911


SUNRISE AND SUNSET
JULY 25 2014..........SUNRISE   636 AM EDT   SUNSET   855 PM EDT
JULY 26 2014..........SUNRISE   637 AM EDT   SUNSET   855 PM EDT


-  INDICATES NEGATIVE NUMBERS.
R  INDICATES RECORD WAS SET OR TIED.
MM INDICATES DATA IS MISSING.
T  INDICATES TRACE AMOUNT.




$$
