299
CDUS43 KLMK 200727
CLIFFT


CLIMATE REPORT
NATIONAL WEATHER SERVICE LOUISVILLE KY
226 AM EST MON NOV 20 2017


...................................

...THE FRANKFORT KY CLIMATE SUMMARY FOR NOVEMBER 19 2017...

CLIMATE NORMAL PERIOD 1981 TO 2010
CLIMATE RECORD PERIOD 1895 TO 2017


WEATHER ITEM   OBSERVED TIME   RECORD YEAR NORMAL DEPARTURE LAST
                VALUE   (LST)  VALUE       VALUE  FROM      YEAR
                                                  NORMAL
..................................................................
TEMPERATURE (F)
 YESTERDAY
  MAXIMUM         42    151 AM  79    1985  55    -13       67
  MINIMUM         26   1141 PM  11    2014  35     -9       35
  AVERAGE         34                        45    -11       51

PRECIPITATION (IN)
  YESTERDAY        0.00          3.22 1957   0.13  -0.13     0.16
  MONTH TO DATE    2.77                      2.25   0.52     0.41
  SINCE SEP 1     13.17                      8.82   4.35     3.11
  SINCE JAN 1     46.89                     40.13   6.76    39.16

SNOWFALL (IN)
  YESTERDAY       MM            MM      MM  MM     MM       MM
  MONTH TO DATE   MM                        MM     MM       MM
  SINCE SEP 1     MM                        MM     MM       MM
  SINCE JUL 1     MM                        MM     MM       MM
  SNOW DEPTH      MM

DEGREE DAYS
 HEATING
  YESTERDAY       31                        20     11       14
  MONTH TO DATE  309                       319    -10      237
  SINCE SEP 1    568                       659    -91      382
  SINCE JUL 1    568                       660    -92      382

 COOLING
  YESTERDAY        0                         0      0        0
  MONTH TO DATE    6                         0      6       12
  SINCE SEP 1    192                       152     40      348
  SINCE JAN 1   1279                      1154    125     1639
..................................................................


WIND (MPH)
  HIGHEST WIND SPEED    16   HIGHEST WIND DIRECTION     W (280)
  HIGHEST GUST SPEED    26   HIGHEST GUST DIRECTION     W (280)
  AVERAGE WIND SPEED     6.5


SKY COVER
  POSSIBLE SUNSHINE  MM
  AVERAGE SKY COVER 0.7


WEATHER CONDITIONS
 THE FOLLOWING WEATHER WAS RECORDED YESTERDAY.
  NO SIGNIFICANT WEATHER WAS OBSERVED.


RELATIVE HUMIDITY (PERCENT)
 HIGHEST    85          1200 AM
 LOWEST     59           500 PM
 AVERAGE    72

..........................................................


THE FRANKFORT KY CLIMATE NORMALS FOR TODAY
                         NORMAL    RECORD    YEAR
 MAXIMUM TEMPERATURE (F)   54        78      1985
 MINIMUM TEMPERATURE (F)   34        10      1914


SUNRISE AND SUNSET
NOVEMBER 20 2017......SUNRISE   726 AM EST   SUNSET   524 PM EST
NOVEMBER 21 2017......SUNRISE   727 AM EST   SUNSET   523 PM EST


-  INDICATES NEGATIVE NUMBERS.
R  INDICATES RECORD WAS SET OR TIED.
MM INDICATES DATA IS MISSING.
T  INDICATES TRACE AMOUNT.




$$
