000
CDUS43 KLMK 180627
CLIFFT


CLIMATE REPORT
NATIONAL WEATHER SERVICE LOUISVILLE KY
227 AM EDT THU SEP 18 2014


...................................

...THE FRANKFORT KY CLIMATE SUMMARY FOR SEPTEMBER 17 2014...

CLIMATE NORMAL PERIOD 1981 TO 2010
CLIMATE RECORD PERIOD 1895 TO 2014


WEATHER ITEM   OBSERVED TIME   RECORD YEAR NORMAL DEPARTURE LAST
                VALUE   (LST)  VALUE       VALUE  FROM      YEAR
                                                  NORMAL
..................................................................
TEMPERATURE (F)
 YESTERDAY
  MAXIMUM         70    412 PM  97    1954  79     -9       79
  MINIMUM         45    630 AM  40    1937  55    -10       53
  AVERAGE         58                        67     -9       66

PRECIPITATION (IN)
  YESTERDAY        0.00          1.80 1995   0.10  -0.10     0.00
  MONTH TO DATE    2.83                      1.97   0.86     0.12
  SINCE SEP 1      2.83                      1.97   0.86     0.12
  SINCE JAN 1     36.12                     33.28   2.84    35.18

SNOWFALL (IN)
  YESTERDAY       MM            MM      MM  MM     MM       MM
  MONTH TO DATE   MM                        MM     MM       MM
  SINCE SEP 1     MM                        MM     MM       MM
  SINCE JUL 1     MM                        MM     MM       MM
  SNOW DEPTH      MM

DEGREE DAYS
 HEATING
  YESTERDAY        7                         2      5        0
  MONTH TO DATE   34                         9     25       11
  SINCE SEP 1     34                         9     25       11
  SINCE JUL 1     37                        10     27       15

 COOLING
  YESTERDAY        0                         4     -4        1
  MONTH TO DATE  100                        99      1      120
  SINCE SEP 1    100                        99      1      120
  SINCE JAN 1   1026                      1101    -75     1056
..................................................................


WIND (MPH)
  HIGHEST WIND SPEED    10   HIGHEST WIND DIRECTION    NW (300)
  HIGHEST GUST SPEED    13   HIGHEST GUST DIRECTION    NW (300)
  AVERAGE WIND SPEED     1.9


SKY COVER
  POSSIBLE SUNSHINE  MM
  AVERAGE SKY COVER 0.5


WEATHER CONDITIONS
 THE FOLLOWING WEATHER WAS RECORDED YESTERDAY.
  FOG
  FOG W/VISIBILITY <= 1/4 MILE


RELATIVE HUMIDITY (PERCENT)
 HIGHEST   100           200 AM
 LOWEST     53           400 PM
 AVERAGE    77

..........................................................


THE FRANKFORT KY CLIMATE NORMALS FOR TODAY
                         NORMAL    RECORD    YEAR
 MAXIMUM TEMPERATURE (F)   79        96      1954
 MINIMUM TEMPERATURE (F)   55        38      1937


SUNRISE AND SUNSET
SEPTEMBER 18 2014.....SUNRISE   724 AM EDT   SUNSET   743 PM EDT
SEPTEMBER 19 2014.....SUNRISE   725 AM EDT   SUNSET   741 PM EDT


-  INDICATES NEGATIVE NUMBERS.
R  INDICATES RECORD WAS SET OR TIED.
MM INDICATES DATA IS MISSING.
T  INDICATES TRACE AMOUNT.




$$
