000
CDUS43 KLMK 020626
CLIFFT


CLIMATE REPORT
NATIONAL WEATHER SERVICE LOUISVILLE KY
226 AM EDT SAT AUG 2 2014


...................................

...THE FRANKFORT KY CLIMATE SUMMARY FOR AUGUST 1 2014...

CLIMATE NORMAL PERIOD 1981 TO 2010
CLIMATE RECORD PERIOD 1895 TO 2014


WEATHER ITEM   OBSERVED TIME   RECORD YEAR NORMAL DEPARTURE LAST
                VALUE   (LST)  VALUE       VALUE  FROM      YEAR
                                                  NORMAL
..................................................................
TEMPERATURE (F)
 YESTERDAY
  MAXIMUM         86    426 PM 101    1953  87     -1       82
  MINIMUM         58    618 AM  54    1912  65     -7       62
  AVERAGE         72                        76     -4       72

PRECIPITATION (IN)
  YESTERDAY        0.00          2.15 1926   0.11  -0.11     0.00
  MONTH TO DATE    0.00                      0.11  -0.11     0.00
  SINCE JUN 1      6.95                      8.59  -1.64    14.23
  SINCE JAN 1     27.73                     28.06  -0.33    32.90

SNOWFALL (IN)
  YESTERDAY       MM            MM      MM  MM     MM       MM
  MONTH TO DATE   MM                        MM     MM       MM
  SINCE JUN 1     MM                        MM     MM       MM
  SINCE JUL 1     MM                        MM     MM       MM
  SNOW DEPTH      MM

DEGREE DAYS
 HEATING
  YESTERDAY        0                         0      0        0
  MONTH TO DATE    0                         0      0        0
  SINCE JUN 1      6                        10     -4        3
  SINCE JUL 1      3                         0      3        1

 COOLING
  YESTERDAY        7                        11     -4        7
  MONTH TO DATE    7                        11     -4        7
  SINCE JUN 1    497                       597   -100      532
  SINCE JAN 1    619                       696    -77      651
..................................................................


WIND (MPH)
  HIGHEST WIND SPEED     8   HIGHEST WIND DIRECTION     N (340)
  HIGHEST GUST SPEED    11   HIGHEST GUST DIRECTION     E (70)
  AVERAGE WIND SPEED     2.1


SKY COVER
  POSSIBLE SUNSHINE  MM
  AVERAGE SKY COVER 0.2


WEATHER CONDITIONS
 THE FOLLOWING WEATHER WAS RECORDED YESTERDAY.
  FOG


RELATIVE HUMIDITY (PERCENT)
 HIGHEST   100           500 AM
 LOWEST     37           400 PM
 AVERAGE    69

..........................................................


THE FRANKFORT KY CLIMATE NORMALS FOR TODAY
                         NORMAL    RECORD    YEAR
 MAXIMUM TEMPERATURE (F)   87        99      2002
                                             1931
 MINIMUM TEMPERATURE (F)   65        50      1991
                                             1920


SUNRISE AND SUNSET
AUGUST  2 2014........SUNRISE   643 AM EDT   SUNSET   848 PM EDT
AUGUST  3 2014........SUNRISE   644 AM EDT   SUNSET   847 PM EDT


-  INDICATES NEGATIVE NUMBERS.
R  INDICATES RECORD WAS SET OR TIED.
MM INDICATES DATA IS MISSING.
T  INDICATES TRACE AMOUNT.




$$
