000
CDUS43 KLMK 252027 RRB
CLIFFT

CLIMATE REPORT
NATIONAL WEATHER SERVICE LOUISVILLE KY
426 PM EDT TUE APR 25 2017


...................................

...THE FRANKFORT KY CLIMATE SUMMARY FOR APRIL 25 2017...
VALID TODAY AS OF 0400 PM LOCAL TIME.

CLIMATE NORMAL PERIOD 1981 TO 2010
CLIMATE RECORD PERIOD 1895 TO 2017


WEATHER ITEM   OBSERVED TIME   RECORD YEAR NORMAL DEPARTURE LAST
                VALUE   (LST)  VALUE       VALUE  FROM      YEAR
                                                  NORMAL
..................................................................
TEMPERATURE (F)
 TODAY
  MAXIMUM         73    259 PM  89    1948  70      3       82
                                      1915
  MINIMUM         50    619 AM  29    1919  46      4       51
  AVERAGE         62                        58      4       67

PRECIPITATION (IN)
  TODAY            0.00          3.37 1975   0.14  -0.14     0.00
  MONTH TO DATE    2.61                      2.98  -0.37     0.97
  SINCE MAR 1      7.70                      7.36   0.34     7.05
  SINCE JAN 1     13.80                     13.91  -0.11    13.07

SNOWFALL (IN)
  TODAY           MM            MM      MM  MM     MM       MM
  MONTH TO DATE   MM                        MM     MM       MM
  SINCE MAR 1     MM                        MM     MM       MM
  SINCE JUL 1     MM                        MM     MM       MM
  SNOW DEPTH      MM

DEGREE DAYS
 HEATING
  TODAY            3                         8     -5        0
  MONTH TO DATE  129                       281   -152      249
  SINCE MAR 1    662                       906   -244      659
  SINCE JUL 1   3432                      4545  -1113     3731

 COOLING
  TODAY            0                         1     -1        2
  MONTH TO DATE   43                        17     26       13
  SINCE MAR 1     49                        19     30       14
  SINCE JAN 1     52                        19     33       14
..................................................................


WIND (MPH)
  HIGHEST WIND SPEED     9   HIGHEST WIND DIRECTION     E (100)
  HIGHEST GUST SPEED    14   HIGHEST GUST DIRECTION    NE (50)
  AVERAGE WIND SPEED     4.3


SKY COVER
  POSSIBLE SUNSHINE  MM
  AVERAGE SKY COVER 0.2


WEATHER CONDITIONS
 THE FOLLOWING WEATHER WAS RECORDED TODAY.
  NO SIGNIFICANT WEATHER WAS OBSERVED.


RELATIVE HUMIDITY (PERCENT)
 HIGHEST    89           500 AM
 LOWEST     53           100 PM
 AVERAGE    71

..........................................................


THE FRANKFORT KY CLIMATE NORMALS FOR TOMORROW
                         NORMAL    RECORD    YEAR
 MAXIMUM TEMPERATURE (F)   70        91      1915
 MINIMUM TEMPERATURE (F)   47        29      1919


SUNRISE AND SUNSET
APRIL 25 2017.........SUNRISE   650 AM EDT   SUNSET   825 PM EDT
APRIL 26 2017.........SUNRISE   649 AM EDT   SUNSET   826 PM EDT


-  INDICATES NEGATIVE NUMBERS.
R  INDICATES RECORD WAS SET OR TIED.
MM INDICATES DATA IS MISSING.
T  INDICATES TRACE AMOUNT.




$$
