000
CDUS43 KLMK 252033
CLIFFT


CLIMATE REPORT
NATIONAL WEATHER SERVICE LOUISVILLE KY
432 PM EDT SAT OCT 25 2014


...................................

...THE FRANKFORT KY CLIMATE SUMMARY FOR OCTOBER 25 2014...
VALID TODAY AS OF 0400 PM LOCAL TIME.

CLIMATE NORMAL PERIOD 1981 TO 2010
CLIMATE RECORD PERIOD 1895 TO 2014


WEATHER ITEM   OBSERVED TIME   RECORD YEAR NORMAL DEPARTURE LAST
                VALUE   (LST)  VALUE       VALUE  FROM      YEAR
                                                  NORMAL
..................................................................
TEMPERATURE (F)
 TODAY
  MAXIMUM         72    259 PM  85    1940  65      7       48
  MINIMUM         41    314 AM  21    1981  42     -1       26
  AVERAGE         57                        54      3       37

PRECIPITATION (IN)
  TODAY            0.00          0.98 1905   0.11  -0.11     0.00
  MONTH TO DATE    3.95                      2.61   1.34     3.58
  SINCE SEP 1      6.78                      5.94   0.84     5.30
  SINCE JAN 1     40.07                     37.25   2.82    40.36

SNOWFALL (IN)
  TODAY           MM            MM      MM  MM     MM       MM
  MONTH TO DATE   MM                        MM     MM       MM
  SINCE SEP 1     MM                        MM     MM       MM
  SINCE JUL 1     MM                        MM     MM       MM
  SNOW DEPTH      MM

DEGREE DAYS
 HEATING
  TODAY            8                        12     -4       28
  MONTH TO DATE  221                       211     10      226
  SINCE SEP 1    279                       264     15      252
  SINCE JUL 1    282                       265     17      256

 COOLING
  TODAY            0                         0      0        0
  MONTH TO DATE   16                        15      1       40
  SINCE SEP 1    144                       148     -4      191
  SINCE JAN 1   1070                      1150    -80     1127
..................................................................


WIND (MPH)
  HIGHEST WIND SPEED    14   HIGHEST WIND DIRECTION    SW (240)
  HIGHEST GUST SPEED    19   HIGHEST GUST DIRECTION    SW (230)
  AVERAGE WIND SPEED     4.5


SKY COVER
  POSSIBLE SUNSHINE  MM
  AVERAGE SKY COVER 0.4


WEATHER CONDITIONS
 THE FOLLOWING WEATHER WAS RECORDED TODAY.
  FOG


RELATIVE HUMIDITY (PERCENT)
 HIGHEST    96           700 AM
 LOWEST     61           200 PM
 AVERAGE    79

..........................................................


THE FRANKFORT KY CLIMATE NORMALS FOR TOMORROW
                         NORMAL    RECORD    YEAR
 MAXIMUM TEMPERATURE (F)   65        87      1940
 MINIMUM TEMPERATURE (F)   42        24      1962
                                             1930


SUNRISE AND SUNSET
OCTOBER 25 2014.......SUNRISE   758 AM EDT   SUNSET   648 PM EDT
OCTOBER 26 2014.......SUNRISE   759 AM EDT   SUNSET   647 PM EDT


-  INDICATES NEGATIVE NUMBERS.
R  INDICATES RECORD WAS SET OR TIED.
MM INDICATES DATA IS MISSING.
T  INDICATES TRACE AMOUNT.




$$
