219
CDUS43 KLMK 202131
CLIFFT


CLIMATE REPORT
NATIONAL WEATHER SERVICE LOUISVILLE KY
431 PM EST SAT JAN 20 2018


...................................

...THE FRANKFORT KY CLIMATE SUMMARY FOR JANUARY 20 2018...
VALID TODAY AS OF 0400 PM LOCAL TIME.

CLIMATE NORMAL PERIOD 1981 TO 2010
CLIMATE RECORD PERIOD 1895 TO 2018


WEATHER ITEM   OBSERVED TIME   RECORD YEAR NORMAL DEPARTURE LAST
                VALUE   (LST)  VALUE       VALUE  FROM      YEAR
                                                  NORMAL
..................................................................
TEMPERATURE (F)
 TODAY
  MAXIMUM         50    342 PM  71    1906  42      8       64
  MINIMUM         37   1256 AM -27    1994  23     14       50
  AVERAGE         44                        32     12       57

PRECIPITATION (IN)
  TODAY            0.00          2.40 1988   0.10  -0.10     0.21
  MONTH TO DATE    0.75                      2.25  -1.50     3.59
  SINCE DEC 1      2.58                      6.26  -3.68     9.06
  SINCE JAN 1      0.75                      2.25  -1.50     3.59

SNOWFALL (IN)
  TODAY           MM            MM      MM  MM     MM       MM
  MONTH TO DATE   MM                        MM     MM       MM
  SINCE DEC 1     MM                        MM     MM       MM
  SINCE JUL 1     MM                        MM     MM       MM
  SNOW DEPTH      MM

DEGREE DAYS
 HEATING
  TODAY           21                        32    -11        8
  MONTH TO DATE  802                       659    143      512
  SINCE DEC 1   1729                      1580    149     1385
  SINCE JUL 1   2537                      2491     46     2003

 COOLING
  TODAY            0                         0      0        0
  MONTH TO DATE    0                         0      0        0
  SINCE DEC 1      0                         0      0        0
  SINCE JAN 1      0                         0      0        0
..................................................................


WIND (MPH)
  HIGHEST WIND SPEED    18   HIGHEST WIND DIRECTION    SW (220)
  HIGHEST GUST SPEED    25   HIGHEST GUST DIRECTION    SW (230)
  AVERAGE WIND SPEED    11.7


SKY COVER
  POSSIBLE SUNSHINE  MM
  AVERAGE SKY COVER 0.4


WEATHER CONDITIONS
 THE FOLLOWING WEATHER WAS RECORDED TODAY.
  NO SIGNIFICANT WEATHER WAS OBSERVED.


RELATIVE HUMIDITY (PERCENT)
 HIGHEST    56           400 PM
 LOWEST     38          1100 AM
 AVERAGE    47

..........................................................


THE FRANKFORT KY CLIMATE NORMALS FOR TOMORROW
                         NORMAL    RECORD    YEAR
 MAXIMUM TEMPERATURE (F)   42        75      1906
 MINIMUM TEMPERATURE (F)   23       -20      1984


SUNRISE AND SUNSET
JANUARY 20 2018.......SUNRISE   753 AM EST   SUNSET   549 PM EST
JANUARY 21 2018.......SUNRISE   752 AM EST   SUNSET   550 PM EST


-  INDICATES NEGATIVE NUMBERS.
R  INDICATES RECORD WAS SET OR TIED.
MM INDICATES DATA IS MISSING.
T  INDICATES TRACE AMOUNT.




$$
