000
CDUS43 KLMK 240636
CLIFFT


CLIMATE REPORT
NATIONAL WEATHER SERVICE LOUISVILLE KY
136 AM EST TUE JAN 24 2017


...................................

...THE FRANKFORT KY CLIMATE SUMMARY FOR JANUARY 23 2017...

CLIMATE NORMAL PERIOD 1981 TO 2010
CLIMATE RECORD PERIOD 1895 TO 2017


WEATHER ITEM   OBSERVED TIME   RECORD YEAR NORMAL DEPARTURE LAST
                VALUE   (LST)  VALUE       VALUE  FROM      YEAR
                                                  NORMAL
..................................................................
TEMPERATURE (F)
 YESTERDAY
  MAXIMUM         57    158 AM  73    1999  42     15       30
  MINIMUM         43   1159 PM -15    1936  24     19       10
  AVERAGE         50                        33     17       20

PRECIPITATION (IN)
  YESTERDAY        0.33          2.07 1982   0.08   0.25      T
  MONTH TO DATE    3.92                      2.50   1.42     1.38
  SINCE DEC 1      9.39                      6.51   2.88     7.64
  SINCE JAN 1      3.92                      2.50   1.42     1.38

SNOWFALL (IN)
  YESTERDAY       MM            MM      MM  MM     MM       MM
  MONTH TO DATE   MM                        MM     MM       MM
  SINCE DEC 1     MM                        MM     MM       MM
  SINCE JUL 1     MM                        MM     MM       MM
  SNOW DEPTH      MM

DEGREE DAYS
 HEATING
  YESTERDAY       15                        32    -17       45
  MONTH TO DATE  547                       755   -208      807
  SINCE DEC 1   1420                      1676   -256     1337
  SINCE JUL 1   2038                      2587   -549     2071

 COOLING
  YESTERDAY        0                         0      0        0
  MONTH TO DATE    0                         0      0        0
  SINCE DEC 1      0                         0      0        1
  SINCE JAN 1      0                         0      0        0
..................................................................


WIND (MPH)
  HIGHEST WIND SPEED    21   HIGHEST WIND DIRECTION    NW (330)
  HIGHEST GUST SPEED    27   HIGHEST GUST DIRECTION    NW (330)
  AVERAGE WIND SPEED    12.0


SKY COVER
  POSSIBLE SUNSHINE  MM
  AVERAGE SKY COVER 1.0


WEATHER CONDITIONS
 THE FOLLOWING WEATHER WAS RECORDED YESTERDAY.
  RAIN
  LIGHT RAIN
  FOG
  HAZE


RELATIVE HUMIDITY (PERCENT)
 HIGHEST    89           600 AM
 LOWEST     67           100 AM
 AVERAGE    78

..........................................................


THE FRANKFORT KY CLIMATE NORMALS FOR TODAY
                         NORMAL    RECORD    YEAR
 MAXIMUM TEMPERATURE (F)   42        80      1943
 MINIMUM TEMPERATURE (F)   24       -18      1963


SUNRISE AND SUNSET
JANUARY 24 2017.......SUNRISE   750 AM EST   SUNSET   554 PM EST
JANUARY 25 2017.......SUNRISE   750 AM EST   SUNSET   555 PM EST


-  INDICATES NEGATIVE NUMBERS.
R  INDICATES RECORD WAS SET OR TIED.
MM INDICATES DATA IS MISSING.
T  INDICATES TRACE AMOUNT.




$$
