000
CDUS43 KFGF 300723
CLIFGF


CLIMATE REPORT
NATIONAL WEATHER SERVICE EASTERN NORTH DAKOTA/GRAND FORKS
221 AM CDT SAT APR 30 2016


...................................

...THE GRAND FORKS UNIV. (NWS) ND CLIMATE SUMMARY FOR APRIL 29 2016...

CLIMATE NORMAL PERIOD 1981 TO 2010
CLIMATE RECORD PERIOD 1890 TO 2016


WEATHER ITEM   OBSERVED TIME   RECORD YEAR NORMAL DEPARTURE LAST
                VALUE   (LST)  VALUE       VALUE  FROM      YEAR
                                                  NORMAL
..................................................................
TEMPERATURE (F)
 YESTERDAY
  MAXIMUM         63        MM  90    1985  62      1       74
                                      1934
  MINIMUM         36        MM  10    1958  37     -1       38
  AVERAGE         50                        50      0       56

PRECIPITATION (IN)
  YESTERDAY        0.00          0.78 1954   0.05  -0.05     0.00
  MONTH TO DATE    2.10                      0.93   1.17     0.54
  SINCE MAR 1      2.79                      1.95   0.84     0.88
  SINCE JAN 1      3.44                      3.25   0.19     1.41

SNOWFALL (IN)
  YESTERDAY        0.0           1.0  1990   0.0    0.0      0.0
  MONTH TO DATE    0.6                       1.0   -0.4      0.3
  SINCE MAR 1      2.3                       7.4   -5.1      3.0
  SINCE JUL 1     29.6                      42.7  -13.1     19.3
  SNOW DEPTH       0

DEGREE DAYS
 HEATING
  YESTERDAY       15                        16     -1        9
  MONTH TO DATE  705                       648     57      575
  SINCE MAR 1   1593                      1854   -261     1602
  SINCE JUL 1   7525                      8814  -1289     8451

 COOLING
  YESTERDAY        0                         0      0        0
  MONTH TO DATE    0                         0      0        0
  SINCE MAR 1      0                         0      0        0
  SINCE JAN 1      0                         0      0        0
..................................................................


WIND (MPH)
  RESULTANT WIND SPEED  MM   RESULTANT WIND DIRECTION  MM
  HIGHEST WIND SPEED    MM   HIGHEST WIND DIRECTION    MM
  HIGHEST GUST SPEED    MM   HIGHEST GUST DIRECTION    MM
  AVERAGE WIND SPEED    MM


SKY COVER
  POSSIBLE SUNSHINE  MM
  AVERAGE SKY COVER  MM


WEATHER CONDITIONS
 THE FOLLOWING WEATHER WAS RECORDED YESTERDAY.
  NO SIGNIFICANT WEATHER WAS OBSERVED.


RELATIVE HUMIDITY (PERCENT)
 HIGHEST    MM
 LOWEST     MM
 AVERAGE    MM

..........................................................


THE GRAND FORKS UNIV. (NWS) ND CLIMATE NORMALS FOR TODAY
                         NORMAL    RECORD    YEAR
 MAXIMUM TEMPERATURE (F)   63        92      1992
 MINIMUM TEMPERATURE (F)   37        16      1905


SUNRISE AND SUNSET
APRIL 30 2016.........SUNRISE   611 AM CDT   SUNSET   841 PM CDT
MAY  1 2016...........SUNRISE   610 AM CDT   SUNSET   842 PM CDT


-  INDICATES NEGATIVE NUMBERS.
R  INDICATES RECORD WAS SET OR TIED.
MM INDICATES DATA IS MISSING.
T  INDICATES TRACE AMOUNT.




$$
