418
CDUS43 KFGF 290633
CLIFGF


CLIMATE REPORT
NATIONAL WEATHER SERVICE EASTERN NORTH DAKOTA/GRAND FORKS
132 AM CDT WED MAR 29 2017


...................................

...THE GRAND FORKS UNIV. (NWS) ND CLIMATE SUMMARY FOR MARCH 28 2017...

CLIMATE NORMAL PERIOD 1981 TO 2010
CLIMATE RECORD PERIOD 1890 TO 2017


WEATHER ITEM   OBSERVED TIME   RECORD YEAR NORMAL DEPARTURE LAST
                VALUE   (LST)  VALUE       VALUE  FROM      YEAR
                                                  NORMAL
..................................................................
TEMPERATURE (F)
 YESTERDAY
  MAXIMUM         54        MM  72    1910  42     12       51
  MINIMUM         32        MM -10    1922  23      9       26
  AVERAGE         43                        32     11       39

PRECIPITATION (IN)
  YESTERDAY        0.01          1.70 1905   0.04  -0.03     0.00
  MONTH TO DATE    0.77                      0.92  -0.15     0.66
  SINCE MAR 1      0.77                      0.92  -0.15     0.66
  SINCE JAN 1      1.87                      2.22  -0.35     1.31

SNOWFALL (IN)
  YESTERDAY        0.0           6.8  1985   0.2   -0.2      0.0
  MONTH TO DATE    0.1                       6.1   -6.0      1.7
  SINCE MAR 1      0.1                       6.1   -6.0      1.7
  SINCE JUL 1     43.0                      41.4    1.6     29.0
  SNOW DEPTH       0

DEGREE DAYS
 HEATING
  YESTERDAY       22                        32    -10       26
  MONTH TO DATE 1124                      1112     12      825
  SINCE MAR 1   1124                      1112     12      825
  SINCE JUL 1   7072                      8072  -1000     6757

 COOLING
  YESTERDAY        0                         0      0        0
  MONTH TO DATE    0                         0      0        0
  SINCE MAR 1      0                         0      0        0
  SINCE JAN 1      0                         0      0        0
..................................................................


WIND (MPH)
  RESULTANT WIND SPEED  MM   RESULTANT WIND DIRECTION  MM
  HIGHEST WIND SPEED    MM   HIGHEST WIND DIRECTION    MM
  HIGHEST GUST SPEED    MM   HIGHEST GUST DIRECTION    MM
  AVERAGE WIND SPEED    MM


SKY COVER
  POSSIBLE SUNSHINE  MM
  AVERAGE SKY COVER  MM


WEATHER CONDITIONS
 THE FOLLOWING WEATHER WAS RECORDED YESTERDAY.
  NO SIGNIFICANT WEATHER WAS OBSERVED.


RELATIVE HUMIDITY (PERCENT)
 HIGHEST    MM
 LOWEST     MM
 AVERAGE    MM

..........................................................


THE GRAND FORKS UNIV. (NWS) ND CLIMATE NORMALS FOR TODAY
                         NORMAL    RECORD    YEAR
 MAXIMUM TEMPERATURE (F)   43        73      1986
 MINIMUM TEMPERATURE (F)   24       -12      1969


SUNRISE AND SUNSET
MARCH 29 2017.........SUNRISE   712 AM CDT   SUNSET   755 PM CDT
MARCH 30 2017.........SUNRISE   710 AM CDT   SUNSET   756 PM CDT


-  INDICATES NEGATIVE NUMBERS.
R  INDICATES RECORD WAS SET OR TIED.
MM INDICATES DATA IS MISSING.
T  INDICATES TRACE AMOUNT.




$$
