000
CSUS97 KFGF 230636
CLIFGF


CLIMATE REPORT
NATIONAL WEATHER SERVICE EASTERN NORTH DAKOTA/GRAND FORKS
135 AM CDT SAT AUG 23 2014


...................................

...THE GRAND FORKS UNIV. (NWS) ND CLIMATE SUMMARY FOR AUGUST 22 2014...

CLIMATE NORMAL PERIOD 1981 TO 2010
CLIMATE RECORD PERIOD 1890 TO 2014


WEATHER ITEM   OBSERVED TIME   RECORD YEAR NORMAL DEPARTURE LAST
                VALUE   (LST)  VALUE       VALUE  FROM      YEAR
                                                  NORMAL
..................................................................
TEMPERATURE (F)
 YESTERDAY
  MAXIMUM         72        MM  99    1947  80     -8       80
  MINIMUM         62        MM  34    1908  55      7       49
  AVERAGE         67                        68     -1       65

PRECIPITATION (IN)
  YESTERDAY        0.01          1.29   MM   0.11  -0.10     0.00
  MONTH TO DATE    0.89                      2.22  -1.33     0.29
  SINCE JUN 1     11.08                      9.13   1.95     4.67
  SINCE JAN 1     18.07                     15.18   2.89    12.88

SNOWFALL (IN)
  YESTERDAY        0.0           0.3    MM   0.0    0.0      0.0
  MONTH TO DATE    0.0                       0.0    0.0      0.0
  SINCE JUN 1      0.0                       0.0    0.0      0.0
  SINCE JUL 1      0.0                       0.0    0.0      0.0
  SNOW DEPTH       0

DEGREE DAYS
 HEATING
  YESTERDAY        0                         2     -2        0
  MONTH TO DATE    0                        23    -23       35
  SINCE JUN 1     84                       129    -45      134
  SINCE JUL 1     32                        46    -14       59

 COOLING
  YESTERDAY        2                         4     -2        0
  MONTH TO DATE  111                       115     -4       66
  SINCE JUN 1    298                       377    -79      362
  SINCE JAN 1    353                       403    -50      371
..................................................................


WIND (MPH)
  RESULTANT WIND SPEED  MM   RESULTANT WIND DIRECTION  MM
  HIGHEST WIND SPEED    MM   HIGHEST WIND DIRECTION    MM
  HIGHEST GUST SPEED    MM   HIGHEST GUST DIRECTION    MM
  AVERAGE WIND SPEED    MM


SKY COVER
  POSSIBLE SUNSHINE  MM
  AVERAGE SKY COVER  MM


WEATHER CONDITIONS
 THE FOLLOWING WEATHER WAS RECORDED YESTERDAY.
  LIGHT RAIN


RELATIVE HUMIDITY (PERCENT)
 HIGHEST    MM
 LOWEST     MM
 AVERAGE    MM

..........................................................


THE GRAND FORKS UNIV. (NWS) ND CLIMATE NORMALS FOR TODAY
                         NORMAL    RECORD    YEAR
 MAXIMUM TEMPERATURE (F)   79       101      1929
 MINIMUM TEMPERATURE (F)   55        35      1942


SUNRISE AND SUNSET
AUGUST 23 2014........SUNRISE   634 AM CDT   SUNSET   827 PM CDT
AUGUST 24 2014........SUNRISE   636 AM CDT   SUNSET   825 PM CDT


-  INDICATES NEGATIVE NUMBERS.
R  INDICATES RECORD WAS SET OR TIED.
MM INDICATES DATA IS MISSING.
T  INDICATES TRACE AMOUNT.




$$
