000
CDUS43 KFGF 300732
CLIFGF


CLIMATE REPORT
NATIONAL WEATHER SERVICE EASTERN NORTH DAKOTA/GRAND FORKS
229 AM CDT SAT MAY 30 2015


...................................

...THE GRAND FORKS UNIV. (NWS) ND CLIMATE SUMMARY FOR MAY 29 2015...

CLIMATE NORMAL PERIOD 1981 TO 2010
CLIMATE RECORD PERIOD 1890 TO 2015


WEATHER ITEM   OBSERVED TIME   RECORD YEAR NORMAL DEPARTURE LAST
                VALUE   (LST)  VALUE       VALUE  FROM      YEAR
                                                  NORMAL
..................................................................
TEMPERATURE (F)
 YESTERDAY
  MAXIMUM         61        MM  96    1939  72    -11       89
  MINIMUM         39        MM  30    1961  48     -9       62
  AVERAGE         50                        60    -10       76

PRECIPITATION (IN)
  YESTERDAY        T             1.50 1899   0.11  -0.11     0.00
  MONTH TO DATE    4.35                      2.53   1.82     2.26
  SINCE MAR 1      5.37                      4.53   0.84     6.01
  SINCE JAN 1      5.90                      5.83   0.07     6.74

SNOWFALL (IN)
  YESTERDAY        0.0           0.0    MM   0.0    0.0      0.0
  MONTH TO DATE    T                         0.1   -0.1      0.0
  SINCE MAR 1      3.0                       8.1   -5.1     14.6
  SINCE JUL 1     19.3                      43.4  -24.1     60.3
  SNOW DEPTH       0

DEGREE DAYS
 HEATING
  YESTERDAY       15                         6      9        0
  MONTH TO DATE  317                       298     19      374
  SINCE MAR 1   1921                      2153   -232     2625
  SINCE JUL 1   8770                      9113   -343    10371

 COOLING
  YESTERDAY        0                         1     -1       11
  MONTH TO DATE   11                        24    -13       43
  SINCE MAR 1     11                        27    -16       43
  SINCE JAN 1     11                        27    -16       43
..................................................................


WIND (MPH)
  RESULTANT WIND SPEED  MM   RESULTANT WIND DIRECTION  MM
  HIGHEST WIND SPEED    MM   HIGHEST WIND DIRECTION    MM
  HIGHEST GUST SPEED    MM   HIGHEST GUST DIRECTION    MM
  AVERAGE WIND SPEED    MM


SKY COVER
  POSSIBLE SUNSHINE  MM
  AVERAGE SKY COVER  MM


WEATHER CONDITIONS
 THE FOLLOWING WEATHER WAS RECORDED YESTERDAY.
  LIGHT RAIN


RELATIVE HUMIDITY (PERCENT)
 HIGHEST    MM
 LOWEST     MM
 AVERAGE    MM

..........................................................


THE GRAND FORKS UNIV. (NWS) ND CLIMATE NORMALS FOR TODAY
                         NORMAL    RECORD    YEAR
 MAXIMUM TEMPERATURE (F)   72       105      1934
 MINIMUM TEMPERATURE (F)   49        30      1910


SUNRISE AND SUNSET
MAY 30 2015...........SUNRISE   535 AM CDT   SUNSET   917 PM CDT
MAY 31 2015...........SUNRISE   534 AM CDT   SUNSET   918 PM CDT


-  INDICATES NEGATIVE NUMBERS.
R  INDICATES RECORD WAS SET OR TIED.
MM INDICATES DATA IS MISSING.
T  INDICATES TRACE AMOUNT.




$$
