000
CDUS43 KFGF 300637
CLIFGF


CLIMATE REPORT
NATIONAL WEATHER SERVICE EASTERN NORTH DAKOTA/GRAND FORKS
132 AM CDT TUE JUN 30 2015


...................................

...THE GRAND FORKS UNIV. (NWS) ND CLIMATE SUMMARY FOR JUNE 29 2015...

CLIMATE NORMAL PERIOD 1981 TO 2010
CLIMATE RECORD PERIOD 1890 TO 2015


WEATHER ITEM   OBSERVED TIME   RECORD YEAR NORMAL DEPARTURE LAST
                VALUE   (LST)  VALUE       VALUE  FROM      YEAR
                                                  NORMAL
..................................................................
TEMPERATURE (F)
 YESTERDAY
  MAXIMUM         78        MM  98    1931  79     -1       76
  MINIMUM         62        MM  35    1943  57      5       62
  AVERAGE         70                        68      2       69

PRECIPITATION (IN)
  YESTERDAY        0.00          3.80 1909   0.13  -0.13     0.01
  MONTH TO DATE    2.32                      3.62  -1.30     6.63
  SINCE JUN 1      2.32                      3.62  -1.30     6.63
  SINCE JAN 1      8.22                      9.67  -1.45    13.62

SNOWFALL (IN)
  YESTERDAY        0.0           0.0    MM   0.0    0.0      0.0
  MONTH TO DATE    0.1                       0.0    0.1      0.0
  SINCE JUN 1      0.1                       0.0    0.1      0.0
  SINCE JUL 1     19.4                      43.4  -24.0     60.3
  SNOW DEPTH       0

DEGREE DAYS
 HEATING
  YESTERDAY        0                         1     -1        0
  MONTH TO DATE   46                        81    -35       52
  SINCE JUN 1     46                        81    -35       52
  SINCE JUL 1   8845                      9206   -361    10423

 COOLING
  YESTERDAY        5                         5      0        4
  MONTH TO DATE   97                        86     11       62
  SINCE JUN 1     97                        86     11       62
  SINCE JAN 1    108                       112     -4      117
..................................................................


WIND (MPH)
  RESULTANT WIND SPEED  MM   RESULTANT WIND DIRECTION  MM
  HIGHEST WIND SPEED    MM   HIGHEST WIND DIRECTION    MM
  HIGHEST GUST SPEED    MM   HIGHEST GUST DIRECTION    MM
  AVERAGE WIND SPEED    MM


SKY COVER
  POSSIBLE SUNSHINE  MM
  AVERAGE SKY COVER  MM


WEATHER CONDITIONS
 THE FOLLOWING WEATHER WAS RECORDED YESTERDAY.
  NO SIGNIFICANT WEATHER WAS OBSERVED.


RELATIVE HUMIDITY (PERCENT)
 HIGHEST    MM
 LOWEST     MM
 AVERAGE    MM

..........................................................


THE GRAND FORKS UNIV. (NWS) ND CLIMATE NORMALS FOR TODAY
                         NORMAL    RECORD    YEAR
 MAXIMUM TEMPERATURE (F)   80       100      1921
 MINIMUM TEMPERATURE (F)   58        41      1965


SUNRISE AND SUNSET
JUNE 30 2015..........SUNRISE   533 AM CDT   SUNSET   931 PM CDT
JULY  1 2015..........SUNRISE   533 AM CDT   SUNSET   931 PM CDT


-  INDICATES NEGATIVE NUMBERS.
R  INDICATES RECORD WAS SET OR TIED.
MM INDICATES DATA IS MISSING.
T  INDICATES TRACE AMOUNT.




$$
