011
CDUS43 KFGF 070639
CLIFGF


CLIMATE REPORT
NATIONAL WEATHER SERVICE EASTERN NORTH DAKOTA/GRAND FORKS
1237 AM CST SUN FEB 7 2016


...................................

...THE GRAND FORKS UNIV. (NWS) ND CLIMATE SUMMARY FOR FEBRUARY 6 2016...

CLIMATE NORMAL PERIOD 1981 TO 2010
CLIMATE RECORD PERIOD 1890 TO 2016


WEATHER ITEM   OBSERVED TIME   RECORD YEAR NORMAL DEPARTURE LAST
                VALUE   (LST)  VALUE       VALUE  FROM      YEAR
                                                  NORMAL
..................................................................
TEMPERATURE (F)
 YESTERDAY
  MAXIMUM         41        MM  46    2002  20     21       18
                                      1925
  MINIMUM         19        MM -40    1936   1     18       12
  AVERAGE         30                        11     19       15

PRECIPITATION (IN)
  YESTERDAY        0.00          0.25   MM   0.01  -0.01      T
  MONTH TO DATE    0.10                      0.10   0.00     0.01
  SINCE DEC 1      1.52                      1.46   0.06     0.41
  SINCE JAN 1      0.40                      0.81  -0.41     0.28

SNOWFALL (IN)
  YESTERDAY        0.0           3.0    MM   0.2   -0.2      0.1
  MONTH TO DATE    0.9                       1.5   -0.6      0.3
  SINCE DEC 1     20.4                      22.8   -2.4      8.1
  SINCE JUL 1     23.8                      29.9   -6.1     11.9
  SNOW DEPTH       4

DEGREE DAYS
 HEATING
  YESTERDAY       35                        54    -19       50
  MONTH TO DATE  255                       330    -75      349
  SINCE DEC 1   3292                      3754   -462     3390
  SINCE JUL 1   4901                      5848   -947     5510

 COOLING
  YESTERDAY        0                         0      0        0
  MONTH TO DATE    0                         0      0        0
  SINCE DEC 1      0                         0      0        0
  SINCE JAN 1      0                         0      0        0
..................................................................


WIND (MPH)
  RESULTANT WIND SPEED  MM   RESULTANT WIND DIRECTION  MM
  HIGHEST WIND SPEED    MM   HIGHEST WIND DIRECTION    MM
  HIGHEST GUST SPEED    MM   HIGHEST GUST DIRECTION    MM
  AVERAGE WIND SPEED    MM


SKY COVER
  POSSIBLE SUNSHINE  MM
  AVERAGE SKY COVER  MM


WEATHER CONDITIONS
 THE FOLLOWING WEATHER WAS RECORDED YESTERDAY.
  NO SIGNIFICANT WEATHER WAS OBSERVED.


RELATIVE HUMIDITY (PERCENT)
 HIGHEST    MM
 LOWEST     MM
 AVERAGE    MM

..........................................................


THE GRAND FORKS UNIV. (NWS) ND CLIMATE NORMALS FOR TODAY
                         NORMAL    RECORD    YEAR
 MAXIMUM TEMPERATURE (F)   20        53      1991
 MINIMUM TEMPERATURE (F)    2       -38      1936


SUNRISE AND SUNSET
FEBRUARY  7 2016......SUNRISE   748 AM CST   SUNSET   538 PM CST
FEBRUARY  8 2016......SUNRISE   746 AM CST   SUNSET   539 PM CST


-  INDICATES NEGATIVE NUMBERS.
R  INDICATES RECORD WAS SET OR TIED.
MM INDICATES DATA IS MISSING.
T  INDICATES TRACE AMOUNT.




$$
