000
CDUS45 KFGZ 180711
CLIFLG
CLIMATE REPORT
NATIONAL WEATHER SERVICE FLAGSTAFF, AZ
1210 AM MST THU JAN 18 2018


...................................

...THE FLAGSTAFF AZ AIRPORT CLIMATE SUMMARY FOR JANUARY 17 2018...

CLIMATE NORMAL PERIOD 1981 TO 2010
CLIMATE RECORD PERIOD 1898 TO 2018


WEATHER ITEM   OBSERVED TIME   RECORD YEAR NORMAL DEPARTURE LAST
                VALUE   (LST)  VALUE       VALUE  FROM      YEAR
                                                  NORMAL
..................................................................
TEMPERATURE (F)
 YESTERDAY
  MAXIMUM         50    309 PM  62    1971  43      7       39
  MINIMUM         19    752 AM -13    1987  17      2       24
  AVERAGE         35                        30      5

PRECIPITATION (IN)
  YESTERDAY        0.00          1.83 1979   0.07  -0.07     0.00
  MONTH TO DATE    1.19                      1.19   0.00     2.15
  SINCE SEP 1      1.62                      8.86  -7.24    10.76
  SINCE JAN 1      1.19                      1.19   0.00     2.15

SNOWFALL (IN)
  YESTERDAY        0.0          14.7  1988   0.8             0.0
  MONTH TO DATE    4.7                      12.4             6.6
  SINCE JUL 1      4.7                      41.5            27.1
  SNOW DEPTH       0

DEGREE DAYS
 HEATING
  YESTERDAY       30                        35     -5       33
  MONTH TO DATE  470                       601   -131      545
  SINCE JUL 1   2767                      3429   -662     3108

 COOLING
  YESTERDAY        0                         0      0        0
  MONTH TO DATE    0                         0      0        0
  SINCE JAN 1      0                         0      0        0
..................................................................


WIND (MPH)
  HIGHEST WIND SPEED    17   HIGHEST WIND DIRECTION    NE (60)
  HIGHEST GUST SPEED    22   HIGHEST GUST DIRECTION     E (70)
  AVERAGE WIND SPEED     4.2


SKY COVER
  POSSIBLE SUNSHINE  MM
  AVERAGE SKY COVER 0.0


WEATHER CONDITIONS
 THE FOLLOWING WEATHER WAS RECORDED YESTERDAY.
  NO SIGNIFICANT WEATHER WAS OBSERVED.


RELATIVE HUMIDITY (PERCENT)
 HIGHEST    92           400 AM
 LOWEST     29           100 PM
 AVERAGE    61

..........................................................


THE FLAGSTAFF AZ AIRPORT CLIMATE NORMALS FOR TODAY
                         NORMAL    RECORD    YEAR
 MAXIMUM TEMPERATURE (F)   43        64      1971
 MINIMUM TEMPERATURE (F)   17        -8      1995


SUNRISE AND SUNSET
JANUARY 18 2018.......SUNRISE   733 AM MST   SUNSET   541 PM MST
JANUARY 19 2018.......SUNRISE   733 AM MST   SUNSET   542 PM MST


-  INDICATES NEGATIVE NUMBERS.
R  INDICATES RECORD WAS SET OR TIED.
MM INDICATES DATA IS MISSING.
T  INDICATES TRACE AMOUNT.




$$
&&

-------------------------------------------------------------------
SNOW DEPTH DATA FOR FLAGSTAFF AIRPORT IS REPORTED AT 5 AM MST


-------------------------------------------------------------------
SUPPLEMENTARY CLIMATE DATA FOR NWS BELLEMONT, ARIZONA

SNOW DEPTH (IN) AT 11 AM...................................0.0
WATER EQUIVALENT OF SNOW PACK (IN) AT 11 AM*...............NA
* ONLY MEASURED IF SNOW DEPTH IS 2.0 INCHES OR GREATER
-------------------------------------------------------------------
