000
CDUS45 KFGZ 300813
CLIFLG
CLIMATE REPORT
NATIONAL WEATHER SERVICE FLAGSTAFF, AZ
112 AM MST FRI JAN 30 2015


...................................

...THE FLAGSTAFF AZ AIRPORT CLIMATE SUMMARY FOR JANUARY 29 2015...

CLIMATE NORMAL PERIOD 1981 TO 2010
CLIMATE RECORD PERIOD 1898 TO 2015


WEATHER ITEM   OBSERVED TIME   RECORD YEAR NORMAL DEPARTURE LAST
                VALUE   (LST)  VALUE       VALUE  FROM      YEAR
                                                  NORMAL
..................................................................
TEMPERATURE (F)
 YESTERDAY
  MAXIMUM         50    239 PM  60    2014  43      7       60
                                      1986
  MINIMUM         31    539 AM -12    1932  18     13       17
  AVERAGE         41                        30     11

PRECIPITATION (IN)
  YESTERDAY        0.29          2.05 1915   0.06   0.23     0.00
  MONTH TO DATE    1.38                      1.91  -0.53     0.00
  SINCE SEP 1      9.21                      9.58  -0.37     7.11
  SINCE JAN 1      1.38                      1.91  -0.53     0.00

SNOWFALL (IN)
  YESTERDAY        0.0          18.0  1915   0.8             0.0
  MONTH TO DATE   10.7                      21.6             0.0
  SINCE JUL 1     29.7                      50.7            29.9
  SNOW DEPTH      MM

DEGREE DAYS
 HEATING
  YESTERDAY       24                        35    -11       26
  MONTH TO DATE  901                      1021   -120      850
  SINCE JUL 1   3296                      3849   -553     3763

 COOLING
  YESTERDAY        0                         0      0        0
  MONTH TO DATE    0                         0      0        0
  SINCE JAN 1      0                         0      0        0
..................................................................


WIND (MPH)
  HIGHEST WIND SPEED    14   HIGHEST WIND DIRECTION    NE (40)
  HIGHEST GUST SPEED    18   HIGHEST GUST DIRECTION    NE (60)
  AVERAGE WIND SPEED     5.2


SKY COVER
  POSSIBLE SUNSHINE  MM
  AVERAGE SKY COVER 0.7


WEATHER CONDITIONS
 THE FOLLOWING WEATHER WAS RECORDED YESTERDAY.
  LIGHT RAIN
  FOG


RELATIVE HUMIDITY (PERCENT)
 HIGHEST   100          1000 PM
 LOWEST     50           200 PM
 AVERAGE    75

..........................................................


THE FLAGSTAFF AZ AIRPORT CLIMATE NORMALS FOR TODAY
                         NORMAL    RECORD    YEAR
 MAXIMUM TEMPERATURE (F)   43        66      1971
 MINIMUM TEMPERATURE (F)   18       -19      1979


SUNRISE AND SUNSET
JANUARY 30 2015.......SUNRISE   727 AM MST   SUNSET   553 PM MST
JANUARY 31 2015.......SUNRISE   727 AM MST   SUNSET   554 PM MST


-  INDICATES NEGATIVE NUMBERS.
R  INDICATES RECORD WAS SET OR TIED.
MM INDICATES DATA IS MISSING.
T  INDICATES TRACE AMOUNT.




$$


&&

-------------------------------------------------------------------
SNOW DEPTH DATA FOR FLAGSTAFF AIRPORT IS REPORTED AT 5 AM MST


-------------------------------------------------------------------
SUPPLEMENTARY CLIMATE DATA FOR NWS BELLEMONT, ARIZONA

SNOW DEPTH (IN) AT 11 AM........................................0
WATER EQUIVALENT OF SNOW PACK (IN) AT 11 AM*....................
* ONLY MEASURED IF SNOW DEPTH IS 2.0 INCHES OR GREATER
-------------------------------------------------------------------
