000
CDUS45 KFGZ 070056
CLIFLG
CLIMATE REPORT
NATIONAL WEATHER SERVICE FLAGSTAFF, AZ
555 PM MST FRI MAR 6 2015


...................................

...THE FLAGSTAFF AZ AIRPORT CLIMATE SUMMARY FOR MARCH 6 2015...
VALID TODAY AS OF 0500 PM LOCAL TIME.

CLIMATE NORMAL PERIOD 1981 TO 2010
CLIMATE RECORD PERIOD 1898 TO 2015


WEATHER ITEM   OBSERVED TIME   RECORD YEAR NORMAL DEPARTURE LAST
                VALUE   (LST)  VALUE       VALUE  FROM      YEAR
                                                  NORMAL
..................................................................
TEMPERATURE (F)
 TODAY
  MAXIMUM         47    226 PM  68    1910  48     -1       56
  MINIMUM         18    127 AM  -2    1935  22     -4       25
  AVERAGE         33                        35     -2       41

PRECIPITATION (IN)
  TODAY            0.00          0.85 2000   0.07  -0.07     0.00
  MONTH TO DATE    3.69                      0.46   3.23     1.13
  SINCE SEP 1     15.83                     12.34   3.49     8.84
  SINCE JAN 1      8.00                      4.67   3.33     1.73

SNOWFALL (IN)
  TODAY            0.0           4.4  1980   0.8   -0.8      0.0
  MONTH TO DATE   17.3                       4.5   12.8      1.1
  SINCE SEP 1     56.2                      77.7  -21.5     34.6
  SNOW DEPTH       5

DEGREE DAYS
 HEATING
  TODAY           32                        30      2       24
  MONTH TO DATE  209                       181     28      152
  SINCE JUL 1   4259                      5020   -761     4753

 COOLING
  TODAY            0                         0      0        0
  MONTH TO DATE    0                         0      0        0
  SINCE JAN 1      0                         0      0        0
..................................................................


WIND (MPH)
  HIGHEST WIND SPEED    25   HIGHEST WIND DIRECTION    NE (40)
  HIGHEST GUST SPEED    31   HIGHEST GUST DIRECTION    NE (40)
  AVERAGE WIND SPEED    10.8


SKY COVER
  POSSIBLE SUNSHINE  MM
  AVERAGE SKY COVER 0.0


WEATHER CONDITIONS
 THE FOLLOWING WEATHER WAS RECORDED TODAY.
  NO SIGNIFICANT WEATHER WAS OBSERVED.


RELATIVE HUMIDITY (PERCENT)
 HIGHEST    67          1200 AM
 LOWEST     23           400 PM
 AVERAGE    45

..........................................................


THE FLAGSTAFF AZ AIRPORT CLIMATE NORMALS FOR TOMORROW
                         NORMAL    RECORD    YEAR
 MAXIMUM TEMPERATURE (F)   48        66      1972
                                             1910
 MINIMUM TEMPERATURE (F)   22        -1      1945


SUNRISE AND SUNSET
MARCH  6 2015.........SUNRISE   650 AM MST   SUNSET   627 PM MST
MARCH  7 2015.........SUNRISE   649 AM MST   SUNSET   627 PM MST


-  INDICATES NEGATIVE NUMBERS.
R  INDICATES RECORD WAS SET OR TIED.
MM INDICATES DATA IS MISSING.
T  INDICATES TRACE AMOUNT.




$$


&&

-------------------------------------------------------------------
SNOW DEPTH DATA FOR FLAGSTAFF AIRPORT IS REPORTED AT 5 AM MST


-------------------------------------------------------------------
SUPPLEMENTARY CLIMATE DATA FOR NWS BELLEMONT, ARIZONA

SNOW DEPTH (IN) AT 11 AM........................................ 6
WATER EQUIVALENT OF SNOW PACK (IN) AT 11 AM*...................2.3
* ONLY MEASURED IF SNOW DEPTH IS 2.0 INCHES OR GREATER
-------------------------------------------------------------------
