000
CDUS45 KFGZ 220802
CLIFLG
CLIMATE REPORT
NATIONAL WEATHER SERVICE FLAGSTAFF, AZ
100 AM MST WED OCT 22 2014


...................................

...THE FLAGSTAFF AZ AIRPORT CLIMATE SUMMARY FOR OCTOBER 21 2014...

CLIMATE NORMAL PERIOD 1981 TO 2010
CLIMATE RECORD PERIOD 1898 TO 2014


WEATHER ITEM   OBSERVED TIME   RECORD YEAR NORMAL DEPARTURE LAST
                VALUE   (LST)  VALUE       VALUE  FROM      YEAR
                                                  NORMAL
..................................................................
TEMPERATURE (F)
 YESTERDAY
  MAXIMUM         65    250 PM  75    2003  60      5       62
                                      1952
                                      1917
  MINIMUM         33    650 AM   5    1949  30      3       24
  AVERAGE         49                        45      4

PRECIPITATION (IN)
  YESTERDAY        0.00          0.94 2004   0.04  -0.04     0.00
  MONTH TO DATE    0.69                      1.15  -0.46     0.18
  SINCE SEP 1      3.79                      3.53   0.26     3.43
  SINCE JAN 1     16.63                     17.72  -1.09    21.11

SNOWFALL (IN)
  YESTERDAY        0.0           5.5  2004   0.0             0.0
  MONTH TO DATE    0.0                       0.6             0.6
  SINCE JUL 1      0.0                       0.6             0.6
  SNOW DEPTH       0

DEGREE DAYS
 HEATING
  YESTERDAY       16                        20     -4       22
  MONTH TO DATE  273                       349    -76      429
  SINCE JUL 1    525                       666   -141      723

 COOLING
  YESTERDAY        0                         0      0        0
  MONTH TO DATE    0                         0      0        0
  SINCE JAN 1    109                       117     -8      148
..................................................................


WIND (MPH)
  HIGHEST WIND SPEED    17   HIGHEST WIND DIRECTION    SW (220)
  HIGHEST GUST SPEED    23   HIGHEST GUST DIRECTION    SW (210)
  AVERAGE WIND SPEED     3.9


SKY COVER
  POSSIBLE SUNSHINE  MM
  AVERAGE SKY COVER 0.0


WEATHER CONDITIONS
 THE FOLLOWING WEATHER WAS RECORDED YESTERDAY.
  NO SIGNIFICANT WEATHER WAS OBSERVED.


RELATIVE HUMIDITY (PERCENT)
 HIGHEST    96           500 AM
 LOWEST     34           100 PM
 AVERAGE    65

..........................................................


THE FLAGSTAFF AZ AIRPORT CLIMATE NORMALS FOR TODAY
                         NORMAL    RECORD    YEAR
 MAXIMUM TEMPERATURE (F)   60        76      2003
 MINIMUM TEMPERATURE (F)   30         9      1906


SUNRISE AND SUNSET
OCTOBER 22 2014.......SUNRISE   639 AM MST   SUNSET   543 PM MST
OCTOBER 23 2014.......SUNRISE   640 AM MST   SUNSET   542 PM MST


-  INDICATES NEGATIVE NUMBERS.
R  INDICATES RECORD WAS SET OR TIED.
MM INDICATES DATA IS MISSING.
T  INDICATES TRACE AMOUNT.




$$


&&

-------------------------------------------------------------------
SNOW DEPTH DATA FOR FLAGSTAFF AIRPORT IS REPORTED AT 5 AM MST


-------------------------------------------------------------------
SUPPLEMENTARY CLIMATE DATA FOR NWS BELLEMONT, ARIZONA

SNOW DEPTH (IN) AT 11 AM..........................................0
WATER EQUIVALENT OF SNOW PACK (IN) AT 11 AM*......................0
* ONLY MEASURED IF SNOW DEPTH IS 2.0 INCHES OR GREATER
-------------------------------------------------------------------
