000
CDUS45 KFGZ 280830
CLIFLG
CLIMATE REPORT
NATIONAL WEATHER SERVICE FLAGSTAFF, AZ
121 AM MST THU MAY 28 2015


...................................

...THE FLAGSTAFF AZ AIRPORT CLIMATE SUMMARY FOR MAY 27 2015...

CLIMATE NORMAL PERIOD 1981 TO 2010
CLIMATE RECORD PERIOD 1898 TO 2015


WEATHER ITEM   OBSERVED TIME   RECORD YEAR NORMAL DEPARTURE LAST
                VALUE   (LST)  VALUE       VALUE  FROM      YEAR
                                                  NORMAL
..................................................................
TEMPERATURE (F)
 YESTERDAY
  MAXIMUM         67    515 PM  87    1974  72     -5       82
  MINIMUM         37    540 AM  23    1916  37      0       43
  AVERAGE         52                        54     -2

PRECIPITATION (IN)
  YESTERDAY        0.00          0.68 1901   0.02  -0.02     0.00
  MONTH TO DATE    1.80                      0.55   1.25     0.05
  SINCE SEP 1     18.76                     15.70   3.06    10.25
  SINCE JAN 1     10.93                      8.03   2.90     3.14

SNOWFALL (IN)
  YESTERDAY        0.0           0.8  1962   0.0             0.0
  MONTH TO DATE    5.9                       0.7             0.4
  SINCE JUL 1     62.9                     101.7            44.4
  SNOW DEPTH       0

DEGREE DAYS
 HEATING
  YESTERDAY       13                        11      2        2
  MONTH TO DATE  504                       376    128      397
  SINCE JUL 1   5904                      6732   -828     6398

 COOLING
  YESTERDAY        0                         0      0        0
  MONTH TO DATE    0                         0      0        0
  SINCE JAN 1      0                         0      0        0
..................................................................


WIND (MPH)
  HIGHEST WIND SPEED    20   HIGHEST WIND DIRECTION    SW (230)
  HIGHEST GUST SPEED    23   HIGHEST GUST DIRECTION    SW (220)
  AVERAGE WIND SPEED     5.8


SKY COVER
  POSSIBLE SUNSHINE  MM
  AVERAGE SKY COVER 0.0


WEATHER CONDITIONS
 THE FOLLOWING WEATHER WAS RECORDED YESTERDAY.
  NO SIGNIFICANT WEATHER WAS OBSERVED.


RELATIVE HUMIDITY (PERCENT)
 HIGHEST    79           500 AM
 LOWEST     20           200 PM
 AVERAGE    50

..........................................................


THE FLAGSTAFF AZ AIRPORT CLIMATE NORMALS FOR TODAY
                         NORMAL    RECORD    YEAR
 MAXIMUM TEMPERATURE (F)   72        86      2000
                                             1958
 MINIMUM TEMPERATURE (F)   37        24      1929


SUNRISE AND SUNSET
MAY 28 2015...........SUNRISE   515 AM MST   SUNSET   733 PM MST
MAY 29 2015...........SUNRISE   515 AM MST   SUNSET   734 PM MST


-  INDICATES NEGATIVE NUMBERS.
R  INDICATES RECORD WAS SET OR TIED.
MM INDICATES DATA IS MISSING.
T  INDICATES TRACE AMOUNT.




$$
&&

-------------------------------------------------------------------
SNOW DEPTH DATA FOR FLAGSTAFF AIRPORT IS REPORTED AT 5 AM MST


-------------------------------------------------------------------
SUPPLEMENTARY CLIMATE DATA FOR NWS BELLEMONT, ARIZONA

SNOW DEPTH (IN) AT 11 AM........................................ 0
WATER EQUIVALENT OF SNOW PACK (IN) AT 11 AM*.....................
* ONLY MEASURED IF SNOW DEPTH IS 2.0 INCHES OR GREATER
-------------------------------------------------------------------
