000
CDUS42 KMFL 230927
CLIFLL


CLIMATE REPORT
NATIONAL WEATHER SERVICE MIAMI, FL
426 AM EST FRI FEB 23 2018


...................................

...THE FORT LAUDERDALE CLIMATE SUMMARY FOR FEBRUARY 22 2018...

CLIMATE NORMAL PERIOD 1981 TO 2010
CLIMATE RECORD PERIOD 1912 TO 2018


WEATHER ITEM   OBSERVED TIME   RECORD YEAR NORMAL DEPARTURE LAST
                VALUE   (LST)  VALUE       VALUE  FROM      YEAR
                                                  NORMAL
..................................................................
TEMPERATURE (F)
 YESTERDAY
  MAXIMUM         82    114 PM  87    2011  78      4       76
  MINIMUM         73    457 AM  40    1973  65      8       65
  AVERAGE         78                        71      7       71

PRECIPITATION (IN)
  YESTERDAY        T             1.40 2017   0.09  -0.09     1.40
  MONTH TO DATE    0.30                      2.39  -2.09     1.53
  SINCE NOV 1      9.25                     11.72  -2.47     7.87
  SINCE JAN 1      2.62                      6.02  -3.40     3.24

SNOWFALL (IN)
  YESTERDAY        0.0
  MONTH TO DATE    0.0
  SINCE DEC 1      0.0
  SINCE JUL 1      0.0
  SNOW DEPTH       0

DEGREE DAYS
 HEATING
  YESTERDAY        0                         1     -1        0
  MONTH TO DATE    0                        22    -22        0
  SINCE DEC 1    124                       100     24       29
  SINCE JUL 1    126                       102     24       29

 COOLING
  YESTERDAY       13                         7      6        6
  MONTH TO DATE  225                       145     80      179
  SINCE DEC 1    557                       531     26      735
  SINCE JAN 1    350                       315     35      392
..................................................................


WIND (MPH)
  HIGHEST WIND SPEED    23   HIGHEST WIND DIRECTION     E (110)
  HIGHEST GUST SPEED    26   HIGHEST GUST DIRECTION     E (90)
  AVERAGE WIND SPEED    16.7


SKY COVER
  AVERAGE SKY COVER 0.6


WEATHER CONDITIONS
 THE FOLLOWING WEATHER WAS RECORDED YESTERDAY.
  NO SIGNIFICANT WEATHER WAS OBSERVED.


RELATIVE HUMIDITY (PERCENT)
 HIGHEST    93
 LOWEST     65
 AVERAGE    79

..........................................................


THE FORT LAUDERDALE CLIMATE NORMALS FOR TODAY
                         NORMAL    RECORD    YEAR
 MAXIMUM TEMPERATURE (F)   78        89      2008
 MINIMUM TEMPERATURE (F)   65        42      1978


SUNRISE AND SUNSET
FEBRUARY 23 2018......SUNRISE   649 AM EST   SUNSET   619 PM EST
FEBRUARY 24 2018......SUNRISE   649 AM EST   SUNSET   619 PM EST


-  INDICATES NEGATIVE NUMBERS.
R  INDICATES RECORD WAS SET OR TIED.
MM INDICATES DATA IS MISSING.
T  INDICATES TRACE AMOUNT.




$$
