000
CDUS42 KMFL 240822
CLIFLL


CLIMATE REPORT
NATIONAL WEATHER SERVICE MIAMI, FL
421 AM EDT FRI OCT 24 2014


...................................

...THE FORT LAUDERDALE CLIMATE SUMMARY FOR OCTOBER 23 2014...

CLIMATE NORMAL PERIOD 1981 TO 2010
CLIMATE RECORD PERIOD 1839 TO 2014


WEATHER ITEM   OBSERVED TIME   RECORD YEAR NORMAL DEPARTURE LAST
                VALUE   (LST)  VALUE       VALUE  FROM      YEAR
                                                  NORMAL
..................................................................
TEMPERATURE (F)
 YESTERDAY
  MAXIMUM         80   1045 AM  92    2006  85     -5       88
  MINIMUM         75    455 PM  52    1841  74      1       76
  AVERAGE         78                        80     -2       82

PRECIPITATION (IN)
  YESTERDAY        0.18          4.00 1921   0.17   0.01     0.47
  MONTH TO DATE    2.28                      5.47  -3.19     3.56
  SINCE JUN 1     35.65                     37.64  -1.99    39.54
  SINCE JAN 1     56.25                     55.13   1.12    64.32

SNOWFALL (IN)
  YESTERDAY        0.0
  MONTH TO DATE    0.0
  SINCE SEP 1      0.0
  SINCE JUL 1      0.0
  SNOW DEPTH       0

DEGREE DAYS
 HEATING
  YESTERDAY        0                         0      0        0
  MONTH TO DATE    0                         0      0        0
  SINCE SEP 1      0                         0      0        0
  SINCE JUL 1      0                         0      0        0

 COOLING
  YESTERDAY       13                        14     -1       17
  MONTH TO DATE  380                       372      8      363
  SINCE SEP 1    935                       918     17      876
  SINCE JAN 1   4245                      4084    161     3923
..................................................................


WIND (MPH)
  HIGHEST WIND SPEED    18   HIGHEST WIND DIRECTION    NE (50)
  HIGHEST GUST SPEED    25   HIGHEST GUST DIRECTION    NE (50)
  AVERAGE WIND SPEED     9.3


SKY COVER
  AVERAGE SKY COVER 0.9


WEATHER CONDITIONS
 THE FOLLOWING WEATHER WAS RECORDED YESTERDAY.
  HEAVY RAIN
  RAIN
  LIGHT RAIN
  FOG


RELATIVE HUMIDITY (PERCENT)
 HIGHEST    94
 LOWEST     71
 AVERAGE    83

..........................................................


THE FORT LAUDERDALE CLIMATE NORMALS FOR TODAY
                         NORMAL    RECORD    YEAR
 MAXIMUM TEMPERATURE (F)   85        91      1922
 MINIMUM TEMPERATURE (F)   74        44      1923


SUNRISE AND SUNSET
OCTOBER 24 2014.......SUNRISE   724 AM EDT   SUNSET   645 PM EDT
OCTOBER 25 2014.......SUNRISE   725 AM EDT   SUNSET   644 PM EDT


-  INDICATES NEGATIVE NUMBERS.
R  INDICATES RECORD WAS SET OR TIED.
MM INDICATES DATA IS MISSING.
T  INDICATES TRACE AMOUNT.




$$
