000
CDUS42 KMFL 282030
CLIFLL


CLIMATE REPORT
NATIONAL WEATHER SERVICE MIAMI, FL
429 PM EDT THU MAY 28 2015


...................................

...THE FORT LAUDERDALE CLIMATE SUMMARY FOR MAY 28 2015...
VALID TODAY AS OF 0400 PM LOCAL TIME.

CLIMATE NORMAL PERIOD 1981 TO 2010
CLIMATE RECORD PERIOD 1839 TO 2015


WEATHER ITEM   OBSERVED TIME   RECORD YEAR NORMAL DEPARTURE LAST
                VALUE   (LST)  VALUE       VALUE  FROM      YEAR
                                                  NORMAL
..................................................................
TEMPERATURE (F)
 TODAY
  MAXIMUM         85    103 PM  96    1967  88     -3       87
  MINIMUM         77    619 AM  63    1928  76      1       77
  AVERAGE         81                        82     -1       82

PRECIPITATION (IN)
  TODAY            0.00          3.90 1998   0.23  -0.23      T
  MONTH TO DATE    1.94                      3.98  -2.04     6.37
  SINCE NOV 1     19.13                     22.52  -3.39    30.88
  SINCE JAN 1     14.02                     16.82  -2.80    18.76

SNOWFALL (IN)
  TODAY            0.0
  MONTH TO DATE    0.0
  SINCE MAR 1      0.0
  SINCE JUL 1      0.0
  SNOW DEPTH       0

DEGREE DAYS
 HEATING
  TODAY            0                         0      0        0
  MONTH TO DATE    0                         0      0        0
  SINCE MAR 1      0                        10    -10        1
  SINCE JUL 1     97                       112    -15       81

 COOLING
  TODAY           16                        17     -1       17
  MONTH TO DATE  426                       420      6      437
  SINCE MAR 1   1206                      1011    195     1101
  SINCE JAN 1   1487                      1367    120     1489
..................................................................


WIND (MPH)
  HIGHEST WIND SPEED    21   HIGHEST WIND DIRECTION     E (80)
  HIGHEST GUST SPEED    27   HIGHEST GUST DIRECTION     E (80)
  AVERAGE WIND SPEED    14.3


SKY COVER
  AVERAGE SKY COVER 0.6


WEATHER CONDITIONS
 THE FOLLOWING WEATHER WAS RECORDED TODAY.
  NO SIGNIFICANT WEATHER WAS OBSERVED.


RELATIVE HUMIDITY (PERCENT)
 HIGHEST    65
 LOWEST     55
 AVERAGE    60

..........................................................


THE FORT LAUDERDALE CLIMATE NORMALS FOR TOMORROW
                         NORMAL    RECORD    YEAR
 MAXIMUM TEMPERATURE (F)   88        95      1915
 MINIMUM TEMPERATURE (F)   76        57      1934


SUNRISE AND SUNSET
MAY 28 2015...........SUNRISE   629 AM EDT   SUNSET   806 PM EDT
MAY 29 2015...........SUNRISE   629 AM EDT   SUNSET   807 PM EDT


-  INDICATES NEGATIVE NUMBERS.
R  INDICATES RECORD WAS SET OR TIED.
MM INDICATES DATA IS MISSING.
T  INDICATES TRACE AMOUNT.




$$
