000
CDUS42 KMFL 272017
CLIFLL


CLIMATE REPORT
NATIONAL WEATHER SERVICE MIAMI, FL
416 PM EDT THU JUL 27 2017


...................................

...THE FORT LAUDERDALE CLIMATE SUMMARY FOR JULY 27 2017...
VALID TODAY AS OF 0400 PM LOCAL TIME.

CLIMATE NORMAL PERIOD 1981 TO 2010
CLIMATE RECORD PERIOD 1912 TO 2017


WEATHER ITEM   OBSERVED TIME   RECORD YEAR NORMAL DEPARTURE LAST
                VALUE   (LST)  VALUE       VALUE  FROM      YEAR
                                                  NORMAL
..................................................................
TEMPERATURE (F)
 TODAY
  MAXIMUM         91        MM  95    1983  91      0       90
                                      1922
  MINIMUM         81        MM  69    1928  79      2       78
  AVERAGE         86                        85      1       84

PRECIPITATION (IN)
  TODAY            T             2.48 1995   0.18  -0.18     0.00
  MONTH TO DATE    3.98                      5.27  -1.29     2.04
  SINCE JUN 1     15.76                     15.43   0.33    11.09
  SINCE JAN 1     27.36                     32.92  -5.56    30.04

SNOWFALL (IN)
  TODAY            0.0
  MONTH TO DATE    0.0
  SINCE JUN 1      0.0
  SINCE JUL 1      0.0
  SNOW DEPTH       0

DEGREE DAYS
 HEATING
  TODAY            0                         0      0        0
  MONTH TO DATE    0                         0      0        0
  SINCE JUN 1      0                         0      0        0
  SINCE JUL 1      0                         0      0        0

 COOLING
  TODAY           21                        20      1       19
  MONTH TO DATE  530                       521      9      549
  SINCE JUN 1   1063                      1064     -1     1110
  SINCE JAN 1   2640                      2482    158     2524
..................................................................


WIND (MPH)
  HIGHEST WIND SPEED    38   HIGHEST WIND DIRECTION    SE (120)
  HIGHEST GUST SPEED    20   HIGHEST GUST DIRECTION    SE (120)
  AVERAGE WIND SPEED    10.6


SKY COVER
  AVERAGE SKY COVER 0.3


WEATHER CONDITIONS
 THE FOLLOWING WEATHER WAS RECORDED TODAY.
  LIGHT RAIN


RELATIVE HUMIDITY (PERCENT)
 HIGHEST    80
 LOWEST     59
 AVERAGE    70

..........................................................


THE FORT LAUDERDALE CLIMATE NORMALS FOR TOMORROW
                         NORMAL    RECORD    YEAR
 MAXIMUM TEMPERATURE (F)   91        96      1980
                                             1936
                                             1925
 MINIMUM TEMPERATURE (F)   79        69      1946
                                             1924
                                             1917


SUNRISE AND SUNSET
JULY 27 2017..........SUNRISE   644 AM EDT   SUNSET   810 PM EDT
JULY 28 2017..........SUNRISE   645 AM EDT   SUNSET   809 PM EDT


-  INDICATES NEGATIVE NUMBERS.
R  INDICATES RECORD WAS SET OR TIED.
MM INDICATES DATA IS MISSING.
T  INDICATES TRACE AMOUNT.




$$
