000
CDUS42 KMFL 250935
CLIFLL


CLIMATE REPORT
NATIONAL WEATHER SERVICE MIAMI, FL
435 AM EST THU DEC 25 2014


...................................

...THE FORT LAUDERDALE CLIMATE SUMMARY FOR DECEMBER 24 2014...

CLIMATE NORMAL PERIOD 1981 TO 2010
CLIMATE RECORD PERIOD 1839 TO 2014


WEATHER ITEM   OBSERVED TIME   RECORD YEAR NORMAL DEPARTURE LAST
                VALUE   (LST)  VALUE       VALUE  FROM      YEAR
                                                  NORMAL
..................................................................
TEMPERATURE (F)
 YESTERDAY
  MAXIMUM         82    252 PM  86    1956  77      5       84
  MINIMUM         75    753 AM  30    1989  63     12       67
  AVERAGE         79                        70      9       76

PRECIPITATION (IN)
  YESTERDAY        0.03          2.70 1957   0.08  -0.05      T
  MONTH TO DATE    1.76                      2.07  -0.31     1.13
  SINCE NOV 1      4.68                      5.31  -0.63    12.05
  SINCE JAN 1     61.12                     61.79  -0.67    76.38

SNOWFALL (IN)
  YESTERDAY        0.0
  MONTH TO DATE    0.0
  SINCE DEC 1      0.0
  SINCE JUL 1      0.0
  SNOW DEPTH       0

DEGREE DAYS
 HEATING
  YESTERDAY        0                         1     -1        0
  MONTH TO DATE   16                        19     -3        0
  SINCE DEC 1     16                        19     -3        0
  SINCE JUL 1     26                        21      5        4

 COOLING
  YESTERDAY       14                         6      8       11
  MONTH TO DATE  152                       176    -24      221
  SINCE DEC 1    152                       176    -24      221
  SINCE JAN 1   4753                      4689     64     4573
..................................................................


WIND (MPH)
  HIGHEST WIND SPEED    18   HIGHEST WIND DIRECTION     S (170)
  HIGHEST GUST SPEED    25   HIGHEST GUST DIRECTION     S (170)
  AVERAGE WIND SPEED    12.3


SKY COVER
  AVERAGE SKY COVER 0.7


WEATHER CONDITIONS
 THE FOLLOWING WEATHER WAS RECORDED YESTERDAY.
  LIGHT RAIN
  FOG


RELATIVE HUMIDITY (PERCENT)
 HIGHEST    94
 LOWEST     69
 AVERAGE    82

..........................................................


THE FORT LAUDERDALE CLIMATE NORMALS FOR TODAY
                         NORMAL    RECORD    YEAR
 MAXIMUM TEMPERATURE (F)   77        89      1931
 MINIMUM TEMPERATURE (F)   62        29      1989


SUNRISE AND SUNSET
DECEMBER 25 2014......SUNRISE   705 AM EST   SUNSET   536 PM EST
DECEMBER 26 2014......SUNRISE   706 AM EST   SUNSET   537 PM EST


-  INDICATES NEGATIVE NUMBERS.
R  INDICATES RECORD WAS SET OR TIED.
MM INDICATES DATA IS MISSING.
T  INDICATES TRACE AMOUNT.




$$
