000
CDUS42 KMFL 280825
CLIFLL


CLIMATE REPORT
NATIONAL WEATHER SERVICE MIAMI, FL
425 AM EDT THU JUL 28 2016


...................................

...THE FORT LAUDERDALE CLIMATE SUMMARY FOR JULY 27 2016...

CLIMATE NORMAL PERIOD 1981 TO 2010
CLIMATE RECORD PERIOD 1912 TO 2016


WEATHER ITEM   OBSERVED TIME   RECORD YEAR NORMAL DEPARTURE LAST
                VALUE   (LST)  VALUE       VALUE  FROM      YEAR
                                                  NORMAL
..................................................................
TEMPERATURE (F)
 YESTERDAY
  MAXIMUM         90    153 PM  95    1983  91     -1       92
                                      1980
                                      1969
  MINIMUM         78    219 AM  69    1928  79     -1       78
  AVERAGE         84                        85     -1       85

PRECIPITATION (IN)
  YESTERDAY        0.00          2.48 1995   0.18  -0.18     0.01
  MONTH TO DATE    2.04                      5.27  -3.23     2.70
  SINCE JUN 1     11.09                     15.43  -4.34     3.79
  SINCE JAN 1     30.04                     32.92  -2.88    17.84

SNOWFALL (IN)
  YESTERDAY        0.0
  MONTH TO DATE    0.0
  SINCE JUN 1      0.0
  SINCE JUL 1      0.0
  SNOW DEPTH       0

DEGREE DAYS
 HEATING
  YESTERDAY        0                         0      0        0
  MONTH TO DATE    0                         0      0        0
  SINCE JUN 1      0                         0      0        0
  SINCE JUL 1      0                         0      0        0

 COOLING
  YESTERDAY       19                        20     -1       20
  MONTH TO DATE  549                       521     28      537
  SINCE JUN 1   1110                      1064     46     1099
  SINCE JAN 1   2524                      2482     42     2635
..................................................................


WIND (MPH)
  HIGHEST WIND SPEED    17   HIGHEST WIND DIRECTION    SE (130)
  HIGHEST GUST SPEED    23   HIGHEST GUST DIRECTION     E (100)
  AVERAGE WIND SPEED     9.4


SKY COVER
  AVERAGE SKY COVER 0.4


WEATHER CONDITIONS
 THE FOLLOWING WEATHER WAS RECORDED YESTERDAY.
  NO SIGNIFICANT WEATHER WAS OBSERVED.


RELATIVE HUMIDITY (PERCENT)
 HIGHEST    91
 LOWEST     64
 AVERAGE    78

..........................................................


THE FORT LAUDERDALE CLIMATE NORMALS FOR TODAY
                         NORMAL    RECORD    YEAR
 MAXIMUM TEMPERATURE (F)   91        96      1980
 MINIMUM TEMPERATURE (F)   79        69      1946
                                             1928
                                             1924


SUNRISE AND SUNSET
JULY 28 2016..........SUNRISE   645 AM EDT   SUNSET   809 PM EDT
JULY 29 2016..........SUNRISE   645 AM EDT   SUNSET   809 PM EDT


-  INDICATES NEGATIVE NUMBERS.
R  INDICATES RECORD WAS SET OR TIED.
MM INDICATES DATA IS MISSING.
T  INDICATES TRACE AMOUNT.




$$
