000
CDUS42 KMFL 070925
CLIFLL


CLIMATE REPORT
NATIONAL WEATHER SERVICE MIAMI, FL
425 AM EST SUN FEB 7 2016


...................................

...THE FORT LAUDERDALE CLIMATE SUMMARY FOR FEBRUARY 6 2016...

CLIMATE NORMAL PERIOD 1981 TO 2010
CLIMATE RECORD PERIOD 1912 TO 2016


WEATHER ITEM   OBSERVED TIME   RECORD YEAR NORMAL DEPARTURE LAST
                VALUE   (LST)  VALUE       VALUE  FROM      YEAR
                                                  NORMAL
..................................................................
TEMPERATURE (F)
 YESTERDAY
  MAXIMUM         79    147 PM  89    1943  77      2       74
  MINIMUM         61    644 AM  28    1917  63     -2       57
  AVERAGE         70                        70      0       66

PRECIPITATION (IN)
  YESTERDAY        0.20          1.17 1916   0.11   0.09     0.04
  MONTH TO DATE    1.52                      0.65   0.87     1.24
  SINCE NOV 1     20.15                      9.98  10.17     9.74
  SINCE JAN 1      8.93                      4.28   4.65     4.63

SNOWFALL (IN)
  YESTERDAY        0.0
  MONTH TO DATE    0.0
  SINCE DEC 1      0.0
  SINCE JUL 1      0.0
  SNOW DEPTH       0

DEGREE DAYS
 HEATING
  YESTERDAY        0                         1     -1        0
  MONTH TO DATE    0                         6     -6        0
  SINCE DEC 1     45                        84    -39       39
  SINCE JUL 1     45                        86    -41       49

 COOLING
  YESTERDAY        5                         6     -1        1
  MONTH TO DATE   51                        36     15       25
  SINCE DEC 1    572                       422    150      402
  SINCE JAN 1    175                       206    -31      190
..................................................................


WIND (MPH)
  HIGHEST WIND SPEED    20   HIGHEST WIND DIRECTION     W (280)
  HIGHEST GUST SPEED    24   HIGHEST GUST DIRECTION     W (270)
  AVERAGE WIND SPEED     8.1


SKY COVER
  AVERAGE SKY COVER 0.8


WEATHER CONDITIONS
 THE FOLLOWING WEATHER WAS RECORDED YESTERDAY.
  RAIN
  LIGHT RAIN
  FOG


RELATIVE HUMIDITY (PERCENT)
 HIGHEST    90
 LOWEST     62
 AVERAGE    76

..........................................................


THE FORT LAUDERDALE CLIMATE NORMALS FOR TODAY
                         NORMAL    RECORD    YEAR
 MAXIMUM TEMPERATURE (F)   77        88      1949
                                             1914
 MINIMUM TEMPERATURE (F)   64        39      1978


SUNRISE AND SUNSET
FEBRUARY  7 2016......SUNRISE   702 AM EST   SUNSET   608 PM EST
FEBRUARY  8 2016......SUNRISE   701 AM EST   SUNSET   609 PM EST


-  INDICATES NEGATIVE NUMBERS.
R  INDICATES RECORD WAS SET OR TIED.
MM INDICATES DATA IS MISSING.
T  INDICATES TRACE AMOUNT.




$$
