000
CDUS42 KMFL 220825
CLIFLL


CLIMATE REPORT
NATIONAL WEATHER SERVICE MIAMI, FL
424 AM EDT FRI SEP 22 2017


...................................

...THE FORT LAUDERDALE CLIMATE SUMMARY FOR SEPTEMBER 21 2017...

CLIMATE NORMAL PERIOD 1981 TO 2010
CLIMATE RECORD PERIOD 1912 TO 2017


WEATHER ITEM   OBSERVED TIME   RECORD YEAR NORMAL DEPARTURE LAST
                VALUE   (LST)  VALUE       VALUE  FROM      YEAR
                                                  NORMAL
..................................................................
TEMPERATURE (F)
 YESTERDAY
  MAXIMUM         92   1232 PM  94    1987  89      3       90
  MINIMUM         78    653 AM  68    1925  77      1       80
  AVERAGE         85                        83      2       85

PRECIPITATION (IN)
  YESTERDAY        0.22          3.20 1948   0.30  -0.08     0.00
  MONTH TO DATE    7.95                      6.11   1.84     2.88
  SINCE JUN 1     40.07                     29.69  10.38    21.51
  SINCE JAN 1     51.67                     47.18   4.49    40.46

SNOWFALL (IN)
  YESTERDAY        0.0
  MONTH TO DATE    0.0
  SINCE SEP 1      0.0
  SINCE JUL 1      0.0
  SNOW DEPTH       0

DEGREE DAYS
 HEATING
  YESTERDAY        0                         0      0        0
  MONTH TO DATE    0                         0      0        0
  SINCE SEP 1      0                         0      0        0
  SINCE JUL 1      0                         0      0        0

 COOLING
  YESTERDAY       20                        18      2       20
  MONTH TO DATE  404                       384     20      388
  SINCE SEP 1    404                       384     20      388
  SINCE JAN 1   3731                      3550    181     3589
..................................................................


WIND (MPH)
  HIGHEST WIND SPEED    16   HIGHEST WIND DIRECTION    NE (60)
  HIGHEST GUST SPEED    19   HIGHEST GUST DIRECTION     E (70)
  AVERAGE WIND SPEED     6.5


SKY COVER
  AVERAGE SKY COVER 0.5


WEATHER CONDITIONS
 THE FOLLOWING WEATHER WAS RECORDED YESTERDAY.
  THUNDERSTORM
  HAZE


RELATIVE HUMIDITY (PERCENT)
 HIGHEST    94
 LOWEST     64
 AVERAGE    79

..........................................................


THE FORT LAUDERDALE CLIMATE NORMALS FOR TODAY
                         NORMAL    RECORD    YEAR
 MAXIMUM TEMPERATURE (F)   89        95      1943
 MINIMUM TEMPERATURE (F)   77        65      1938


SUNRISE AND SUNSET
SEPTEMBER 22 2017.....SUNRISE   709 AM EDT   SUNSET   717 PM EDT
SEPTEMBER 23 2017.....SUNRISE   710 AM EDT   SUNSET   716 PM EDT


-  INDICATES NEGATIVE NUMBERS.
R  INDICATES RECORD WAS SET OR TIED.
MM INDICATES DATA IS MISSING.
T  INDICATES TRACE AMOUNT.




$$
