000
CDUS42 KMFL 250823
CLIFLL


CLIMATE REPORT
NATIONAL WEATHER SERVICE MIAMI, FL
422 AM EDT THU MAY 25 2017


...................................

...THE FORT LAUDERDALE CLIMATE SUMMARY FOR MAY 24 2017...

CLIMATE NORMAL PERIOD 1981 TO 2010
CLIMATE RECORD PERIOD 1912 TO 2017


WEATHER ITEM   OBSERVED TIME   RECORD YEAR NORMAL DEPARTURE LAST
                VALUE   (LST)  VALUE       VALUE  FROM      YEAR
                                                  NORMAL
..................................................................
TEMPERATURE (F)
 YESTERDAY
  MAXIMUM         91   1117 AM  94    1940  87      4       88
  MINIMUM         72    917 PM  63    1920  76     -4       76
  AVERAGE         82                        81      1       82

PRECIPITATION (IN)
  YESTERDAY        0.86          1.81 2008   0.20   0.66     0.51
  MONTH TO DATE    2.32                      3.09  -0.77     3.41
  SINCE NOV 1     15.73                     21.63  -5.90    28.93
  SINCE JAN 1     11.10                     15.93  -4.83    17.71

SNOWFALL (IN)
  YESTERDAY        0.0
  MONTH TO DATE    0.0
  SINCE MAR 1      0.0
  SINCE JUL 1      0.0
  SNOW DEPTH       0

DEGREE DAYS
 HEATING
  YESTERDAY        0                         0      0        0
  MONTH TO DATE    0                         0      0        0
  SINCE MAR 1      6                        10     -4        2
  SINCE JUL 1     35                       112    -77       87

 COOLING
  YESTERDAY       17                        16      1       17
  MONTH TO DATE  358                       352      6      356
  SINCE MAR 1    988                       943     45     1043
  SINCE JAN 1   1444                      1299    145     1302
..................................................................


WIND (MPH)
  HIGHEST WIND SPEED    26   HIGHEST WIND DIRECTION     S (180)
  HIGHEST GUST SPEED    34   HIGHEST GUST DIRECTION     S (180)
  AVERAGE WIND SPEED    13.1


SKY COVER
  AVERAGE SKY COVER 0.8


WEATHER CONDITIONS
 THE FOLLOWING WEATHER WAS RECORDED YESTERDAY.
  THUNDERSTORM
  HEAVY RAIN
  LIGHT RAIN
  FOG
  HAZE


RELATIVE HUMIDITY (PERCENT)
 HIGHEST    87
 LOWEST     52
 AVERAGE    70

..........................................................


THE FORT LAUDERDALE CLIMATE NORMALS FOR TODAY
                         NORMAL    RECORD    YEAR
 MAXIMUM TEMPERATURE (F)   87        93      1935
                                             1916
 MINIMUM TEMPERATURE (F)   76        60      1934


SUNRISE AND SUNSET
MAY 25 2017...........SUNRISE   630 AM EDT   SUNSET   805 PM EDT
MAY 26 2017...........SUNRISE   630 AM EDT   SUNSET   806 PM EDT


-  INDICATES NEGATIVE NUMBERS.
R  INDICATES RECORD WAS SET OR TIED.
MM INDICATES DATA IS MISSING.
T  INDICATES TRACE AMOUNT.




$$
