000
CDUS42 KILM 282040
CLIFLO


CLIMATE REPORT
NATIONAL WEATHER SERVICE WILMINGTON NC
440 PM EDT WED SEP 28 2016


...................................

...THE FLORENCE SC CLIMATE SUMMARY FOR SEPTEMBER 28 2016...
VALID TODAY AS OF 0400 PM LOCAL TIME.

CLIMATE NORMAL PERIOD 1981 TO 2010
CLIMATE RECORD PERIOD 1948 TO 2016


WEATHER ITEM   OBSERVED TIME   RECORD YEAR NORMAL DEPARTURE LAST
                VALUE   (LST)  VALUE       VALUE  FROM      YEAR
                                                  NORMAL
..................................................................
TEMPERATURE (F)
 TODAY
  MAXIMUM         89    259 PM  96    1986  81      8       84
  MINIMUM         69    558 AM  49    1991  60      9       73
  AVERAGE         79                        70      9       79

PRECIPITATION (IN)
  TODAY            0.00          1.25 1972   0.12  -0.12     0.14
  MONTH TO DATE    9.36                      3.44   5.92     2.29
  SINCE SEP 1      9.36                      3.44   5.92     2.29
  SINCE JAN 1     42.24                     33.92   8.32    30.13

DEGREE DAYS
 HEATING
  TODAY            0                         1     -1        0
  MONTH TO DATE    0                         5     -5        0
  SINCE SEP 1      0                         5     -5        0
  SINCE JUL 1      0                         5     -5        0

 COOLING
  TODAY           14                         6      8       14
  MONTH TO DATE  384                       275    109      331
  SINCE SEP 1    384                       275    109      331
  SINCE JAN 1   2421                      1945    476     2348
..................................................................


WIND (MPH)
  HIGHEST WIND SPEED    22   HIGHEST WIND DIRECTION     S (160)
  HIGHEST GUST SPEED    28   HIGHEST GUST DIRECTION     S (160)
  AVERAGE WIND SPEED     7.0


SKY COVER
  POSSIBLE SUNSHINE  MM
  AVERAGE SKY COVER 0.1


WEATHER CONDITIONS
 THE FOLLOWING WEATHER WAS RECORDED TODAY.
  NO SIGNIFICANT WEATHER WAS OBSERVED.


RELATIVE HUMIDITY (PERCENT)
 HIGHEST    97           600 AM
 LOWEST     52           300 PM
 AVERAGE    75

..........................................................


THE FLORENCE SC CLIMATE NORMALS FOR TOMORROW
                         NORMAL    RECORD    YEAR
 MAXIMUM TEMPERATURE (F)   80        91      2005
                                             1973
 MINIMUM TEMPERATURE (F)   60        48      1962


SUNRISE AND SUNSET
SEPTEMBER 28 2016.....SUNRISE   712 AM EDT   SUNSET   706 PM EDT
SEPTEMBER 29 2016.....SUNRISE   712 AM EDT   SUNSET   705 PM EDT


-  INDICATES NEGATIVE NUMBERS.
R  INDICATES RECORD WAS SET OR TIED.
MM INDICATES DATA IS MISSING.
T  INDICATES TRACE AMOUNT.




$$
