000
CDUS42 KILM 210941
CLIFLO


CLIMATE REPORT
NATIONAL WEATHER SERVICE WILMINGTON NC
440 AM EST SAT JAN 21 2017


...................................

...THE FLORENCE SC CLIMATE SUMMARY FOR JANUARY 20 2017...

CLIMATE NORMAL PERIOD 1981 TO 2010
CLIMATE RECORD PERIOD 1948 TO 2017


WEATHER ITEM   OBSERVED TIME   RECORD YEAR NORMAL DEPARTURE LAST
                VALUE   (LST)  VALUE       VALUE  FROM      YEAR
                                                  NORMAL
..................................................................
TEMPERATURE (F)
 YESTERDAY
  MAXIMUM         75R   317 PM  75    1999  55     20       44
  MINIMUM         50    310 AM   7    1985  35     15       23
  AVERAGE         63                        45     18       34

PRECIPITATION (IN)
  YESTERDAY        T             1.22 1963   0.11  -0.11      T
  MONTH TO DATE    2.13                      2.11   0.02     0.81
  SINCE DEC 1      6.70                      5.12   1.58     7.90
  SINCE JAN 1      2.13                      2.11   0.02     0.81

SNOWFALL (IN)
  YESTERDAY       MM
  MONTH TO DATE   MM
  SINCE DEC 1     MM
  SINCE JUL 1     MM
  SNOW DEPTH      MM

DEGREE DAYS
 HEATING
  YESTERDAY        2                        20    -18       31
  MONTH TO DATE  252                       407   -155      440
  SINCE DEC 1    747                       964   -217      661
  SINCE JUL 1   1060                      1386   -326      925

 COOLING
  YESTERDAY        0                         0      0        0
  MONTH TO DATE    0                         0      0        0
  SINCE DEC 1      4                         4      0       57
  SINCE JAN 1      0                         0      0        0
..................................................................


WIND (MPH)
  HIGHEST WIND SPEED    15   HIGHEST WIND DIRECTION     W (260)
  HIGHEST GUST SPEED    21   HIGHEST GUST DIRECTION     W (250)
  AVERAGE WIND SPEED     4.2


SKY COVER
  POSSIBLE SUNSHINE  MM
  AVERAGE SKY COVER 0.5


WEATHER CONDITIONS
 THE FOLLOWING WEATHER WAS RECORDED YESTERDAY.
  NO SIGNIFICANT WEATHER WAS OBSERVED.


RELATIVE HUMIDITY (PERCENT)
 HIGHEST    97           800 PM
 LOWEST     61           100 PM
 AVERAGE    79

..........................................................


THE FLORENCE SC CLIMATE NORMALS FOR TODAY
                         NORMAL    RECORD    YEAR
 MAXIMUM TEMPERATURE (F)   56        79      1974
 MINIMUM TEMPERATURE (F)   35         0      1985


SUNRISE AND SUNSET
JANUARY 21 2017.......SUNRISE   722 AM EST   SUNSET   538 PM EST
JANUARY 22 2017.......SUNRISE   722 AM EST   SUNSET   539 PM EST


-  INDICATES NEGATIVE NUMBERS.
R  INDICATES RECORD WAS SET OR TIED.
MM INDICATES DATA IS MISSING.
T  INDICATES TRACE AMOUNT.




$$
