264
CDUS42 KILM 230841
CLIFLO


CLIMATE REPORT
NATIONAL WEATHER SERVICE WILMINGTON NC
441 AM EDT MON OCT 23 2017


...................................

...THE FLORENCE SC CLIMATE SUMMARY FOR OCTOBER 22 2017...

CLIMATE NORMAL PERIOD 1981 TO 2010
CLIMATE RECORD PERIOD 1948 TO 2017


WEATHER ITEM   OBSERVED TIME   RECORD YEAR NORMAL DEPARTURE LAST
                VALUE   (LST)  VALUE       VALUE  FROM      YEAR
                                                  NORMAL
..................................................................
TEMPERATURE (F)
 YESTERDAY
  MAXIMUM         82   1249 PM  86    2007  74      8       67
  MINIMUM         56    651 AM  29    1952  51      5       46
  AVERAGE         69                        62      7       57

PRECIPITATION (IN)
  YESTERDAY        T             0.91 1971   0.10  -0.10     0.00
  MONTH TO DATE    0.63                      2.33  -1.70    12.77
  SINCE SEP 1      4.75                      6.00  -1.25    22.59
  SINCE JAN 1     36.33                     36.48  -0.15    55.47

DEGREE DAYS
 HEATING
  YESTERDAY        0                         4     -4        8
  MONTH TO DATE   23                        57    -34       13
  SINCE SEP 1     23                        66    -43       13
  SINCE JUL 1     23                        66    -43       13

 COOLING
  YESTERDAY        4                         2      2        0
  MONTH TO DATE  139                        72     67      101
  SINCE SEP 1    446                       358     88      505
  SINCE JAN 1   2228                      2028    200     2542
..................................................................


WIND (MPH)
  HIGHEST WIND SPEED    16   HIGHEST WIND DIRECTION    SE (130)
  HIGHEST GUST SPEED    22   HIGHEST GUST DIRECTION    SE (130)
  AVERAGE WIND SPEED     7.3


SKY COVER
  POSSIBLE SUNSHINE  MM
  AVERAGE SKY COVER 0.4


WEATHER CONDITIONS
 THE FOLLOWING WEATHER WAS RECORDED YESTERDAY.
  LIGHT RAIN
  FOG


RELATIVE HUMIDITY (PERCENT)
 HIGHEST   100          1200 AM
 LOWEST     51           100 PM
 AVERAGE    76

..........................................................


THE FLORENCE SC CLIMATE NORMALS FOR TODAY
                         NORMAL    RECORD    YEAR
 MAXIMUM TEMPERATURE (F)   74        88      2007
 MINIMUM TEMPERATURE (F)   51        32      1974


SUNRISE AND SUNSET
OCTOBER 23 2017.......SUNRISE   731 AM EDT   SUNSET   635 PM EDT
OCTOBER 24 2017.......SUNRISE   732 AM EDT   SUNSET   634 PM EDT


-  INDICATES NEGATIVE NUMBERS.
R  INDICATES RECORD WAS SET OR TIED.
MM INDICATES DATA IS MISSING.
T  INDICATES TRACE AMOUNT.




$$
