000
CDUS42 KILM 010842
CLIFLO


CLIMATE REPORT
NATIONAL WEATHER SERVICE WILMINGTON NC
442 AM EDT SAT AUG 1 2015


...................................

...THE FLORENCE SC CLIMATE SUMMARY FOR JULY 31 2015...

CLIMATE NORMAL PERIOD 1981 TO 2010
CLIMATE RECORD PERIOD 1948 TO 2015


WEATHER ITEM   OBSERVED TIME   RECORD YEAR NORMAL DEPARTURE LAST
                VALUE   (LST)  VALUE       VALUE  FROM      YEAR
                                                  NORMAL
..................................................................
TEMPERATURE (F)
 YESTERDAY
  MAXIMUM         96    349 PM 103    1999  91      5       86
  MINIMUM         76   1140 PM  62    1997  72      4       70
  AVERAGE         86                        81      5       78

PRECIPITATION (IN)
  YESTERDAY        0.00          1.19 1949   0.18  -0.18     0.12
  MONTH TO DATE    3.40                      5.26  -1.86     5.76
  SINCE JUN 1      6.90                      9.88  -2.98     6.74
  SINCE JAN 1     21.92                     25.24  -3.32    24.10

DEGREE DAYS
 HEATING
  YESTERDAY        0                         0      0        0
  MONTH TO DATE    0                         0      0        0
  SINCE JUN 1      0                         1     -1        0
  SINCE JUL 1      0                         0      0        0

 COOLING
  YESTERDAY       21                        16      5       13
  MONTH TO DATE  592                       502     90      504
  SINCE JUN 1   1133                       899    234      986
  SINCE JAN 1   1518                      1206    312     1368
..................................................................


WIND (MPH)
  HIGHEST WIND SPEED    24   HIGHEST WIND DIRECTION     S (170)
  HIGHEST GUST SPEED    31   HIGHEST GUST DIRECTION     S (170)
  AVERAGE WIND SPEED     7.7


SKY COVER
  POSSIBLE SUNSHINE  MM
  AVERAGE SKY COVER 0.2


WEATHER CONDITIONS
 THE FOLLOWING WEATHER WAS RECORDED YESTERDAY.
  NO SIGNIFICANT WEATHER WAS OBSERVED.


RELATIVE HUMIDITY (PERCENT)
 HIGHEST    85           100 AM
 LOWEST     43           400 PM
 AVERAGE    64

..........................................................


THE FLORENCE SC CLIMATE NORMALS FOR TODAY
                         NORMAL    RECORD    YEAR
 MAXIMUM TEMPERATURE (F)   91       106      1980
 MINIMUM TEMPERATURE (F)   71        61      1997


SUNRISE AND SUNSET
AUGUST  1 2015........SUNRISE   630 AM EDT   SUNSET   820 PM EDT
AUGUST  2 2015........SUNRISE   630 AM EDT   SUNSET   819 PM EDT


-  INDICATES NEGATIVE NUMBERS.
R  INDICATES RECORD WAS SET OR TIED.
MM INDICATES DATA IS MISSING.
T  INDICATES TRACE AMOUNT.




$$
