285
CDUS42 KILM 210940
CLIFLO


CLIMATE REPORT
NATIONAL WEATHER SERVICE WILMINGTON NC
440 AM EST SUN JAN 21 2018


...................................

...THE FLORENCE SC CLIMATE SUMMARY FOR JANUARY 20 2018...

CLIMATE NORMAL PERIOD 1981 TO 2010
CLIMATE RECORD PERIOD 1948 TO 2018


WEATHER ITEM   OBSERVED TIME   RECORD YEAR NORMAL DEPARTURE LAST
                VALUE   (LST)  VALUE       VALUE  FROM      YEAR
                                                  NORMAL
..................................................................
TEMPERATURE (F)
 YESTERDAY
  MAXIMUM         62    353 PM  75    2017  55      7       75
                                      1999
  MINIMUM         27    744 AM   7    1985  35     -8       50
  AVERAGE         45                        45      0       63

PRECIPITATION (IN)
  YESTERDAY        0.00          1.22 1963   0.11  -0.11      T
  MONTH TO DATE    0.59                      2.11  -1.52     2.13
  SINCE DEC 1      5.25                      5.12   0.13     6.70
  SINCE JAN 1      0.59                      2.11  -1.52     2.13

SNOWFALL (IN)
  YESTERDAY       MM
  MONTH TO DATE   MM
  SINCE DEC 1     MM
  SINCE JUL 1     MM
  SNOW DEPTH      MM

DEGREE DAYS
 HEATING
  YESTERDAY       20                        20      0        2
  MONTH TO DATE  553                       407    146      252
  SINCE DEC 1   1084                       964    120      747
  SINCE JUL 1   1489                      1386    103     1060

 COOLING
  YESTERDAY        0                         0      0        0
  MONTH TO DATE    2                         0      2        0
  SINCE DEC 1      2                         4     -2        4
  SINCE JAN 1      2                         0      2        0
..................................................................


WIND (MPH)
  HIGHEST WIND SPEED    13   HIGHEST WIND DIRECTION     W (270)
  HIGHEST GUST SPEED    16   HIGHEST GUST DIRECTION     W (280)
  AVERAGE WIND SPEED     5.3


SKY COVER
  POSSIBLE SUNSHINE  MM
  AVERAGE SKY COVER 0.0


WEATHER CONDITIONS
 THE FOLLOWING WEATHER WAS RECORDED YESTERDAY.
  HAZE


RELATIVE HUMIDITY (PERCENT)
 HIGHEST    78          1200 AM
 LOWEST     30           400 PM
 AVERAGE    54

..........................................................


THE FLORENCE SC CLIMATE NORMALS FOR TODAY
                         NORMAL    RECORD    YEAR
 MAXIMUM TEMPERATURE (F)   56        79      1974
 MINIMUM TEMPERATURE (F)   35         0      1985


SUNRISE AND SUNSET
JANUARY 21 2018.......SUNRISE   722 AM EST   SUNSET   538 PM EST
JANUARY 22 2018.......SUNRISE   722 AM EST   SUNSET   539 PM EST


-  INDICATES NEGATIVE NUMBERS.
R  INDICATES RECORD WAS SET OR TIED.
MM INDICATES DATA IS MISSING.
T  INDICATES TRACE AMOUNT.




$$
