000
CDUS42 KILM 300843
CLIFLO


CLIMATE REPORT
NATIONAL WEATHER SERVICE WILMINGTON NC
443 AM EDT TUE AUG 30 2016


...................................

...THE FLORENCE SC CLIMATE SUMMARY FOR AUGUST 29 2016...

CLIMATE NORMAL PERIOD 1981 TO 2010
CLIMATE RECORD PERIOD 1948 TO 2016


WEATHER ITEM   OBSERVED TIME   RECORD YEAR NORMAL DEPARTURE LAST
                VALUE   (LST)  VALUE       VALUE  FROM      YEAR
                                                  NORMAL
..................................................................
TEMPERATURE (F)
 YESTERDAY
  MAXIMUM         92    132 PM 101    1998  88      4       87
  MINIMUM         75   1159 PM  57    1986  69      6       65
  AVERAGE         84                        79      5       76

PRECIPITATION (IN)
  YESTERDAY        T             4.22 2004   0.16  -0.16     0.00
  MONTH TO DATE    1.23                      4.94  -3.71     5.28
  SINCE JUN 1     11.79                     14.82  -3.03    12.18
  SINCE JAN 1     32.88                     30.18   2.70    27.20

DEGREE DAYS
 HEATING
  YESTERDAY        0                         0      0        0
  MONTH TO DATE    0                         0      0        0
  SINCE JUN 1      0                         1     -1        0
  SINCE JUL 1      0                         0      0        0

 COOLING
  YESTERDAY       19                        14      5       11
  MONTH TO DATE  539                       438    101      476
  SINCE JUN 1   1655                      1337    318     1609
  SINCE JAN 1   2002                      1644    358     1994
..................................................................


WIND (MPH)
  HIGHEST WIND SPEED    15   HIGHEST WIND DIRECTION    NE (40)
  HIGHEST GUST SPEED    19   HIGHEST GUST DIRECTION    NE (40)
  AVERAGE WIND SPEED     6.3


SKY COVER
  POSSIBLE SUNSHINE  MM
  AVERAGE SKY COVER 0.4


WEATHER CONDITIONS
 THE FOLLOWING WEATHER WAS RECORDED YESTERDAY.
  NO SIGNIFICANT WEATHER WAS OBSERVED.


RELATIVE HUMIDITY (PERCENT)
 HIGHEST    94           400 AM
 LOWEST     47           400 PM
 AVERAGE    71

..........................................................


THE FLORENCE SC CLIMATE NORMALS FOR TODAY
                         NORMAL    RECORD    YEAR
 MAXIMUM TEMPERATURE (F)   88       100      1993
 MINIMUM TEMPERATURE (F)   69        55      1986
                                             1965


SUNRISE AND SUNSET
AUGUST 30 2016........SUNRISE   651 AM EDT   SUNSET   747 PM EDT
AUGUST 31 2016........SUNRISE   652 AM EDT   SUNSET   745 PM EDT


-  INDICATES NEGATIVE NUMBERS.
R  INDICATES RECORD WAS SET OR TIED.
MM INDICATES DATA IS MISSING.
T  INDICATES TRACE AMOUNT.




$$
