000
CDUS42 KTBW 250928
CLIFMY


CLIMATE REPORT
NATIONAL WEATHER SERVICE TAMPA BAY FL
426 AM EST THU DEC 25 2014


...................................

...THE FORT MYERS CLIMATE SUMMARY FOR DECEMBER 24 2014...

CLIMATE NORMAL PERIOD 1981 TO 2010
CLIMATE RECORD PERIOD 1902 TO 2014


WEATHER ITEM   OBSERVED TIME   RECORD YEAR NORMAL DEPARTURE LAST
                VALUE   (LST)  VALUE       VALUE  FROM      YEAR
                                                  NORMAL
..................................................................
TEMPERATURE (F)
 YESTERDAY
  MAXIMUM         83   1204 PM  88    1981  75      8       73
  MINIMUM         68   1159 PM  27    1989  55     13       57
  AVERAGE         76                        65     11       65

PRECIPITATION (IN)
  YESTERDAY        T             0.77 1907   0.06  -0.06     0.00
  MONTH TO DATE    0.04                      1.28  -1.24     0.32
  SINCE DEC 1      0.04                      1.28  -1.24     0.32
  SINCE JAN 1     42.31                     55.50 -13.19    53.61

DEGREE DAYS
 HEATING
  YESTERDAY        0                         3     -3        0
  MONTH TO DATE   48                        50     -2        4
  SINCE DEC 1     48                        50     -2        4
  SINCE JUL 1     89                        68     21       13

 COOLING
  YESTERDAY       11                         3      8        0
  MONTH TO DATE   98                       100     -2      168
  SINCE DEC 1     98                       100     -2      168
  SINCE JAN 1   4025                      3963     62     4042
..................................................................


WIND (MPH)
  RESULTANT WIND SPEED  11   RESULTANT WIND DIRECTION   S (180)
  HIGHEST WIND SPEED    23   HIGHEST WIND DIRECTION     W (290)
  HIGHEST GUST SPEED    30   HIGHEST GUST DIRECTION     S (200)
  AVERAGE WIND SPEED    11.9


SKY COVER
  POSSIBLE SUNSHINE  MM
  AVERAGE SKY COVER 0.5


WEATHER CONDITIONS
 THE FOLLOWING WEATHER WAS RECORDED YESTERDAY.
  LIGHT RAIN
  FOG


RELATIVE HUMIDITY (PERCENT)
 HIGHEST    94          1000 PM
 LOWEST     65          1100 AM

..........................................................


THE FORT MYERS CLIMATE NORMALS FOR TODAY
                         NORMAL    RECORD    YEAR
 MAXIMUM TEMPERATURE (F)   75        86      1988
                                             1962
 MINIMUM TEMPERATURE (F)   55        28      1989


SUNRISE AND SUNSET
DECEMBER 25 2014......SUNRISE   713 AM EST   SUNSET   542 PM EST
DECEMBER 26 2014......SUNRISE   714 AM EST   SUNSET   542 PM EST


-  INDICATES NEGATIVE NUMBERS.
R  INDICATES RECORD WAS SET OR TIED.
MM INDICATES DATA IS MISSING.
T  INDICATES TRACE AMOUNT.




$$


&&
------------------------------------------------------------------
******************** SUPPLEMENTAL DATA ***************************

...GULF WATER TEMPERATURE AT FORT MYERS BEACH 70
