000
CDUS42 KTBW 050829
CLIFMY


CLIMATE REPORT
NATIONAL WEATHER SERVICE TAMPA BAY FL
427 AM EDT WED AUG 5 2015


...................................

...THE FORT MYERS CLIMATE SUMMARY FOR AUGUST 4 2015...

CLIMATE NORMAL PERIOD 1981 TO 2010
CLIMATE RECORD PERIOD 1902 TO 2015


WEATHER ITEM   OBSERVED TIME   RECORD YEAR NORMAL DEPARTURE LAST
                VALUE   (LST)  VALUE       VALUE  FROM      YEAR
                                                  NORMAL
..................................................................
TEMPERATURE (F)
 YESTERDAY
  MAXIMUM         94    325 PM 100    1942  92      2       85
  MINIMUM         74    614 AM  70    1944  75     -1       74
                                      1917
  AVERAGE         84                        84      0       80

PRECIPITATION (IN)
  YESTERDAY        0.00          2.08 1969   0.31  -0.31     1.45
  MONTH TO DATE    1.33                      1.23   0.10     3.07
  SINCE JUN 1     23.00                     20.36   2.64    14.19
  SINCE JAN 1     31.85                     32.16  -0.31    25.53

DEGREE DAYS
 HEATING
  YESTERDAY        0                         0      0        0
  MONTH TO DATE    0                         0      0        0
  SINCE JUN 1      0                         0      0        0
  SINCE JUL 1      0                         0      0        0

 COOLING
  YESTERDAY       19                        18      1       15
  MONTH TO DATE   69                        72     -3       75
  SINCE JUN 1   1158                      1161     -3     1185
  SINCE JAN 1   2512                      2227    285     2376
..................................................................


WIND (MPH)
  RESULTANT WIND SPEED   2   RESULTANT WIND DIRECTION  NW (330)
  HIGHEST WIND SPEED    14   HIGHEST WIND DIRECTION    NW (330)
  HIGHEST GUST SPEED    18   HIGHEST GUST DIRECTION    NW (320)
  AVERAGE WIND SPEED     5.1


SKY COVER
  POSSIBLE SUNSHINE  MM
  AVERAGE SKY COVER 0.0


WEATHER CONDITIONS
 THE FOLLOWING WEATHER WAS RECORDED YESTERDAY.
  NO SIGNIFICANT WEATHER WAS OBSERVED.


RELATIVE HUMIDITY (PERCENT)
 HIGHEST    94           100 AM
 LOWEST     41          1200 PM

..........................................................


THE FORT MYERS CLIMATE NORMALS FOR TODAY
                         NORMAL    RECORD    YEAR
 MAXIMUM TEMPERATURE (F)   92        98      1942
 MINIMUM TEMPERATURE (F)   75        70      1925
                                             1917
                                             1916


SUNRISE AND SUNSET
AUGUST  5 2015........SUNRISE   654 AM EDT   SUNSET   812 PM EDT
AUGUST  6 2015........SUNRISE   655 AM EDT   SUNSET   812 PM EDT


-  INDICATES NEGATIVE NUMBERS.
R  INDICATES RECORD WAS SET OR TIED.
MM INDICATES DATA IS MISSING.
T  INDICATES TRACE AMOUNT.




$$


&&
------------------------------------------------------------------
******************** SUPPLEMENTAL DATA ***************************

...GULF WATER TEMPERATURE AT FORT MYERS BEACH 85
