000
CDUS42 KTBW 222312
CLIFMY


CLIMATE REPORT
NATIONAL WEATHER SERVICE TAMPA BAY FL
611 PM EST WED NOV 22 2017


...................................

...THE FORT MYERS CLIMATE SUMMARY FOR NOVEMBER 22 2017...
VALID TODAY AS OF 0500 PM LOCAL TIME.

CLIMATE NORMAL PERIOD 1981 TO 2010
CLIMATE RECORD PERIOD 1902 TO 2017


WEATHER ITEM   OBSERVED TIME   RECORD YEAR NORMAL DEPARTURE LAST
                VALUE   (LST)  VALUE       VALUE  FROM      YEAR
                                                  NORMAL
..................................................................
TEMPERATURE (F)
 TODAY
  MAXIMUM         83    406 PM  92    1986  80      3       81
  MINIMUM         64    551 AM  37    1937  61      3       47
                                      1914
  AVERAGE         74                        70      4       64

PRECIPITATION (IN)
  TODAY            0.00          1.29 2015   0.05  -0.05     0.00
  MONTH TO DATE    0.09                      1.59  -1.50      T
  SINCE SEP 1     13.04                     12.78   0.26    10.14
  SINCE JAN 1     59.79                     53.85   5.94    63.62

DEGREE DAYS
 HEATING
  TODAY            0                         1     -1        1
  MONTH TO DATE    0                         7     -7        5
  SINCE SEP 1      5                         9     -4        5
  SINCE JUL 1      5                         9     -4        5

 COOLING
  TODAY            9                         6      3        0
  MONTH TO DATE  213                       170     43      126
  SINCE SEP 1   1147                      1094     53     1094
  SINCE JAN 1   4109                      3818    291     3939
..................................................................


WIND (MPH)
  RESULTANT WIND SPEED   1   RESULTANT WIND DIRECTION  NE (60)
  HIGHEST WIND SPEED     9   HIGHEST WIND DIRECTION    SW (240)
  HIGHEST GUST SPEED    14   HIGHEST GUST DIRECTION     E (90)
  AVERAGE WIND SPEED     3.0


SKY COVER
  POSSIBLE SUNSHINE  MM
  AVERAGE SKY COVER 0.2


WEATHER CONDITIONS
 THE FOLLOWING WEATHER WAS RECORDED TODAY.
  FOG


RELATIVE HUMIDITY (PERCENT)
 HIGHEST   100          1200 AM
 LOWEST     58          1200 PM

..........................................................


THE FORT MYERS CLIMATE NORMALS FOR TOMORROW
                         NORMAL    RECORD    YEAR
 MAXIMUM TEMPERATURE (F)   80        95      1986
 MINIMUM TEMPERATURE (F)   61        40      1956


SUNRISE AND SUNSET
NOVEMBER 22 2017......SUNRISE   652 AM EST   SUNSET   535 PM EST
NOVEMBER 23 2017......SUNRISE   653 AM EST   SUNSET   535 PM EST


-  INDICATES NEGATIVE NUMBERS.
R  INDICATES RECORD WAS SET OR TIED.
MM INDICATES DATA IS MISSING.
T  INDICATES TRACE AMOUNT.




$$


&&
------------------------------------------------------------------
******************** SUPPLEMENTAL DATA ***************************

...GULF WATER TEMPERATURE AT FORT MYERS BEACH 73 DEGREES
