000
CDUS42 KTBW 202224
CLIFMY


CLIMATE REPORT
NATIONAL WEATHER SERVICE TAMPA BAY FL
521 PM EST MON FEB 20 2017


...................................

...THE FORT MYERS CLIMATE SUMMARY FOR FEBRUARY 20 2017...
VALID TODAY AS OF 0500 PM LOCAL TIME.

CLIMATE NORMAL PERIOD 1981 TO 2010
CLIMATE RECORD PERIOD 1902 TO 2017


WEATHER ITEM   OBSERVED TIME   RECORD YEAR NORMAL DEPARTURE LAST
                VALUE   (LST)  VALUE       VALUE  FROM      YEAR
                                                  NORMAL
..................................................................
TEMPERATURE (F)
 TODAY
  MAXIMUM         87    405 PM  89    1989  78      9       77
  MINIMUM         60    711 AM  35    2015  57      3       53
  AVERAGE         74                        67      7       65

PRECIPITATION (IN)
  TODAY            0.00          5.06 1902   0.08  -0.08     0.00
  MONTH TO DATE    0.10                      1.49  -1.39     1.68
  SINCE DEC 1      1.87                      5.14  -3.27    18.26
  SINCE JAN 1      1.63                      3.43  -1.80    14.66

DEGREE DAYS
 HEATING
  TODAY            0                         2     -2        0
  MONTH TO DATE    1                        46    -45       65
  SINCE DEC 1     60                       229   -169      172
  SINCE JUL 1     65                       247   -182      172

 COOLING
  TODAY            9                         4      5        0
  MONTH TO DATE  118                        70     48       44
  SINCE DEC 1    547                       274    273      366
  SINCE JAN 1    271                       153    118       88
..................................................................


WIND (MPH)
  RESULTANT WIND SPEED   4   RESULTANT WIND DIRECTION   E (90)
  HIGHEST WIND SPEED    13   HIGHEST WIND DIRECTION     E (70)
  HIGHEST GUST SPEED    16   HIGHEST GUST DIRECTION     E (100)
  AVERAGE WIND SPEED     4.0


SKY COVER
  POSSIBLE SUNSHINE  MM
  AVERAGE SKY COVER 0.0


WEATHER CONDITIONS
 THE FOLLOWING WEATHER WAS RECORDED TODAY.
  FOG


RELATIVE HUMIDITY (PERCENT)
 HIGHEST   100           300 AM
 LOWEST     31           300 PM

..........................................................


THE FORT MYERS CLIMATE NORMALS FOR TOMORROW
                         NORMAL    RECORD    YEAR
 MAXIMUM TEMPERATURE (F)   78        91      1944
 MINIMUM TEMPERATURE (F)   57        30      1958


SUNRISE AND SUNSET
FEBRUARY 20 2017......SUNRISE   659 AM EST   SUNSET   623 PM EST
FEBRUARY 21 2017......SUNRISE   658 AM EST   SUNSET   624 PM EST


-  INDICATES NEGATIVE NUMBERS.
R  INDICATES RECORD WAS SET OR TIED.
MM INDICATES DATA IS MISSING.
T  INDICATES TRACE AMOUNT.




$$


&&
------------------------------------------------------------------
******************** SUPPLEMENTAL DATA ***************************

...GULF WATER TEMPERATURE AT FORT MYERS BEACH 72 DEGREES
