000
CDUS42 KTBW 072217
CLIFMY


CLIMATE REPORT
NATIONAL WEATHER SERVICE TAMPA BAY FL
516 PM EST WED DEC 7 2016


...................................

...THE FORT MYERS CLIMATE SUMMARY FOR DECEMBER 7 2016...
VALID TODAY AS OF 0500 PM LOCAL TIME.

CLIMATE NORMAL PERIOD 1981 TO 2010
CLIMATE RECORD PERIOD 1902 TO 2016


WEATHER ITEM   OBSERVED TIME   RECORD YEAR NORMAL DEPARTURE LAST
                VALUE   (LST)  VALUE       VALUE  FROM      YEAR
                                                  NORMAL
..................................................................
TEMPERATURE (F)
 TODAY
  MAXIMUM         83    339 PM  90    1978  78      5       75
  MINIMUM         69    616 AM  36    1937  58     11       60
  AVERAGE         76                        68      8       68

PRECIPITATION (IN)
  TODAY            0.00          2.43 1979   0.05  -0.05     0.00
  MONTH TO DATE    0.20                      0.32  -0.12     2.95
  SINCE DEC 1      0.20                      0.32  -0.12     2.95
  SINCE JAN 1     63.82                     54.54   9.28    60.25

DEGREE DAYS
 HEATING
  TODAY            0                         2     -2        0
  MONTH TO DATE    0                         9     -9        0
  SINCE DEC 1      0                         9     -9        0
  SINCE JUL 1      5                        27    -22        0

 COOLING
  TODAY           11                         5      6        3
  MONTH TO DATE   77                        35     42       46
  SINCE DEC 1     77                        35     42       46
  SINCE JAN 1   4085                      3898    187     4372
..................................................................


WIND (MPH)
  RESULTANT WIND SPEED   1   RESULTANT WIND DIRECTION  NW (310)
  HIGHEST WIND SPEED    10   HIGHEST WIND DIRECTION     W (250)
  HIGHEST GUST SPEED    12   HIGHEST GUST DIRECTION     W (250)
  AVERAGE WIND SPEED     3.9


SKY COVER
  POSSIBLE SUNSHINE  MM
  AVERAGE SKY COVER 0.4


WEATHER CONDITIONS
 THE FOLLOWING WEATHER WAS RECORDED TODAY.
  FOG


RELATIVE HUMIDITY (PERCENT)
 HIGHEST   100           100 AM
 LOWEST     55           300 PM

..........................................................


THE FORT MYERS CLIMATE NORMALS FOR TOMORROW
                         NORMAL    RECORD    YEAR
 MAXIMUM TEMPERATURE (F)   78        90      1978
 MINIMUM TEMPERATURE (F)   58        37      1937


SUNRISE AND SUNSET
DECEMBER  7 2016......SUNRISE   703 AM EST   SUNSET   535 PM EST
DECEMBER  8 2016......SUNRISE   704 AM EST   SUNSET   535 PM EST


-  INDICATES NEGATIVE NUMBERS.
R  INDICATES RECORD WAS SET OR TIED.
MM INDICATES DATA IS MISSING.
T  INDICATES TRACE AMOUNT.




$$


&&
------------------------------------------------------------------
******************** SUPPLEMENTAL DATA ***************************

...GULF WATER TEMPERATURE AT FORT MYERS BEACH 75 DEGREES
