000
CDUS42 KTBW 232132
CLIFMY


CLIMATE REPORT
NATIONAL WEATHER SERVICE TAMPA BAY FL
530 PM EDT SUN JUL 23 2017


...................................

...THE FORT MYERS CLIMATE SUMMARY FOR JULY 23 2017...
VALID TODAY AS OF 0500 PM LOCAL TIME.

CLIMATE NORMAL PERIOD 1981 TO 2010
CLIMATE RECORD PERIOD 1902 TO 2017


WEATHER ITEM   OBSERVED TIME   RECORD YEAR NORMAL DEPARTURE LAST
                VALUE   (LST)  VALUE       VALUE  FROM      YEAR
                                                  NORMAL
..................................................................
TEMPERATURE (F)
 TODAY
  MAXIMUM         90   1119 AM  97    1995  92     -2       91
  MINIMUM         76    620 AM  69    1922  75      1       73
  AVERAGE         83                        83      0       82

PRECIPITATION (IN)
  TODAY            0.00          3.84 1981   0.29  -0.29     1.01
  MONTH TO DATE    4.74                      6.72  -1.98     5.75
  SINCE JUN 1     18.89                     16.81   2.08    18.35
  SINCE JAN 1     25.07                     28.61  -3.54    39.22

DEGREE DAYS
 HEATING
  TODAY            0                         0      0        0
  MONTH TO DATE    0                         0      0        0
  SINCE JUN 1      0                         0      0        0
  SINCE JUL 1      0                         0      0        0

 COOLING
  TODAY           18                        18      0       17
  MONTH TO DATE  433                       414     19      458
  SINCE JUN 1    928                       939    -11     1002
  SINCE JAN 1   2210                      2005    205     2100
..................................................................


WIND (MPH)
  RESULTANT WIND SPEED   1   RESULTANT WIND DIRECTION  SW (210)
  HIGHEST WIND SPEED    13   HIGHEST WIND DIRECTION     W (250)
  HIGHEST GUST SPEED    16   HIGHEST GUST DIRECTION     W (260)
  AVERAGE WIND SPEED     4.3


SKY COVER
  POSSIBLE SUNSHINE  MM
  AVERAGE SKY COVER 0.2


WEATHER CONDITIONS
 THE FOLLOWING WEATHER WAS RECORDED TODAY.
  THUNDERSTORM


RELATIVE HUMIDITY (PERCENT)
 HIGHEST   100          1200 AM
 LOWEST     68          1000 AM

..........................................................


THE FORT MYERS CLIMATE NORMALS FOR TOMORROW
                         NORMAL    RECORD    YEAR
 MAXIMUM TEMPERATURE (F)   92        96      1990
                                             1986
 MINIMUM TEMPERATURE (F)   75        69      1910


SUNRISE AND SUNSET
JULY 23 2017..........SUNRISE   648 AM EDT   SUNSET   820 PM EDT
JULY 24 2017..........SUNRISE   649 AM EDT   SUNSET   819 PM EDT


-  INDICATES NEGATIVE NUMBERS.
R  INDICATES RECORD WAS SET OR TIED.
MM INDICATES DATA IS MISSING.
T  INDICATES TRACE AMOUNT.




$$


&&
------------------------------------------------------------------
******************** SUPPLEMENTAL DATA ***************************

...GULF WATER TEMPERATURE AT FORT MYERS BEACH 86 DEGREES
