000
CDUS43 KDTX 230537
CLIFNT


CLIMATE REPORT
NATIONAL WEATHER SERVICE DETROIT/PONTIAC MI
136 AM EDT SAT MAY 23 2015


...................................

...THE FLINT MI CLIMATE SUMMARY FOR MAY 22 2015...

CLIMATE NORMAL PERIOD 1981 TO 2010
CLIMATE RECORD PERIOD 1921 TO 2015


WEATHER ITEM   OBSERVED TIME   RECORD YEAR NORMAL DEPARTURE LAST
                VALUE   (LST)  VALUE       VALUE  FROM      YEAR
                                                  NORMAL
..................................................................
TEMPERATURE (F)
 YESTERDAY
  MAXIMUM         68    440 PM  91    1934  70     -2       73
  MINIMUM         41   1159 PM  32    1929  47     -6       55
  AVERAGE         55                        59     -4       64

PRECIPITATION (IN)
  YESTERDAY        0.00          1.12 2004   0.10  -0.10     0.00
  MONTH TO DATE    2.07                      2.18  -0.11     6.47
  SINCE MAR 1      4.62                      6.98  -2.36    10.16
  SINCE JAN 1      6.79                     10.09  -3.30    14.17

SNOWFALL (IN)
  YESTERDAY        0.0           T      MM   0.0    0.0      0.0
  MONTH TO DATE    0.0                       0.0    0.0      0.0
  SINCE MAR 1      4.8                       8.8   -4.0     10.7
  SINCE JUL 1     45.3                      47.4   -2.1     83.9
  SNOW DEPTH       0

DEGREE DAYS
 HEATING
  YESTERDAY       10                         7      3        1
  MONTH TO DATE  110                       225   -115      195
  SINCE MAR 1   1591                      1744   -153     1926
  SINCE JUL 1   6899                      6832     67     7447

 COOLING
  YESTERDAY        0                         1     -1        0
  MONTH TO DATE   38                        14     24       24
  SINCE MAR 1     38                        18     20       24
  SINCE JAN 1     38                        18     20       24
..................................................................


WIND (MPH)
  HIGHEST WIND SPEED    20   HIGHEST WIND DIRECTION    NW (330)
  HIGHEST GUST SPEED    25   HIGHEST GUST DIRECTION    NW (320)
  AVERAGE WIND SPEED     9.7


SKY COVER
  POSSIBLE SUNSHINE  MM
  AVERAGE SKY COVER 0.2


WEATHER CONDITIONS
 THE FOLLOWING WEATHER WAS RECORDED YESTERDAY.
  NO SIGNIFICANT WEATHER WAS OBSERVED.


RELATIVE HUMIDITY (PERCENT)
 HIGHEST    62           600 AM
 LOWEST     22           400 PM
 AVERAGE    42

..........................................................


THE FLINT MI CLIMATE NORMALS FOR TODAY
                         NORMAL    RECORD    YEAR
 MAXIMUM TEMPERATURE (F)   71        88      1936
                                             1925
 MINIMUM TEMPERATURE (F)   48        28      1963


SUNRISE AND SUNSET
MAY 23 2015...........SUNRISE   605 AM EDT   SUNSET   859 PM EDT
MAY 24 2015...........SUNRISE   604 AM EDT   SUNSET   900 PM EDT


-  INDICATES NEGATIVE NUMBERS.
R  INDICATES RECORD WAS SET OR TIED.
MM INDICATES DATA IS MISSING.
T  INDICATES TRACE AMOUNT.




$$
