561
CDUS43 KDTX 100542
CLIFNT


CLIMATE REPORT
NATIONAL WEATHER SERVICE DETROIT/PONTIAC MI
1242 AM EST SAT DEC 10 2016


...................................

...THE FLINT MI CLIMATE SUMMARY FOR DECEMBER 9 2016...

CLIMATE NORMAL PERIOD 1981 TO 2010
CLIMATE RECORD PERIOD 1921 TO 2016


WEATHER ITEM   OBSERVED TIME   RECORD YEAR NORMAL DEPARTURE LAST
                VALUE   (LST)  VALUE       VALUE  FROM      YEAR
                                                  NORMAL
..................................................................
TEMPERATURE (F)
 YESTERDAY
  MAXIMUM         32   1241 PM  59    1946  36     -4       52
  MINIMUM         24        MM  -4    1964  23      1       38
  AVERAGE         28                        29     -1       45

PRECIPITATION (IN)
  YESTERDAY        0.00          0.49 1953   0.07  -0.07     0.00
  MONTH TO DATE    0.27                      0.62  -0.35     0.03
  SINCE DEC 1      0.27                      0.62  -0.35     0.03
  SINCE JAN 1     29.42                     30.07  -0.65    27.41

SNOWFALL (IN)
  YESTERDAY        0.0           3.5  2005   0.4   -0.4      0.0
  MONTH TO DATE    2.0                       2.9   -0.9      0.1
  SINCE DEC 1      2.0                       2.9   -0.9      0.1
  SINCE JUL 1      2.0                       5.8   -3.8     10.9
  SNOW DEPTH       T

DEGREE DAYS
 HEATING
  YESTERDAY       37                        36      1       20
  MONTH TO DATE  284                       306    -22      233
  SINCE DEC 1    284                       306    -22      233
  SINCE JUL 1   1325                      1787   -462     1214

 COOLING
  YESTERDAY        0                         0      0        0
  MONTH TO DATE    0                         0      0        0
  SINCE DEC 1      0                         0      0        0
  SINCE JAN 1   1022                       531    491      766
..................................................................


WIND (MPH)
  HIGHEST WIND SPEED    18   HIGHEST WIND DIRECTION     W (290)
  HIGHEST GUST SPEED    29   HIGHEST GUST DIRECTION     W (280)
  AVERAGE WIND SPEED    11.9


SKY COVER
  POSSIBLE SUNSHINE  MM
  AVERAGE SKY COVER 0.8


WEATHER CONDITIONS
 THE FOLLOWING WEATHER WAS RECORDED YESTERDAY.
  NO SIGNIFICANT WEATHER WAS OBSERVED.


RELATIVE HUMIDITY (PERCENT)
 HIGHEST    92           100 AM
 LOWEST     47           200 PM
 AVERAGE    70

..........................................................


THE FLINT MI CLIMATE NORMALS FOR TODAY
                         NORMAL    RECORD    YEAR
 MAXIMUM TEMPERATURE (F)   36        63      1971
 MINIMUM TEMPERATURE (F)   23        -5      1977


SUNRISE AND SUNSET
DECEMBER 10 2016......SUNRISE   756 AM EST   SUNSET   500 PM EST
DECEMBER 11 2016......SUNRISE   756 AM EST   SUNSET   500 PM EST


-  INDICATES NEGATIVE NUMBERS.
R  INDICATES RECORD WAS SET OR TIED.
MM INDICATES DATA IS MISSING.
T  INDICATES TRACE AMOUNT.




$$
