000
CDUS43 KDTX 300540
CLIFNT


CLIMATE REPORT
NATIONAL WEATHER SERVICE DETROIT/PONTIAC MI
140 AM EDT THU OCT 30 2014


...................................

...THE FLINT MI CLIMATE SUMMARY FOR OCTOBER 29 2014...

CLIMATE NORMAL PERIOD 1981 TO 2010
CLIMATE RECORD PERIOD 1921 TO 2014


WEATHER ITEM   OBSERVED TIME   RECORD YEAR NORMAL DEPARTURE LAST
                VALUE   (LST)  VALUE       VALUE  FROM      YEAR
                                                  NORMAL
..................................................................
TEMPERATURE (F)
 YESTERDAY
  MAXIMUM         52   1209 PM  75    1999  55     -3       47
  MINIMUM         41   1107 PM  20    1965  36      5       35
                                      1925
  AVERAGE         47                        45      2       41

PRECIPITATION (IN)
  YESTERDAY        T             1.31 1947   0.08  -0.08     0.00
  MONTH TO DATE    1.53                      2.32  -0.79     1.67
  SINCE SEP 1      4.78                      6.07  -1.29     2.28
  SINCE JAN 1     31.77                     26.63   5.14    27.87

SNOWFALL (IN)
  YESTERDAY        0.0           T    2012   0.1   -0.1      0.0
                                      2008
                                      1993
  MONTH TO DATE    0.0                       0.4   -0.4       T
  SINCE SEP 1      0.0                       0.4   -0.4       T
  SINCE JUL 1      0.0                       0.4   -0.4       T
  SNOW DEPTH       0

DEGREE DAYS
 HEATING
  YESTERDAY       18                        20     -2       24
  MONTH TO DATE  371                       446    -75      369
  SINCE SEP 1    510                       612   -102      521
  SINCE JUL 1    534                       656   -122      543

 COOLING
  YESTERDAY        0                         0      0        0
  MONTH TO DATE    1                         2     -1       15
  SINCE SEP 1     65                        51     14       88
  SINCE JAN 1    597                       528     69      758
..................................................................


WIND (MPH)
  HIGHEST WIND SPEED    20   HIGHEST WIND DIRECTION     W (290)
  HIGHEST GUST SPEED    26   HIGHEST GUST DIRECTION    NW (300)
  AVERAGE WIND SPEED    10.5


SKY COVER
  POSSIBLE SUNSHINE  MM
  AVERAGE SKY COVER 0.8


WEATHER CONDITIONS
 THE FOLLOWING WEATHER WAS RECORDED YESTERDAY.
  NO SIGNIFICANT WEATHER WAS OBSERVED.


RELATIVE HUMIDITY (PERCENT)
 HIGHEST    73          1100 PM
 LOWEST     59          1200 PM
 AVERAGE    66

..........................................................


THE FLINT MI CLIMATE NORMALS FOR TODAY
                         NORMAL    RECORD    YEAR
 MAXIMUM TEMPERATURE (F)   54        77      1950
 MINIMUM TEMPERATURE (F)   36        19      1966


SUNRISE AND SUNSET
OCTOBER 30 2014.......SUNRISE   807 AM EDT   SUNSET   630 PM EDT
OCTOBER 31 2014.......SUNRISE   808 AM EDT   SUNSET   628 PM EDT


-  INDICATES NEGATIVE NUMBERS.
R  INDICATES RECORD WAS SET OR TIED.
MM INDICATES DATA IS MISSING.
T  INDICATES TRACE AMOUNT.




$$
