000
CDUS43 KDTX 310536
CLIFNT


CLIMATE REPORT
NATIONAL WEATHER SERVICE DETROIT/PONTIAC MI
136 AM EDT SUN JUL 31 2016


...................................

...THE FLINT MI CLIMATE SUMMARY FOR JULY 30 2016...

CLIMATE NORMAL PERIOD 1981 TO 2010
CLIMATE RECORD PERIOD 1921 TO 2016


WEATHER ITEM   OBSERVED TIME   RECORD YEAR NORMAL DEPARTURE LAST
                VALUE   (LST)  VALUE       VALUE  FROM      YEAR
                                                  NORMAL
..................................................................
TEMPERATURE (F)
 YESTERDAY
  MAXIMUM         75    508 PM  98    1933  81     -6       87
  MINIMUM         66    643 AM  44    1965  59      7       65
  AVERAGE         71                        70      1       76

PRECIPITATION (IN)
  YESTERDAY        0.43          1.12 2000   0.12   0.31     0.00
  MONTH TO DATE    1.75                      3.20  -1.45     2.94
  SINCE JUN 1      2.42                      6.27  -3.85     8.40
  SINCE JAN 1     14.65                     17.26  -2.61    16.52

SNOWFALL (IN)
  YESTERDAY        0.0           0.0    MM   0.0    0.0      0.0
  MONTH TO DATE    0.0                       0.0    0.0      0.0
  SINCE JUN 1      0.0                       0.0    0.0      0.0
  SINCE JUL 1      0.0                       0.0    0.0      0.0
  SNOW DEPTH       0

DEGREE DAYS
 HEATING
  YESTERDAY        0                         0      0        0
  MONTH TO DATE    0                        10    -10        8
  SINCE JUN 1     28                        76    -48       36
  SINCE JUL 1      0                        10    -10        8

 COOLING
  YESTERDAY        6                         6      0       11
  MONTH TO DATE  339                       180    159      207
  SINCE JUN 1    517                       292    225      331
  SINCE JAN 1    596                       324    272      406
..................................................................


WIND (MPH)
  HIGHEST WIND SPEED    15   HIGHEST WIND DIRECTION    NE (30)
  HIGHEST GUST SPEED    17   HIGHEST GUST DIRECTION    NE (40)
  AVERAGE WIND SPEED     8.1


SKY COVER
  POSSIBLE SUNSHINE  MM
  AVERAGE SKY COVER 0.9


WEATHER CONDITIONS
 THE FOLLOWING WEATHER WAS RECORDED YESTERDAY.
  THUNDERSTORM
  HEAVY RAIN
  RAIN
  LIGHT RAIN
  FOG


RELATIVE HUMIDITY (PERCENT)
 HIGHEST    87           700 AM
 LOWEST     66          1200 AM
 AVERAGE    77

..........................................................


THE FLINT MI CLIMATE NORMALS FOR TODAY
                         NORMAL    RECORD    YEAR
 MAXIMUM TEMPERATURE (F)   81        97      1955
                                             1933
 MINIMUM TEMPERATURE (F)   59        47      1960


SUNRISE AND SUNSET
JULY 31 2016..........SUNRISE   625 AM EDT   SUNSET   857 PM EDT
AUGUST  1 2016........SUNRISE   626 AM EDT   SUNSET   855 PM EDT


-  INDICATES NEGATIVE NUMBERS.
R  INDICATES RECORD WAS SET OR TIED.
MM INDICATES DATA IS MISSING.
T  INDICATES TRACE AMOUNT.




$$
