000
CDUS43 KDTX 280536
CLIFNT


CLIMATE REPORT
NATIONAL WEATHER SERVICE DETROIT/PONTIAC MI
135 AM EDT THU AUG 28 2014


...................................

...THE FLINT MI CLIMATE SUMMARY FOR AUGUST 27 2014...

CLIMATE NORMAL PERIOD 1981 TO 2010
CLIMATE RECORD PERIOD 1921 TO 2014


WEATHER ITEM   OBSERVED TIME   RECORD YEAR NORMAL DEPARTURE LAST
                VALUE   (LST)  VALUE       VALUE  FROM      YEAR
                                                  NORMAL
..................................................................
TEMPERATURE (F)
 YESTERDAY
  MAXIMUM         78    439 PM  98    1948  78      0       84
  MINIMUM         64   1159 PM  42    1927  56      8       71
  AVERAGE         71                        67      4       78

PRECIPITATION (IN)
  YESTERDAY        0.00          1.54 1992   0.10  -0.10     1.24
  MONTH TO DATE    3.75                      2.74   1.01     2.57
  SINCE JUN 1     11.97                      9.13   2.84     8.82
  SINCE JAN 1     26.92                     20.12   6.80    25.58

SNOWFALL (IN)
  YESTERDAY        0.0           0.0    MM   0.0    0.0      0.0
  MONTH TO DATE    0.0                       0.0    0.0      0.0
  SINCE JUN 1      0.0                       0.0    0.0      0.0
  SINCE JUL 1      0.0                       0.0    0.0      0.0
  SNOW DEPTH       0

DEGREE DAYS
 HEATING
  YESTERDAY        0                         1     -1        0
  MONTH TO DATE    7                        26    -19       13
  SINCE JUN 1     46                       107    -61       63
  SINCE JUL 1     24                        41    -17       22

 COOLING
  YESTERDAY        6                         4      2       13
  MONTH TO DATE  174                       133     41      125
  SINCE JUN 1    455                       432     23      548
  SINCE JAN 1    503                       464     39      627
..................................................................


WIND (MPH)
  HIGHEST WIND SPEED    14   HIGHEST WIND DIRECTION    NE (40)
  HIGHEST GUST SPEED    17   HIGHEST GUST DIRECTION     N (350)
  AVERAGE WIND SPEED     7.1


SKY COVER
  POSSIBLE SUNSHINE  MM
  AVERAGE SKY COVER 0.5


WEATHER CONDITIONS
 THE FOLLOWING WEATHER WAS RECORDED YESTERDAY.
  FOG
  HAZE


RELATIVE HUMIDITY (PERCENT)
 HIGHEST    87           100 AM
 LOWEST     47           500 PM
 AVERAGE    67

..........................................................


THE FLINT MI CLIMATE NORMALS FOR TODAY
                         NORMAL    RECORD    YEAR
 MAXIMUM TEMPERATURE (F)   78        95      1953
                                             1926
 MINIMUM TEMPERATURE (F)   56        39      1986
                                             1982


SUNRISE AND SUNSET
AUGUST 28 2014........SUNRISE   655 AM EDT   SUNSET   816 PM EDT
AUGUST 29 2014........SUNRISE   656 AM EDT   SUNSET   815 PM EDT


-  INDICATES NEGATIVE NUMBERS.
R  INDICATES RECORD WAS SET OR TIED.
MM INDICATES DATA IS MISSING.
T  INDICATES TRACE AMOUNT.




$$
