465
CDUS43 KDTX 132132
CLIFNT


CLIMATE REPORT
NATIONAL WEATHER SERVICE DETROIT/PONTIAC MI
432 PM EST SAT FEB 13 2016


...................................

...THE FLINT MI CLIMATE SUMMARY FOR FEBRUARY 13 2016...
VALID TODAY AS OF 0400 PM LOCAL TIME.

CLIMATE NORMAL PERIOD 1981 TO 2010
CLIMATE RECORD PERIOD 1921 TO 2016


WEATHER ITEM   OBSERVED TIME   RECORD YEAR NORMAL DEPARTURE LAST
                VALUE   (LST)  VALUE       VALUE  FROM      YEAR
                                                  NORMAL
..................................................................
TEMPERATURE (F)
 TODAY
  MAXIMUM         14    347 PM  57    1938  32    -18       21
  MINIMUM         -3    445 AM  -8    2015  16    -19       -8
  AVERAGE          6                        24    -18        7

PRECIPITATION (IN)
  TODAY            T             0.99 1938   0.05  -0.05      T
  MONTH TO DATE    1.15                      0.63   0.52     0.69
  SINCE DEC 1      4.69                      4.18   0.51     3.63
  SINCE JAN 1      2.79                      2.26   0.53     1.99

SNOWFALL (IN)
  TODAY            T             3.1  1950   0.4   -0.4      0.4
  MONTH TO DATE   11.0                       5.2    5.8     12.8
  SINCE DEC 1     28.1                      30.1   -2.0     26.5
  SINCE JUL 1     38.9                      33.0    5.9     35.9
  SNOW DEPTH       6

DEGREE DAYS
 HEATING
  TODAY           59                        41     18       58
  MONTH TO DATE  477                       541    -64      608
  SINCE DEC 1   2353                      3024   -671     2956
  SINCE JUL 1   3334                      4505  -1171     4420

 COOLING
  TODAY            0                         0      0        0
  MONTH TO DATE    0                         0      0        0
  SINCE DEC 1      0                         0      0        0
  SINCE JAN 1      0                         0      0        0
..................................................................


WIND (MPH)
  HIGHEST WIND SPEED    17   HIGHEST WIND DIRECTION    NW (330)
  HIGHEST GUST SPEED    22   HIGHEST GUST DIRECTION    NW (310)
  AVERAGE WIND SPEED     7.1


SKY COVER
  POSSIBLE SUNSHINE  MM
  AVERAGE SKY COVER 0.6


WEATHER CONDITIONS
 THE FOLLOWING WEATHER WAS RECORDED TODAY.
  LIGHT SNOW
  HAZE


RELATIVE HUMIDITY (PERCENT)
 HIGHEST    79           800 AM
 LOWEST     51           200 PM
 AVERAGE    65

..........................................................


THE FLINT MI CLIMATE NORMALS FOR TOMORROW
                         NORMAL    RECORD    YEAR
 MAXIMUM TEMPERATURE (F)   32        52      1939
 MINIMUM TEMPERATURE (F)   17        -8      1978


SUNRISE AND SUNSET
FEBRUARY 13 2016......SUNRISE   736 AM EST   SUNSET   603 PM EST
FEBRUARY 14 2016......SUNRISE   734 AM EST   SUNSET   604 PM EST


-  INDICATES NEGATIVE NUMBERS.
R  INDICATES RECORD WAS SET OR TIED.
MM INDICATES DATA IS MISSING.
T  INDICATES TRACE AMOUNT.




$$
