000
CDUS43 KDTX 300536
CLIFNT


CLIMATE REPORT
NATIONAL WEATHER SERVICE DETROIT/PONTIAC MI
136 AM EDT THU MAR 30 2017


...................................

...THE FLINT MI CLIMATE SUMMARY FOR MARCH 29 2017...

CLIMATE NORMAL PERIOD 1981 TO 2010
CLIMATE RECORD PERIOD 1921 TO 2017


WEATHER ITEM   OBSERVED TIME   RECORD YEAR NORMAL DEPARTURE LAST
                VALUE   (LST)  VALUE       VALUE  FROM      YEAR
                                                  NORMAL
..................................................................
TEMPERATURE (F)
 YESTERDAY
  MAXIMUM         55    200 PM  77    1963  49      6       52
                                      1946
  MINIMUM         26    609 AM  12    1923  29     -3       31
  AVERAGE         41                        39      2       42

PRECIPITATION (IN)
  YESTERDAY        0.00          0.94 1973   0.08  -0.08     0.00
  MONTH TO DATE    2.06                      1.76   0.30     3.59
  SINCE MAR 1      2.06                      1.76   0.30     3.59
  SINCE JAN 1      7.61                      4.87   2.74     7.44

SNOWFALL (IN)
  YESTERDAY        0.0           6.0  1954   0.1   -0.1      0.0
  MONTH TO DATE    5.4                       6.2   -0.8     11.6
  SINCE MAR 1      5.4                       6.2   -0.8     11.6
  SINCE JUL 1     37.9                      44.8   -6.9     62.2
  SNOW DEPTH       0

DEGREE DAYS
 HEATING
  YESTERDAY       24                        26     -2       23
  MONTH TO DATE  903                       906     -3      690
  SINCE MAR 1    903                       906     -3      690
  SINCE JUL 1   5052                      5994   -942     4560

 COOLING
  YESTERDAY        0                         0      0        0
  MONTH TO DATE    0                         0      0        1
  SINCE MAR 1      0                         0      0        1
  SINCE JAN 1      0                         0      0        1
..................................................................


WIND (MPH)
  HIGHEST WIND SPEED    20   HIGHEST WIND DIRECTION     E (70)
  HIGHEST GUST SPEED    24   HIGHEST GUST DIRECTION     E (70)
  AVERAGE WIND SPEED     6.8


SKY COVER
  POSSIBLE SUNSHINE  MM
  AVERAGE SKY COVER 0.1


WEATHER CONDITIONS
 THE FOLLOWING WEATHER WAS RECORDED YESTERDAY.
  FOG


RELATIVE HUMIDITY (PERCENT)
 HIGHEST    92           300 AM
 LOWEST     46          1200 PM
 AVERAGE    69

..........................................................


THE FLINT MI CLIMATE NORMALS FOR TODAY
                         NORMAL    RECORD    YEAR
 MAXIMUM TEMPERATURE (F)   50        79      1998
 MINIMUM TEMPERATURE (F)   30         4      1954


SUNRISE AND SUNSET
MARCH 30 2017.........SUNRISE   720 AM EDT   SUNSET   759 PM EDT
MARCH 31 2017.........SUNRISE   718 AM EDT   SUNSET   800 PM EDT


-  INDICATES NEGATIVE NUMBERS.
R  INDICATES RECORD WAS SET OR TIED.
MM INDICATES DATA IS MISSING.
T  INDICATES TRACE AMOUNT.




$$
