000
CDUS44 KTSA 180904
CLIFSM

CLIMATE REPORT
NATIONAL WEATHER SERVICE TULSA OK
302 AM CST WED DEC 17 2014


...................................

...THE FORT SMITH ARKANSAS CLIMATE SUMMARY FOR DECEMBER 16 2014...

CLIMATE NORMAL PERIOD 1981 TO 2010
CLIMATE RECORD PERIOD 1882 TO 2014


WEATHER ITEM   OBSERVED TIME   RECORD YEAR NORMAL DEPARTURE LAST
                VALUE   (LST)  VALUE       VALUE  FROM      YEAR
                                                  NORMAL
..................................................................
TEMPERATURE (F)
 YESTERDAY
  MAXIMUM         45    311 PM  77    1924  51     -6       65
  MINIMUM         32   1153 PM   5    1989  31      1       29
  AVERAGE         39                        41     -2       47

PRECIPITATION (IN)
  YESTERDAY        0.00          3.54 2001   0.10  -0.10     0.00
  MONTH TO DATE    1.36                      1.86  -0.50     1.94
  SINCE DEC 1      1.36                      1.86  -0.50     1.94
  SINCE JAN 1     41.19                     44.03  -2.84    44.89

SNOWFALL (IN)
  YESTERDAY        T                                         0.0
  MONTH TO DATE    T                                         5.0
  SINCE DEC 1      T                                         5.0
  SINCE JUL 1      T                                         5.0

DEGREE DAYS
 HEATING
  YESTERDAY       26                        24      2       18
  MONTH TO DATE  297                       356    -59      438
  SINCE DEC 1    297                       356    -59      438
  SINCE JUL 1    916                       921     -5     1028
..................................................................


WIND (MPH)
  HIGHEST WIND SPEED    22   HIGHEST WIND DIRECTION    NW (300)
  HIGHEST GUST SPEED    27   HIGHEST GUST DIRECTION    NW (310)
  AVERAGE WIND SPEED    10.9


SKY COVER
  POSSIBLE SUNSHINE  MM
  AVERAGE SKY COVER 0.7


WEATHER CONDITIONS
 THE FOLLOWING WEATHER WAS RECORDED YESTERDAY.
  NO SIGNIFICANT WEATHER WAS OBSERVED.


RELATIVE HUMIDITY (PERCENT)
 HIGHEST    82          1100 PM
 LOWEST     49          1200 AM
 AVERAGE    66

..........................................................


THE FORT SMITH ARKANSAS CLIMATE NORMALS FOR TODAY
                         NORMAL    RECORD    YEAR
 MAXIMUM TEMPERATURE (F)   51        76      2006
 MINIMUM TEMPERATURE (F)   31         9      1901


SUNRISE AND SUNSET
DECEMBER 17 2014......SUNRISE   720 AM CST   SUNSET   507 PM CST
DECEMBER 18 2014......SUNRISE   721 AM CST   SUNSET   507 PM CST


-  INDICATES NEGATIVE NUMBERS.
R  INDICATES RECORD WAS SET OR TIED.
MM INDICATES DATA IS MISSING.
T  INDICATES TRACE AMOUNT.




$$

&&
...........................................................

THE ARKANSAS RIVER AT VAN BUREN

                   OBSERVED      24 HOUR     24 HOUR
                    VALUE        CHANGE      FORECAST

 STAGE (FEET)
  THIS MORNING       19.0         -0.5

MEAN FLOW (CFS)
  TODAY                                        10100
...........................................................
ALL DATA MEASURED AT THE FORT SMITH REGIONAL AIRPORT
