000
CDUS44 KTSA 160803
CLIFSM

CLIMATE REPORT
NATIONAL WEATHER SERVICE TULSA OK
302 AM CDT WED APR 16 2014


...................................

...THE FORT SMITH ARKANSAS CLIMATE SUMMARY FOR APRIL 15 2014...

CLIMATE NORMAL PERIOD 1981 TO 2010
CLIMATE RECORD PERIOD 1882 TO 2014


WEATHER ITEM   OBSERVED TIME   RECORD YEAR NORMAL DEPARTURE LAST
                VALUE   (LST)  VALUE       VALUE  FROM      YEAR
                                                  NORMAL
..................................................................
TEMPERATURE (F)
 YESTERDAY
  MAXIMUM         63    305 PM  91    1924  74    -11       85
  MINIMUM         32    131 AM  27    1983  49    -17       62
  AVERAGE         48                        62    -14       74

PRECIPITATION (IN)
  YESTERDAY        0.00          1.76 1954   0.14  -0.14     0.00
  MONTH TO DATE    2.01                      2.00   0.01     1.88
  SINCE MAR 1      5.86                      5.85   0.01     5.30
  SINCE JAN 1      7.63                     11.42  -3.79    13.73

SNOWFALL (IN)
  YESTERDAY        0.0                                       0.0
  MONTH TO DATE    0.0                                       0.0
  SINCE MAR 1      0.5                                       0.0
  SINCE JUL 1     10.7                                       8.0

DEGREE DAYS
 HEATING
  YESTERDAY       17                         5     12        0
  MONTH TO DATE  103                       101      2      104
  SINCE MAR 1    562                       487     75      573
  SINCE JUL 1   3507                      3160    347     2896

 COOLING
  YESTERDAY        0                         2     -2        9
  MONTH TO DATE   28                        20      8       30
  SINCE MAR 1     28                        31     -3       32
  SINCE JAN 1     28                        32     -4       33
..................................................................


WIND (MPH)
  HIGHEST WIND SPEED    13   HIGHEST WIND DIRECTION     W (270)
  HIGHEST GUST SPEED    16   HIGHEST GUST DIRECTION     W (280)
  AVERAGE WIND SPEED     4.8


SKY COVER
  POSSIBLE SUNSHINE  MM
  AVERAGE SKY COVER 0.0


WEATHER CONDITIONS
 THE FOLLOWING WEATHER WAS RECORDED YESTERDAY.
  NO SIGNIFICANT WEATHER WAS OBSERVED.


RELATIVE HUMIDITY (PERCENT)
 HIGHEST    75           100 AM
 LOWEST     24           200 PM
 AVERAGE    50

..........................................................


THE FORT SMITH ARKANSAS CLIMATE NORMALS FOR TODAY
                         NORMAL    RECORD    YEAR
 MAXIMUM TEMPERATURE (F)   74        92      2006
 MINIMUM TEMPERATURE (F)   50        32      1953


SUNRISE AND SUNSET
APRIL 16 2014.........SUNRISE   644 AM CDT   SUNSET   751 PM CDT
APRIL 17 2014.........SUNRISE   643 AM CDT   SUNSET   752 PM CDT


-  INDICATES NEGATIVE NUMBERS.
R  INDICATES RECORD WAS SET OR TIED.
MM INDICATES DATA IS MISSING.
T  INDICATES TRACE AMOUNT.




$$

&&
...........................................................

THE ARKANSAS RIVER AT VAN BUREN

                   OBSERVED      24 HOUR     24 HOUR
                    VALUE        CHANGE      FORECAST

 STAGE (FEET)
  THIS MORNING       19.7         +0.2

MEAN FLOW (CFS)
  TODAY                                        19400
...........................................................
ALL DATA MEASURED AT THE FORT SMITH REGIONAL AIRPORT
