000
CDUS44 KTSA 250803
CLIFSM

CLIMATE REPORT
NATIONAL WEATHER SERVICE TULSA OK
300 AM CDT MON MAY 25 2015

...................................

...THE FORT SMITH ARKANSAS CLIMATE SUMMARY FOR MAY 24 2015...

CLIMATE NORMAL PERIOD 1981 TO 2010
CLIMATE RECORD PERIOD 1882 TO 2015


WEATHER ITEM   OBSERVED TIME   RECORD YEAR NORMAL DEPARTURE LAST
                VALUE   (LST)  VALUE       VALUE  FROM      YEAR
                                                  NORMAL
..................................................................
TEMPERATURE (F)
 YESTERDAY
  MAXIMUM         73    142 AM  95    1962  82     -9       85
  MINIMUM         61   1023 PM  45    1983  62     -1       67
  AVERAGE         67                        72     -5       76

PRECIPITATION (IN)
  YESTERDAY        2.84          2.90 1909   0.17   2.67     0.00
  MONTH TO DATE   17.75                      4.31  13.44     4.62
  SINCE MAR 1     26.54                     12.46  14.08    11.41
  SINCE JAN 1     31.15                     18.03  13.12    13.18

DEGREE DAYS
 COOLING
  YESTERDAY        2                         7     -5       11
  MONTH TO DATE  117                       119     -2      152
  SINCE MAR 1    185                       184      1      203
  SINCE JAN 1    185                       185      0      203
..................................................................


WIND (MPH)
  HIGHEST WIND SPEED    23   HIGHEST WIND DIRECTION    SW (210)
  HIGHEST GUST SPEED    35   HIGHEST GUST DIRECTION    SW (230)
  AVERAGE WIND SPEED     6.3


SKY COVER
  POSSIBLE SUNSHINE  MM
  AVERAGE SKY COVER 0.8


WEATHER CONDITIONS
 THE FOLLOWING WEATHER WAS RECORDED YESTERDAY.
  THUNDERSTORM
  HEAVY RAIN
  RAIN
  LIGHT RAIN
  FOG
  FOG W/VISIBILITY <= 1/4 MILE


RELATIVE HUMIDITY (PERCENT)
 HIGHEST    93          1100 AM
 LOWEST     84          1200 AM
 AVERAGE    89

..........................................................


THE FORT SMITH ARKANSAS CLIMATE NORMALS FOR TODAY
                         NORMAL    RECORD    YEAR
 MAXIMUM TEMPERATURE (F)   83        95      1964
 MINIMUM TEMPERATURE (F)   62        47      2001
                                             1979


SUNRISE AND SUNSET
MAY 25 2015...........SUNRISE   607 AM CDT   SUNSET   822 PM CDT
MAY 26 2015...........SUNRISE   606 AM CDT   SUNSET   823 PM CDT


-  INDICATES NEGATIVE NUMBERS.
R  INDICATES RECORD WAS SET OR TIED.
MM INDICATES DATA IS MISSING.
T  INDICATES TRACE AMOUNT.




$$

&&
...........................................................

THE ARKANSAS RIVER AT VAN BUREN

                   OBSERVED      24 HOUR     24 HOUR
                    VALUE        CHANGE      FORECAST

 STAGE (FEET)
  THIS MORNING       28.6         +7.6

MEAN FLOW (CFS)
  TODAY                                        -99
...........................................................
ALL DATA MEASURED AT THE FORT SMITH REGIONAL AIRPORT
