000
CDUS44 KTSA 210801
CLIFSM

CLIMATE REPORT
NATIONAL WEATHER SERVICE TULSA OK
147 AM CDT FRI JUL 21 2017


...................................

...THE FORT SMITH ARKANSAS CLIMATE SUMMARY FOR JULY 20 2017...

CLIMATE NORMAL PERIOD 1981 TO 2010
CLIMATE RECORD PERIOD 1882 TO 2017


WEATHER ITEM   OBSERVED TIME   RECORD YEAR NORMAL DEPARTURE LAST
                VALUE   (LST)  VALUE       VALUE  FROM      YEAR
                                                  NORMAL
..................................................................
TEMPERATURE (F)
 YESTERDAY
  MAXIMUM         98    424 PM 108    2012  93      5       96
  MINIMUM         77   1018 AM  59    1947  72      5       77
  AVERAGE         88                        83      5       87

PRECIPITATION (IN)
  YESTERDAY        0.00          2.14 1911   0.10  -0.10     0.00
  MONTH TO DATE    4.06                      2.18   1.88     3.60
  SINCE JUN 1     12.56                      6.46   6.10     5.51
  SINCE JAN 1     34.64                     25.65   8.99    22.72

DEGREE DAYS
 COOLING
  YESTERDAY       23                        18      5       22
  MONTH TO DATE  360                       340     20      379
  SINCE JUN 1    760                       725     35      882
  SINCE JAN 1   1078                       969    109     1067
..................................................................


WIND (MPH)
  HIGHEST WIND SPEED    13   HIGHEST WIND DIRECTION    SW (210)
  HIGHEST GUST SPEED    19   HIGHEST GUST DIRECTION     W (250)
  AVERAGE WIND SPEED     4.6


SKY COVER
  POSSIBLE SUNSHINE  MM
  AVERAGE SKY COVER 0.2


WEATHER CONDITIONS
 THE FOLLOWING WEATHER WAS RECORDED YESTERDAY.
  NO SIGNIFICANT WEATHER WAS OBSERVED.


RELATIVE HUMIDITY (PERCENT)
 HIGHEST    94           600 AM
 LOWEST     42           400 PM
 AVERAGE    68

..........................................................


THE FORT SMITH ARKANSAS CLIMATE NORMALS FOR TODAY
                         NORMAL    RECORD    YEAR
 MAXIMUM TEMPERATURE (F)   94       106      2011
 MINIMUM TEMPERATURE (F)   72        60      1971


SUNRISE AND SUNSET
JULY 21 2017..........SUNRISE   618 AM CDT   SUNSET   829 PM CDT
JULY 22 2017..........SUNRISE   619 AM CDT   SUNSET   828 PM CDT


-  INDICATES NEGATIVE NUMBERS.
R  INDICATES RECORD WAS SET OR TIED.
MM INDICATES DATA IS MISSING.
T  INDICATES TRACE AMOUNT.




$$

&&
...........................................................

THE ARKANSAS RIVER AT VAN BUREN

                   OBSERVED      24 HOUR     24 HOUR
                    VALUE        CHANGE      FORECAST

 STAGE (FEET)
  THIS MORNING       19.5         +0.1

 MEAN FLOW (CFS)
  TODAY                                        1140
...........................................................
ALL DATA MEASURED AT THE FORT SMITH REGIONAL AIRPORT
