000
CDUS44 KTSA 232121
CLIFSM

CLIMATE REPORT
NATIONAL WEATHER SERVICE TULSA OK
418 PM CDT SUN APR 23 2017


...................................

...THE FORT SMITH ARKANSAS CLIMATE SUMMARY FOR APRIL 23 2017...
VALID TODAY AS OF 0400 PM LOCAL TIME.

CLIMATE NORMAL PERIOD 1981 TO 2010
CLIMATE RECORD PERIOD 1882 TO 2017


WEATHER ITEM   OBSERVED TIME   RECORD YEAR NORMAL DEPARTURE LAST
                VALUE   (LST)  VALUE       VALUE  FROM      YEAR
                                                  NORMAL
..................................................................
TEMPERATURE (F)
 TODAY
  MAXIMUM         74    256 PM  91    1965  76     -2       84
                                      1964
  MINIMUM         46    607 AM  36    1893  52     -6       51
                                      1884
  AVERAGE         60                        64     -4       68

PRECIPITATION (IN)
  TODAY            0.00          2.31 1970   0.16  -0.16     0.00
  MONTH TO DATE    3.83                      3.18   0.65     2.25
  SINCE MAR 1      7.58                      7.03   0.55     7.56
  SINCE JAN 1     12.40                     12.60  -0.20     9.71

SNOWFALL (IN)
  TODAY            0.0                                       0.0
  MONTH TO DATE    0.0                                       0.0
  SINCE MAR 1      0.0                                       0.0
  SINCE JUL 1      2.0                                        T

DEGREE DAYS
 HEATING
  TODAY            5                         4      1        0
  MONTH TO DATE   49                       136    -87       71
  SINCE MAR 1    310                       522   -212      339
  SINCE JUL 1   2219                      3195   -976     2408

 COOLING
  TODAY            0                         2     -2        3
  MONTH TO DATE   70                        36     34       11
  SINCE MAR 1    104                        47     57       17
  SINCE JAN 1    120                        48     72       18
..................................................................


WIND (MPH)
  HIGHEST WIND SPEED    16   HIGHEST WIND DIRECTION     N (340)
  HIGHEST GUST SPEED    20   HIGHEST GUST DIRECTION    NW (330)
  AVERAGE WIND SPEED     6.1


SKY COVER
  POSSIBLE SUNSHINE  MM
  AVERAGE SKY COVER 0.2


WEATHER CONDITIONS
 THE FOLLOWING WEATHER WAS RECORDED TODAY.
  NO SIGNIFICANT WEATHER WAS OBSERVED.


RELATIVE HUMIDITY (PERCENT)
 HIGHEST    93           300 AM
 LOWEST     25           100 PM
 AVERAGE    59

..........................................................


THE FORT SMITH ARKANSAS CLIMATE NORMALS FOR TOMORROW
                         NORMAL    RECORD    YEAR
 MAXIMUM TEMPERATURE (F)   76        90      1989
                                             1965
 MINIMUM TEMPERATURE (F)   52        36      2005
                                             1887


SUNRISE AND SUNSET
APRIL 23 2017.........SUNRISE   635 AM CDT   SUNSET   757 PM CDT
APRIL 24 2017.........SUNRISE   634 AM CDT   SUNSET   758 PM CDT


-  INDICATES NEGATIVE NUMBERS.
R  INDICATES RECORD WAS SET OR TIED.
MM INDICATES DATA IS MISSING.
T  INDICATES TRACE AMOUNT.




$$

&&
...........................................................

THE ARKANSAS RIVER AT VAN BUREN

                   OBSERVED      24 HOUR     24 HOUR
                    VALUE        CHANGE      FORECAST

 STAGE (FEET)
  THIS AFTERNOON     20.3         +0.3

MEAN FLOW (CFS)
  TODAY                                        -99
...........................................................
ALL DATA MEASURED AT THE FORT SMITH REGIONAL AIRPORT
