000
CDUS44 KTSA 270914
CLIFSM

CLIMATE REPORT
NATIONAL WEATHER SERVICE TULSA OK
314 AM CST THU NOV 27 2014


...................................

...THE FORT SMITH ARKANSAS CLIMATE SUMMARY FOR NOVEMBER 26 2014...

CLIMATE NORMAL PERIOD 1981 TO 2010
CLIMATE RECORD PERIOD 1882 TO 2014


WEATHER ITEM   OBSERVED TIME   RECORD YEAR NORMAL DEPARTURE LAST
                VALUE   (LST)  VALUE       VALUE  FROM      YEAR
                                                  NORMAL
..................................................................
TEMPERATURE (F)
 YESTERDAY
  MAXIMUM         58    156 PM  82    1965  58      0       51
  MINIMUM         32    508 AM  17    1975  36     -4       33
  AVERAGE         45                        47     -2       42

PRECIPITATION (IN)
  YESTERDAY        0.00          1.90 1893   0.14  -0.14     0.00
  MONTH TO DATE    1.58                      3.87  -2.29     2.40
  SINCE SEP 1     16.38                     12.24   4.14     8.08
  SINCE JAN 1     39.83                     41.60  -1.77    42.95

SNOWFALL (IN)
  YESTERDAY        0.0                                       0.0
  MONTH TO DATE    T                                          T
  SINCE SEP 1      T                                          T
  SINCE JUL 1      T                                          T

DEGREE DAYS
 HEATING
  YESTERDAY       20                        18      2       23
  MONTH TO DATE  493                       336    157      355
  SINCE SEP 1    568                       490     78      490
  SINCE JUL 1    568                       490     78      490
..................................................................


WIND (MPH)
  HIGHEST WIND SPEED    25   HIGHEST WIND DIRECTION     W (290)
  HIGHEST GUST SPEED    34   HIGHEST GUST DIRECTION     W (290)
  AVERAGE WIND SPEED    10.6


SKY COVER
  POSSIBLE SUNSHINE  MM
  AVERAGE SKY COVER 0.1


WEATHER CONDITIONS
 THE FOLLOWING WEATHER WAS RECORDED YESTERDAY.
  HAZE


RELATIVE HUMIDITY (PERCENT)
 HIGHEST    82          1200 AM
 LOWEST     30           100 PM
 AVERAGE    56

..........................................................


THE FORT SMITH ARKANSAS CLIMATE NORMALS FOR TODAY
                         NORMAL    RECORD    YEAR
 MAXIMUM TEMPERATURE (F)   57        81      1964
 MINIMUM TEMPERATURE (F)   36        13      1975


SUNRISE AND SUNSET
NOVEMBER 27 2014......SUNRISE   704 AM CST   SUNSET   506 PM CST
NOVEMBER 28 2014......SUNRISE   705 AM CST   SUNSET   506 PM CST


-  INDICATES NEGATIVE NUMBERS.
R  INDICATES RECORD WAS SET OR TIED.
MM INDICATES DATA IS MISSING.
T  INDICATES TRACE AMOUNT.




$$

&&
...........................................................

THE ARKANSAS RIVER AT VAN BUREN

                   OBSERVED      24 HOUR     24 HOUR
                    VALUE        CHANGE      FORECAST

 STAGE (FEET)
  THIS MORNING       19.4         +0.3

MEAN FLOW (CFS)
  TODAY                                        4300
...........................................................
ALL DATA MEASURED AT THE FORT SMITH REGIONAL AIRPORT
