000
CDUS44 KTSA 280805
CLIFSM

CLIMATE REPORT
NATIONAL WEATHER SERVICE TULSA OK
300 AM CDT SUN MAY 28 2017

...................................

...THE FORT SMITH ARKANSAS CLIMATE SUMMARY FOR MAY 27 2017...

CLIMATE NORMAL PERIOD 1981 TO 2010
CLIMATE RECORD PERIOD 1882 TO 2017


WEATHER ITEM   OBSERVED TIME   RECORD YEAR NORMAL DEPARTURE LAST
                VALUE   (LST)  VALUE       VALUE  FROM      YEAR
                                                  NORMAL
..................................................................
TEMPERATURE (F)
 YESTERDAY
  MAXIMUM         92    419 PM  95    2012  83      9       79
                                      1964
  MINIMUM         68   1159 PM  44    1961  63      5       66
  AVERAGE         80                        73      7       73

PRECIPITATION (IN)
  YESTERDAY        0.10          2.04 2008   0.17  -0.07     0.03
  MONTH TO DATE    6.45                      4.81   1.64     3.68
  SINCE MAR 1     17.26                     12.96   4.30    15.04
  SINCE JAN 1     22.08                     18.53   3.55    17.19

DEGREE DAYS
 COOLING
  YESTERDAY       15                         8      7        8
  MONTH TO DATE  139                       143     -4      100
  SINCE MAR 1    259                       208     51      148
  SINCE JAN 1    275                       209     66      149
..................................................................


WIND (MPH)
  HIGHEST WIND SPEED    28   HIGHEST WIND DIRECTION    NW (320)
  HIGHEST GUST SPEED    37   HIGHEST GUST DIRECTION    NW (310)
  AVERAGE WIND SPEED     8.6


SKY COVER
  POSSIBLE SUNSHINE  MM
  AVERAGE SKY COVER 0.5


WEATHER CONDITIONS
 THE FOLLOWING WEATHER WAS RECORDED YESTERDAY.
  THUNDERSTORM
  HAZE


RELATIVE HUMIDITY (PERCENT)
 HIGHEST    87           100 AM
 LOWEST     49           400 PM
 AVERAGE    68

..........................................................


THE FORT SMITH ARKANSAS CLIMATE NORMALS FOR TODAY
                         NORMAL    RECORD    YEAR
 MAXIMUM TEMPERATURE (F)   83        97      2012
 MINIMUM TEMPERATURE (F)   63        48      1961
                                             1891


SUNRISE AND SUNSET
MAY 28 2017...........SUNRISE   605 AM CDT   SUNSET   825 PM CDT
MAY 29 2017...........SUNRISE   605 AM CDT   SUNSET   825 PM CDT


-  INDICATES NEGATIVE NUMBERS.
R  INDICATES RECORD WAS SET OR TIED.
MM INDICATES DATA IS MISSING.
T  INDICATES TRACE AMOUNT.




$$

&&
...........................................................

THE ARKANSAS RIVER AT VAN BUREN

                   OBSERVED      24 HOUR     24 HOUR
                    VALUE        CHANGE      FORECAST

 STAGE (FEET)
  THIS MORNING       21.4         +0.6

MEAN FLOW (CFS)
  TODAY                                        -99
...........................................................
ALL DATA MEASURED AT THE FORT SMITH REGIONAL AIRPORT
