000
CDUS44 KTSA 240807
CLIFSM

CLIMATE REPORT
NATIONAL WEATHER SERVICE TULSA OK
302 AM CDT FRI OCT 24 2014


...................................

...THE FORT SMITH ARKANSAS CLIMATE SUMMARY FOR OCTOBER 23 2014...

CLIMATE NORMAL PERIOD 1981 TO 2010
CLIMATE RECORD PERIOD 1882 TO 2014


WEATHER ITEM   OBSERVED TIME   RECORD YEAR NORMAL DEPARTURE LAST
                VALUE   (LST)  VALUE       VALUE  FROM      YEAR
                                                  NORMAL
..................................................................
TEMPERATURE (F)
 YESTERDAY
  MAXIMUM         68    358 PM  91    1939  73     -5       70
  MINIMUM         54    701 AM  27    1952  49      5       43
  AVERAGE         61                        61      0       57

PRECIPITATION (IN)
  YESTERDAY        0.00          3.06 1970   0.14  -0.14     0.00
  MONTH TO DATE    7.62                      3.18   4.44     3.51
  SINCE SEP 1     14.52                      7.23   7.29     5.01
  SINCE JAN 1     37.97                     36.59   1.38    39.88

SNOWFALL (IN)
  YESTERDAY        0.0                                       0.0
  MONTH TO DATE    0.0                                       0.0
  SINCE SEP 1      0.0                                       0.0
  SINCE JUL 1      0.0                                       0.0

DEGREE DAYS
 HEATING
  YESTERDAY        4                         6     -2        8
  MONTH TO DATE   43                        81    -38       93
  SINCE SEP 1     47                        98    -51       93
  SINCE JUL 1     47                        98    -51       93

 COOLING
  YESTERDAY        0                         1     -1        0
  MONTH TO DATE   74                        59     15       81
  SINCE SEP 1    370                       342     28      500
  SINCE JAN 1   2033                      2037     -4     2303
..................................................................


WIND (MPH)
  HIGHEST WIND SPEED    12   HIGHEST WIND DIRECTION     E (70)
  HIGHEST GUST SPEED    15   HIGHEST GUST DIRECTION     E (70)
  AVERAGE WIND SPEED     5.9


SKY COVER
  POSSIBLE SUNSHINE  MM
  AVERAGE SKY COVER 0.4


WEATHER CONDITIONS
 THE FOLLOWING WEATHER WAS RECORDED YESTERDAY.
  NO SIGNIFICANT WEATHER WAS OBSERVED.


RELATIVE HUMIDITY (PERCENT)
 HIGHEST    86          1200 AM
 LOWEST     52          1200 PM
 AVERAGE    69

..........................................................


THE FORT SMITH ARKANSAS CLIMATE NORMALS FOR TODAY
                         NORMAL    RECORD    YEAR
 MAXIMUM TEMPERATURE (F)   72        91      2003
 MINIMUM TEMPERATURE (F)   48        28      1982


SUNRISE AND SUNSET
OCTOBER 24 2014.......SUNRISE   732 AM CDT   SUNSET   631 PM CDT
OCTOBER 25 2014.......SUNRISE   732 AM CDT   SUNSET   630 PM CDT


-  INDICATES NEGATIVE NUMBERS.
R  INDICATES RECORD WAS SET OR TIED.
MM INDICATES DATA IS MISSING.
T  INDICATES TRACE AMOUNT.




$$

&&
...........................................................

THE ARKANSAS RIVER AT VAN BUREN

                   OBSERVED      24 HOUR     24 HOUR
                    VALUE        CHANGE      FORECAST

 STAGE (FEET)
  THIS MORNING       19.7         +0.2

MEAN FLOW (CFS)
  TODAY                                        28400
...........................................................
ALL DATA MEASURED AT THE FORT SMITH REGIONAL AIRPORT
