000
CDUS44 KTSA 120933
CLIFSM

CLIMATE REPORT
NATIONAL WEATHER SERVICE TULSA OK
1247 AM CST FRI FEB 12 2016


...................................

...THE FORT SMITH ARKANSAS CLIMATE SUMMARY FOR FEBRUARY 11 2016...

CLIMATE NORMAL PERIOD 1981 TO 2010
CLIMATE RECORD PERIOD 1882 TO 2016


WEATHER ITEM   OBSERVED TIME   RECORD YEAR NORMAL DEPARTURE LAST
                VALUE   (LST)  VALUE       VALUE  FROM      YEAR
                                                  NORMAL
..................................................................
TEMPERATURE (F)
 YESTERDAY
  MAXIMUM         65    349 PM  76    1962  54     11       66
                                      1961
  MINIMUM         32    515 AM  -8    1899  32      0       36
  AVERAGE         49                        43      6       51

PRECIPITATION (IN)
  YESTERDAY        0.00          2.41 1884   0.09  -0.09     0.00
  MONTH TO DATE    0.00                      1.05  -1.05     0.66
  SINCE DEC 1     11.20                      7.15   4.05     5.19
  SINCE JAN 1      0.39                      3.86  -3.47     2.88

SNOWFALL (IN)
  YESTERDAY        0.0                                       0.0
  MONTH TO DATE    0.0                                       0.0
  SINCE DEC 1      T                                          T
  SINCE JUL 1      T                                          T

DEGREE DAYS
 HEATING
  YESTERDAY       16                        22     -6       14
  MONTH TO DATE  227                       254    -27      228
  SINCE DEC 1   1459                      1780   -321     1662
  SINCE JUL 1   1816                      2345   -529     2281
..................................................................


WIND (MPH)
  HIGHEST WIND SPEED    13   HIGHEST WIND DIRECTION     E (80)
  HIGHEST GUST SPEED    15   HIGHEST GUST DIRECTION     E (70)
  AVERAGE WIND SPEED     5.7


SKY COVER
  POSSIBLE SUNSHINE  MM
  AVERAGE SKY COVER 0.0


WEATHER CONDITIONS
 THE FOLLOWING WEATHER WAS RECORDED YESTERDAY.
  NO SIGNIFICANT WEATHER WAS OBSERVED.


RELATIVE HUMIDITY (PERCENT)
 HIGHEST    75           600 AM
 LOWEST     22           400 PM
 AVERAGE    49

..........................................................


THE FORT SMITH ARKANSAS CLIMATE NORMALS FOR TODAY
                         NORMAL    RECORD    YEAR
 MAXIMUM TEMPERATURE (F)   55        86      1962
 MINIMUM TEMPERATURE (F)   32       -15      1899


SUNRISE AND SUNSET
FEBRUARY 12 2016......SUNRISE   707 AM CST   SUNSET   556 PM CST
FEBRUARY 13 2016......SUNRISE   706 AM CST   SUNSET   557 PM CST


-  INDICATES NEGATIVE NUMBERS.
R  INDICATES RECORD WAS SET OR TIED.
MM INDICATES DATA IS MISSING.
T  INDICATES TRACE AMOUNT.




$$

&&
...........................................................

THE ARKANSAS RIVER AT VAN BUREN

                   OBSERVED      24 HOUR     24 HOUR
                    VALUE        CHANGE      FORECAST

 STAGE (FEET)
  THIS MORNING       19.3         -0.2

MEAN FLOW (CFS)
  TODAY                                        18100
...........................................................
ALL DATA MEASURED AT THE FORT SMITH REGIONAL AIRPORT
