000
CDUS44 KTSA 230813
CLIFSM

CLIMATE REPORT
NATIONAL WEATHER SERVICE TULSA OK
313 AM CDT TUE AUG 23 2016

...................................

...THE FORT SMITH ARKANSAS CLIMATE SUMMARY FOR AUGUST 22 2016...

CLIMATE NORMAL PERIOD 1981 TO 2010
CLIMATE RECORD PERIOD 1882 TO 2016


WEATHER ITEM   OBSERVED TIME   RECORD YEAR NORMAL DEPARTURE LAST
                VALUE   (LST)  VALUE       VALUE  FROM      YEAR
                                                  NORMAL
..................................................................
TEMPERATURE (F)
 YESTERDAY
  MAXIMUM         85   1249 PM 103    2000  93     -8       84
                                      1922
                                      1896
  MINIMUM         63    621 AM  54    1956  70     -7       70
  AVERAGE         74                        82     -8       77

PRECIPITATION (IN)
  YESTERDAY        0.00          2.65 1911   0.08  -0.08     0.11
  MONTH TO DATE    3.68                      1.86   1.82     3.46
  SINCE JUN 1      9.24                      9.44  -0.20    15.38
  SINCE JAN 1     26.45                     28.63  -2.18    48.63

DEGREE DAYS
 COOLING
  YESTERDAY        9                        17     -8       12
  MONTH TO DATE  397                       390      7      371
  SINCE JUN 1   1507                      1311    196     1468
  SINCE JAN 1   1692                      1555    137     1708
..................................................................


WIND (MPH)
  HIGHEST WIND SPEED    14   HIGHEST WIND DIRECTION     E (90)
  HIGHEST GUST SPEED    19   HIGHEST GUST DIRECTION     E (90)
  AVERAGE WIND SPEED     6.3


SKY COVER
  POSSIBLE SUNSHINE  MM
  AVERAGE SKY COVER 0.4


WEATHER CONDITIONS
 THE FOLLOWING WEATHER WAS RECORDED YESTERDAY.
  NO SIGNIFICANT WEATHER WAS OBSERVED.


RELATIVE HUMIDITY (PERCENT)
 HIGHEST    93           600 AM
 LOWEST     44           100 PM
 AVERAGE    69

..........................................................


THE FORT SMITH ARKANSAS CLIMATE NORMALS FOR TODAY
                         NORMAL    RECORD    YEAR
 MAXIMUM TEMPERATURE (F)   93       103      1963
                                             1910
 MINIMUM TEMPERATURE (F)   70        53      1891


SUNRISE AND SUNSET
AUGUST 23 2016........SUNRISE   643 AM CDT   SUNSET   756 PM CDT
AUGUST 24 2016........SUNRISE   644 AM CDT   SUNSET   754 PM CDT


-  INDICATES NEGATIVE NUMBERS.
R  INDICATES RECORD WAS SET OR TIED.
MM INDICATES DATA IS MISSING.
T  INDICATES TRACE AMOUNT.




$$

&&
...........................................................

THE ARKANSAS RIVER AT VAN BUREN

                   OBSERVED      24 HOUR     24 HOUR
                    VALUE        CHANGE      FORECAST

 STAGE (FEET)
  THIS MORNING       19.5         +0.3

MEAN FLOW (CFS)
  TODAY                                        -99
...........................................................
ALL DATA MEASURED AT THE FORT SMITH REGIONAL AIRPORT
