000
CDUS44 KTSA 290803
CLIFSM

CLIMATE REPORT
NATIONAL WEATHER SERVICE TULSA OK
302 AM CDT TUE JUL 29 2014


...................................

...THE FORT SMITH ARKANSAS CLIMATE SUMMARY FOR JULY 28 2014...

CLIMATE NORMAL PERIOD 1981 TO 2010
CLIMATE RECORD PERIOD 1882 TO 2014


WEATHER ITEM   OBSERVED TIME   RECORD YEAR NORMAL DEPARTURE LAST
                VALUE   (LST)  VALUE       VALUE  FROM      YEAR
                                                  NORMAL
..................................................................
TEMPERATURE (F)
 YESTERDAY
  MAXIMUM         90    238 PM 107    1986  94     -4       90
  MINIMUM         71    544 AM  63    2004  72     -1       67
                                      1994
                                      1980
  AVERAGE         81                        83     -2       79

PRECIPITATION (IN)
  YESTERDAY        0.00          1.26 1906   0.10  -0.10     0.00
  MONTH TO DATE    1.72                      2.99  -1.27     3.83
  SINCE JUN 1      6.17                      7.27  -1.10     9.93
  SINCE JAN 1     20.91                     26.46  -5.55    30.91

DEGREE DAYS
 COOLING
  YESTERDAY       16                        18     -2       14
  MONTH TO DATE  394                       484    -90      480
  SINCE JUN 1    832                       869    -37      933
  SINCE JAN 1   1110                      1113     -3     1207
..................................................................


WIND (MPH)
  HIGHEST WIND SPEED    17   HIGHEST WIND DIRECTION     N (340)
  HIGHEST GUST SPEED    21   HIGHEST GUST DIRECTION     N (340)
  AVERAGE WIND SPEED     6.5


SKY COVER
  POSSIBLE SUNSHINE  MM
  AVERAGE SKY COVER 0.0


WEATHER CONDITIONS
 THE FOLLOWING WEATHER WAS RECORDED YESTERDAY.
  NO SIGNIFICANT WEATHER WAS OBSERVED.


RELATIVE HUMIDITY (PERCENT)
 HIGHEST    79           600 AM
 LOWEST     34           200 PM
 AVERAGE    57

..........................................................


THE FORT SMITH ARKANSAS CLIMATE NORMALS FOR TODAY
                         NORMAL    RECORD    YEAR
 MAXIMUM TEMPERATURE (F)   94       108      1986
                                             1930
 MINIMUM TEMPERATURE (F)   72        62      1969


SUNRISE AND SUNSET
JULY 29 2014..........SUNRISE   624 AM CDT   SUNSET   823 PM CDT
JULY 30 2014..........SUNRISE   625 AM CDT   SUNSET   823 PM CDT


-  INDICATES NEGATIVE NUMBERS.
R  INDICATES RECORD WAS SET OR TIED.
MM INDICATES DATA IS MISSING.
T  INDICATES TRACE AMOUNT.




$$

&&
...........................................................

THE ARKANSAS RIVER AT VAN BUREN

                   OBSERVED      24 HOUR     24 HOUR
                    VALUE        CHANGE      FORECAST

 STAGE (FEET)
  THIS MORNING       19.3         +0.0

MEAN FLOW (CFS)
  TODAY                                        7200
...........................................................
ALL DATA MEASURED AT THE FORT SMITH REGIONAL AIRPORT
