000
CDUS42 KFFC 200819
CLIFTY


CLIMATE REPORT
NATIONAL WEATHER SERVICE PEACHTREE CITY GA
419 AM EDT WED AUG 20 2014


...................................

...THE FULTON COUNTY AIRPORT CLIMATE SUMMARY FOR AUGUST 19 2014...

CLIMATE NORMAL PERIOD 1981 TO 2010
CLIMATE RECORD PERIOD 9999 TO 9999


WEATHER ITEM   OBSERVED TIME   RECORD YEAR NORMAL DEPARTURE LAST
                VALUE   (LST)  VALUE       VALUE  FROM      YEAR
                                                  NORMAL
..................................................................
TEMPERATURE (F)
 YESTERDAY
  MAXIMUM         87    334 PM  MM      MM  88     -1       84
  MINIMUM         71    252 AM  MM      MM  70      1       70
  AVERAGE         79                        79      0       77

PRECIPITATION (IN)
  YESTERDAY        0.36         MM      MM   0.16   0.20     0.49
  MONTH TO DATE    3.24                      3.08   0.16     3.20
  SINCE JUN 1     11.43                     12.27  -0.84    22.93
  SINCE JAN 1     30.23                     33.76  -3.53    33.18

DEGREE DAYS
 COOLING
  YESTERDAY       14                        14      0       12
  MONTH TO DATE  244                       275    -31      233
  SINCE JUN 1   1011                      1084    -73     1005
  SINCE JAN 1   1227                      1284    -57     1168
..................................................................


WIND (MPH)
  RESULTANT WIND SPEED   3   RESULTANT WIND DIRECTION   W (250)
  HIGHEST WIND SPEED    26   HIGHEST WIND DIRECTION    NW (310)
  HIGHEST GUST SPEED    32   HIGHEST GUST DIRECTION    NW (310)
  AVERAGE WIND SPEED     5.0


SKY COVER
  AVERAGE SKY COVER 0.5


WEATHER CONDITIONS
 THE FOLLOWING WEATHER WAS RECORDED YESTERDAY.
  HEAVY RAIN
  RAIN
  LIGHT RAIN
  HAZE


RELATIVE HUMIDITY (PERCENT)
 HIGHEST    93          1200 AM
 LOWEST     65           100 PM
 AVERAGE    79

..........................................................


THE FULTON COUNTY AIRPORT CLIMATE NORMALS FOR TODAY
                         NORMAL    RECORD    YEAR
 MAXIMUM TEMPERATURE (F)   88        MM        MM
 MINIMUM TEMPERATURE (F)   69        MM        MM


SUNRISE AND SUNSET
AUGUST 20 2014........SUNRISE   704 AM EDT   SUNSET   819 PM EDT
AUGUST 21 2014........SUNRISE   704 AM EDT   SUNSET   818 PM EDT


-  INDICATES NEGATIVE NUMBERS.
R  INDICATES RECORD WAS SET OR TIED.
MM INDICATES DATA IS MISSING.
T  INDICATES TRACE AMOUNT.




$$
