000
CDUS42 KFFC 250818
CLIFTY


CLIMATE REPORT
NATIONAL WEATHER SERVICE PEACHTREE CITY GA
418 AM EDT SUN JUN 25 2017


...................................

...THE FULTON COUNTY AIRPORT CLIMATE SUMMARY FOR JUNE 24 2017...

CLIMATE NORMAL PERIOD 1981 TO 2010
CLIMATE RECORD PERIOD 9999 TO 9999


WEATHER ITEM   OBSERVED TIME   RECORD YEAR NORMAL DEPARTURE LAST
                VALUE   (LST)  VALUE       VALUE  FROM      YEAR
                                                  NORMAL
..................................................................
TEMPERATURE (F)
 YESTERDAY
  MAXIMUM         86    237 PM  MM      MM  88     -2       96
  MINIMUM         72    500 AM  MM      MM  68      4       75
  AVERAGE         79                        78      1       86

PRECIPITATION (IN)
  YESTERDAY        0.01         MM      MM   0.15  -0.14     0.00
  MONTH TO DATE    5.34                      3.01   2.33     1.62
  SINCE JUN 1      5.34                      3.01   2.33     1.62
  SINCE JAN 1     27.57                     24.50   3.07    18.43

DEGREE DAYS
 COOLING
  YESTERDAY       14                        13      1       21
  MONTH TO DATE  289                       268     21      337
  SINCE JUN 1    289                       268     21      337
  SINCE JAN 1    618                       468    150      569
..................................................................


WIND (MPH)
  RESULTANT WIND SPEED   3   RESULTANT WIND DIRECTION  SW (240)
  HIGHEST WIND SPEED    16   HIGHEST WIND DIRECTION     N (350)
  HIGHEST GUST SPEED    27   HIGHEST GUST DIRECTION     N (360)
  AVERAGE WIND SPEED     5.0


SKY COVER
  AVERAGE SKY COVER 0.8


WEATHER CONDITIONS
 THE FOLLOWING WEATHER WAS RECORDED YESTERDAY.
  THUNDERSTORM
  LIGHT RAIN


RELATIVE HUMIDITY (PERCENT)
 HIGHEST   100          1200 AM
 LOWEST     70           200 PM
 AVERAGE    85

..........................................................


THE FULTON COUNTY AIRPORT CLIMATE NORMALS FOR TODAY
                         NORMAL    RECORD    YEAR
 MAXIMUM TEMPERATURE (F)   88        MM        MM
 MINIMUM TEMPERATURE (F)   68        MM        MM


SUNRISE AND SUNSET
JUNE 25 2017..........SUNRISE   629 AM EDT   SUNSET   853 PM EDT
JUNE 26 2017..........SUNRISE   629 AM EDT   SUNSET   853 PM EDT


-  INDICATES NEGATIVE NUMBERS.
R  INDICATES RECORD WAS SET OR TIED.
MM INDICATES DATA IS MISSING.
T  INDICATES TRACE AMOUNT.




$$
