154
CDUS46 KSGX 201249
CLIFUL


CLIMATE REPORT
NATIONAL WEATHER SERVICE SAN DIEGO, CA
449 AM PST MON NOV 20 2017


...................................

...THE FULLERTON AIRPORT CA CLIMATE SUMMARY FOR NOVEMBER 19 2017...

CLIMATE NORMAL PERIOD 1981 TO 2010
CLIMATE RECORD PERIOD 1998 TO 2017


WEATHER ITEM   OBSERVED TIME   RECORD YEAR NORMAL DEPARTURE LAST
                VALUE   (LST)  VALUE       VALUE  FROM      YEAR
                                                  NORMAL
..................................................................
TEMPERATURE (F)
 YESTERDAY
  MAXIMUM         78    232 PM  92    2006  71      7       76
  MINIMUM         47    640 AM  38    2000  49     -2       46
  AVERAGE         63                        60      3       61

PRECIPITATION (IN)
  YESTERDAY        0.00          0.01 2010   0.04  -0.04     0.00
                                      2010
                                      2011
  MONTH TO DATE    0.03                      0.73  -0.70     0.00
  SINCE OCT 1      0.03                      1.48  -1.45     0.40
  SINCE JAN 1     11.21                     11.46  -0.25     4.61

DEGREE DAYS
 HEATING
  YESTERDAY        2                         5     -3        4
  MONTH TO DATE    7                        67    -60        7
  SINCE SEP 1      7                        91    -84        7
  SINCE JUL 1      7                        91    -84        7

 COOLING
  YESTERDAY        0                         0      0        0
  MONTH TO DATE   26                        19      7       98
  SINCE SEP 1    593                       387    206      616
  SINCE JAN 1   1823                      1250    573     1891
..................................................................


WIND (MPH)
  RESULTANT WIND SPEED   1   RESULTANT WIND DIRECTION   S (190)
  HIGHEST WIND SPEED     7   HIGHEST WIND DIRECTION     W (280)
  HIGHEST GUST SPEED    10   HIGHEST GUST DIRECTION     W (270)
  AVERAGE WIND SPEED     1.4


SKY COVER
  POSSIBLE SUNSHINE  MM
  AVERAGE SKY COVER 0.1


WEATHER CONDITIONS
 THE FOLLOWING WEATHER WAS RECORDED YESTERDAY.
  NO SIGNIFICANT WEATHER WAS OBSERVED.


RELATIVE HUMIDITY (PERCENT)
 HIGHEST    80           800 AM
 LOWEST     23           100 PM
 AVERAGE    52

..........................................................


THE FULLERTON AIRPORT CA CLIMATE NORMALS FOR TODAY
                         NORMAL    RECORD    YEAR
 MAXIMUM TEMPERATURE (F)   71        91      2002
 MINIMUM TEMPERATURE (F)   49        43      2000


SUNRISE AND SUNSET
NOVEMBER 20 2017......SUNRISE   629 AM PST   SUNSET   446 PM PST
NOVEMBER 21 2017......SUNRISE   630 AM PST   SUNSET   445 PM PST


-  INDICATES NEGATIVE NUMBERS.
R  INDICATES RECORD WAS SET OR TIED.
MM INDICATES DATA IS MISSING.
T  INDICATES TRACE AMOUNT.




$$
