000
CDUS46 KSGX 080116
CLIFUL


CLIMATE REPORT
NATIONAL WEATHER SERVICE SAN DIEGO, CA
516 PM PST SUN FEB 7 2016


...................................

...THE FULLERTON AIRPORT CA CLIMATE SUMMARY FOR FEBRUARY 7 2016...
VALID TODAY AS OF 0500 PM LOCAL TIME.

CLIMATE NORMAL PERIOD 1981 TO 2010
CLIMATE RECORD PERIOD 1998 TO 2016


WEATHER ITEM   OBSERVED TIME   RECORD YEAR NORMAL DEPARTURE LAST
                VALUE   (LST)  VALUE       VALUE  FROM      YEAR
                                                  NORMAL
..................................................................
TEMPERATURE (F)
 TODAY
  MAXIMUM         89R   315 PM  84    2006  68     21       75
  MINIMUM         49    659 AM  41    2002  47      2       53
  AVERAGE         69                        57     12       64

PRECIPITATION (IN)
  TODAY            0.00          0.85 2009   0.11  -0.11      T
  MONTH TO DATE    0.00                      0.61  -0.61      T
  SINCE OCT 1      3.71                      7.54  -3.83     4.69
  SINCE JAN 1      2.66                      3.64  -0.98     0.87

DEGREE DAYS
 HEATING
  TODAY            0                         8     -8        1
  MONTH TO DATE   49                        56     -7        8
  SINCE DEC 1    555                       609    -54      297
  SINCE JUL 1    660                       773   -113      321

 COOLING
  TODAY            4                         0      4        0
  MONTH TO DATE    4                         0      4        1
  SINCE DEC 1      5                         5      0       24
  SINCE JAN 1      4                         4      0       20
..................................................................


WIND (MPH)
  RESULTANT WIND SPEED   1   RESULTANT WIND DIRECTION  NW (330)
  HIGHEST WIND SPEED     8   HIGHEST WIND DIRECTION     N (350)
  HIGHEST GUST SPEED    10   HIGHEST GUST DIRECTION     N (350)
  AVERAGE WIND SPEED     1.4


SKY COVER
  POSSIBLE SUNSHINE  MM
  AVERAGE SKY COVER 0.0


WEATHER CONDITIONS
 THE FOLLOWING WEATHER WAS RECORDED TODAY.
  NO SIGNIFICANT WEATHER WAS OBSERVED.


RELATIVE HUMIDITY (PERCENT)
 HIGHEST    50           700 AM
 LOWEST      8           300 PM
 AVERAGE    29

..........................................................


THE FULLERTON AIRPORT CA CLIMATE NORMALS FOR TOMORROW
                         NORMAL    RECORD    YEAR
 MAXIMUM TEMPERATURE (F)   68        90      2006
 MINIMUM TEMPERATURE (F)   47        38      2001


SUNRISE AND SUNSET
FEBRUARY  7 2016......SUNRISE   644 AM PST   SUNSET   528 PM PST
FEBRUARY  8 2016......SUNRISE   643 AM PST   SUNSET   529 PM PST


-  INDICATES NEGATIVE NUMBERS.
R  INDICATES RECORD WAS SET OR TIED.
MM INDICATES DATA IS MISSING.
T  INDICATES TRACE AMOUNT.




$$
