000
CDUS46 KSGX 240018
CLIFUL


CLIMATE REPORT
NATIONAL WEATHER SERVICE SAN DIEGO, CA
517 PM PDT SUN JUL 23 2017


...................................

...THE FULLERTON AIRPORT CA CLIMATE SUMMARY FOR JULY 23 2017...
VALID TODAY AS OF 0500 PM LOCAL TIME.

CLIMATE NORMAL PERIOD 1981 TO 2010
CLIMATE RECORD PERIOD 1998 TO 2017


WEATHER ITEM   OBSERVED TIME   RECORD YEAR NORMAL DEPARTURE LAST
                VALUE   (LST)  VALUE       VALUE  FROM      YEAR
                                                  NORMAL
..................................................................
TEMPERATURE (F)
 TODAY
  MAXIMUM         85    153 PM  95    2016  84      1       95
  MINIMUM         69    502 AM  61    2010  65      4       70
  AVERAGE         77                        74      3       83

PRECIPITATION (IN)
  TODAY            0.00          0.08 2006   0.00   0.00     0.00
  MONTH TO DATE    0.00                      0.03  -0.03     0.00
  SINCE OCT 1     16.92                     13.58   3.34     5.26
  SINCE JAN 1     11.01                      9.68   1.33     4.21

DEGREE DAYS
 HEATING
  TODAY            0                         0      0        0
  MONTH TO DATE    0                         0      0        0
  SINCE JUN 1      0                         2     -2        0
  SINCE JUL 1      0                         0      0        0

 COOLING
  TODAY           12                         9      3       18
  MONTH TO DATE  288                       195     93      271
  SINCE JUN 1    500                       340    160      531
  SINCE JAN 1    739                       463    276      767
..................................................................


WIND (MPH)
  RESULTANT WIND SPEED   3   RESULTANT WIND DIRECTION   S (190)
  HIGHEST WIND SPEED    12   HIGHEST WIND DIRECTION     S (190)
  HIGHEST GUST SPEED    16   HIGHEST GUST DIRECTION    SW (210)
  AVERAGE WIND SPEED     3.7


SKY COVER
  POSSIBLE SUNSHINE  MM
  AVERAGE SKY COVER 0.5


WEATHER CONDITIONS
 THE FOLLOWING WEATHER WAS RECORDED TODAY.
  NO SIGNIFICANT WEATHER WAS OBSERVED.


RELATIVE HUMIDITY (PERCENT)
 HIGHEST    90          1200 AM
 LOWEST     47           400 PM
 AVERAGE    69

..........................................................


THE FULLERTON AIRPORT CA CLIMATE NORMALS FOR TOMORROW
                         NORMAL    RECORD    YEAR
 MAXIMUM TEMPERATURE (F)   84       101      2006
 MINIMUM TEMPERATURE (F)   65        58      1999


SUNRISE AND SUNSET
JULY 23 2017..........SUNRISE   558 AM PDT   SUNSET   759 PM PDT
JULY 24 2017..........SUNRISE   558 AM PDT   SUNSET   758 PM PDT


-  INDICATES NEGATIVE NUMBERS.
R  INDICATES RECORD WAS SET OR TIED.
MM INDICATES DATA IS MISSING.
T  INDICATES TRACE AMOUNT.




$$
