000
CDUS43 KIWX 250530
CLIFWA


CLIMATE REPORT
NATIONAL WEATHER SERVICE NORTHERN INDIANA
129 AM EDT MON JUL 25 2016


...................................

...THE FORT WAYNE CLIMATE SUMMARY FOR JULY 24 2016...

CLIMATE NORMAL PERIOD 1981 TO 2010
CLIMATE RECORD PERIOD 1897 TO 2016


WEATHER ITEM   OBSERVED TIME   RECORD YEAR NORMAL DEPARTURE LAST
                VALUE   (LST)  VALUE       VALUE  FROM      YEAR
                                                  NORMAL
..................................................................
TEMPERATURE (F)
 YESTERDAY
  MAXIMUM         91    538 PM 104    1934  84      7       85
  MINIMUM         71    552 AM  46    1904  63      8       62
  AVERAGE         81                        73      8       74

PRECIPITATION (IN)
  YESTERDAY        0.02          2.00 1979   0.13  -0.11     0.00
  MONTH TO DATE    0.68                      3.31  -2.63     5.90
  SINCE JUN 1      6.12                      7.47  -1.35    17.88
  SINCE JAN 1     20.31                     22.27  -1.96    32.01

SNOWFALL (IN)
  YESTERDAY        0.0           0.0  2002   0.0    0.0      0.0
                                      2001
  MONTH TO DATE    0.0                       0.0    0.0      0.0
  SINCE JUN 1      T                         0.0    0.0      0.0
  SINCE JUL 1      0.0                       0.0    0.0      0.0
  SNOW DEPTH       0

DEGREE DAYS
 HEATING
  YESTERDAY        0                         0      0        0
  MONTH TO DATE    3                         0      3        0
  SINCE JUN 1     14                        29    -15       28
  SINCE JUL 1      3                         0      3        0

 COOLING
  YESTERDAY       16                         8      8        9
  MONTH TO DATE  227                       213     14      138
  SINCE JUN 1    433                       395     38      314
  SINCE JAN 1    507                       452     55      410
..................................................................


WIND (MPH)
  HIGHEST WIND SPEED    23   HIGHEST WIND DIRECTION     W (290)
  HIGHEST GUST SPEED    33   HIGHEST GUST DIRECTION     W (280)
  AVERAGE WIND SPEED     8.4


SKY COVER
  AVERAGE SKY COVER 0.8


WEATHER CONDITIONS
 THE FOLLOWING WEATHER WAS RECORDED YESTERDAY.
  RAIN


RELATIVE HUMIDITY (PERCENT)
 HIGHEST    93           700 AM
 LOWEST     59           100 PM
 AVERAGE    76

..........................................................


THE FORT WAYNE CLIMATE NORMALS FOR TODAY
                         NORMAL    RECORD    YEAR
 MAXIMUM TEMPERATURE (F)   84       103      1934
 MINIMUM TEMPERATURE (F)   62        44      1904


SUNRISE AND SUNSET
JULY 25 2016..........SUNRISE   631 AM EDT   SUNSET   903 PM EDT
JULY 26 2016..........SUNRISE   632 AM EDT   SUNSET   903 PM EDT


-  INDICATES NEGATIVE NUMBERS.
R  INDICATES RECORD WAS SET OR TIED.
MM INDICATES DATA IS MISSING.
T  INDICATES TRACE AMOUNT.




$$
