000
CDUS43 KIWX 010530
CLIFWA


CLIMATE REPORT
NATIONAL WEATHER SERVICE NORTHERN INDIANA
1229 AM EST SUN FEB 1 2015


...................................

...THE FORT WAYNE CLIMATE SUMMARY FOR JANUARY 31 2015...

CLIMATE NORMAL PERIOD 1981 TO 2010
CLIMATE RECORD PERIOD 1897 TO 2015


WEATHER ITEM   OBSERVED TIME   RECORD YEAR NORMAL DEPARTURE LAST
                VALUE   (LST)  VALUE       VALUE  FROM      YEAR
                                                  NORMAL
..................................................................
TEMPERATURE (F)
 YESTERDAY
  MAXIMUM         36    421 PM  61    1989  33      3       31
  MINIMUM         16    542 AM -18    1963  18     -2       26
  AVERAGE         26                        25      1       29

PRECIPITATION (IN)
  YESTERDAY        0.04          1.12 1982   0.07  -0.03     0.04
  MONTH TO DATE    2.23                      2.26  -0.03     2.75
  SINCE DEC 1      3.95                      5.03  -1.08     5.61
  SINCE JAN 1      2.23                      2.26  -0.03     2.75

SNOWFALL (IN)
  YESTERDAY        0.2          10.8  1982   0.3   -0.1      0.6
  MONTH TO DATE   12.7                      10.1    2.6     31.7
  SINCE DEC 1     13.3                      18.6   -5.3     41.6
  SINCE JUL 1     17.5                      20.7   -3.2     42.6
  SNOW DEPTH       T

DEGREE DAYS
 HEATING
  YESTERDAY       39                        40     -1       36
  MONTH TO DATE 1336                      1239     97     1478
  SINCE DEC 1   2329                      2354    -25     2633
  SINCE JUL 1   3775                      3571    204     3934

 COOLING
  YESTERDAY        0                         0      0        0
  MONTH TO DATE    0                         0      0        0
  SINCE DEC 1      0                         0      0        0
  SINCE JAN 1      0                         0      0        0
..................................................................


WIND (MPH)
  HIGHEST WIND SPEED    17   HIGHEST WIND DIRECTION    SW (230)
  HIGHEST GUST SPEED    20   HIGHEST GUST DIRECTION    SW (230)
  AVERAGE WIND SPEED     9.3


SKY COVER
  AVERAGE SKY COVER 0.6


WEATHER CONDITIONS
 THE FOLLOWING WEATHER WAS RECORDED YESTERDAY.
  LIGHT SNOW
  FOG


RELATIVE HUMIDITY (PERCENT)
 HIGHEST    88           300 AM
 LOWEST     63          1200 PM
 AVERAGE    76

..........................................................


THE FORT WAYNE CLIMATE NORMALS FOR TODAY
                         NORMAL    RECORD    YEAR
 MAXIMUM TEMPERATURE (F)   33        57      1968
 MINIMUM TEMPERATURE (F)   18        -8      1936


SUNRISE AND SUNSET
FEBRUARY  1 2015......SUNRISE   752 AM EST   SUNSET   558 PM EST
FEBRUARY  2 2015......SUNRISE   751 AM EST   SUNSET   559 PM EST


-  INDICATES NEGATIVE NUMBERS.
R  INDICATES RECORD WAS SET OR TIED.
MM INDICATES DATA IS MISSING.
T  INDICATES TRACE AMOUNT.




$$
