507
CDUS43 KIWX 200521
CLIFWA


CLIMATE REPORT
NATIONAL WEATHER SERVICE NORTHERN INDIANA
121 AM EDT SUN AUG 20 2017


...................................

...THE FORT WAYNE CLIMATE SUMMARY FOR AUGUST 19 2017...

CLIMATE NORMAL PERIOD 1981 TO 2010
CLIMATE RECORD PERIOD 1897 TO 2017


WEATHER ITEM   OBSERVED TIME   RECORD YEAR NORMAL DEPARTURE LAST
                VALUE   (LST)  VALUE       VALUE  FROM      YEAR
                                                  NORMAL
..................................................................
TEMPERATURE (F)
 YESTERDAY
  MAXIMUM         82    531 PM  99    1983  82      0       87
  MINIMUM         62   1159 PM  48    1964  61      1       66
  AVERAGE         72                        72      0       77

PRECIPITATION (IN)
  YESTERDAY        T             1.16 1961   0.12  -0.12     0.26
  MONTH TO DATE    0.68                      2.30  -1.62     1.14
  SINCE JUN 1     12.35                     10.70   1.65     7.70
  SINCE JAN 1     35.80                     25.50  10.30    21.89

DEGREE DAYS
 HEATING
  YESTERDAY        0                         0      0        0
  MONTH TO DATE    1                         0      1        0
  SINCE JUN 1      7                        32    -25       14
  SINCE JUL 1      1                         3     -2        3

 COOLING
  YESTERDAY        7                         7      0       12
  MONTH TO DATE  104                       138    -34      232
  SINCE JUN 1    592                       587      5      748
  SINCE JAN 1    656                       644     12      822
..................................................................


WIND (MPH)
  HIGHEST WIND SPEED    13   HIGHEST WIND DIRECTION    NW (330)
  HIGHEST GUST SPEED    16   HIGHEST GUST DIRECTION    NW (320)
  AVERAGE WIND SPEED     4.6


SKY COVER
  AVERAGE SKY COVER 0.3


WEATHER CONDITIONS
 THE FOLLOWING WEATHER WAS RECORDED YESTERDAY.
  THUNDERSTORM
  LIGHT RAIN


RELATIVE HUMIDITY (PERCENT)
 HIGHEST    93           200 AM
 LOWEST     45           100 PM
 AVERAGE    69

..........................................................


THE FORT WAYNE CLIMATE NORMALS FOR TODAY
                         NORMAL    RECORD    YEAR
 MAXIMUM TEMPERATURE (F)   82       101      1962
 MINIMUM TEMPERATURE (F)   61        46      1908


SUNRISE AND SUNSET
AUGUST 20 2017........SUNRISE   656 AM EDT   SUNSET   832 PM EDT
AUGUST 21 2017........SUNRISE   657 AM EDT   SUNSET   830 PM EDT


-  INDICATES NEGATIVE NUMBERS.
R  INDICATES RECORD WAS SET OR TIED.
MM INDICATES DATA IS MISSING.
T  INDICATES TRACE AMOUNT.




$$
