361
CDUS43 KIWX 130534
CLIFWA


CLIMATE REPORT
NATIONAL WEATHER SERVICE NORTHERN INDIANA
1232 AM EST SAT FEB 13 2016


...................................

...THE FORT WAYNE CLIMATE SUMMARY FOR FEBRUARY 12 2016...

CLIMATE NORMAL PERIOD 1981 TO 2010
CLIMATE RECORD PERIOD 1897 TO 2016


WEATHER ITEM   OBSERVED TIME   RECORD YEAR NORMAL DEPARTURE LAST
                VALUE   (LST)  VALUE       VALUE  FROM      YEAR
                                                  NORMAL
..................................................................
TEMPERATURE (F)
 YESTERDAY
  MAXIMUM         24    138 PM  58    1984  35    -11       30
  MINIMUM         10    212 AM -15    2014  20    -10       16
  AVERAGE         17                        27    -10       23

PRECIPITATION (IN)
  YESTERDAY        0.01          0.74 1918   0.08  -0.07     0.02
  MONTH TO DATE    0.28                      0.85  -0.57     1.13
  SINCE DEC 1      6.05                      5.88   0.17     5.08
  SINCE JAN 1      1.90                      3.11  -1.21     3.36

SNOWFALL (IN)
  YESTERDAY        0.5           4.7  1971   0.3    0.2      0.5
  MONTH TO DATE    1.5                       3.7   -2.2     12.8
  SINCE DEC 1      8.6                      22.3  -13.7     26.1
  SINCE JUL 1     12.8                      24.4  -11.6     30.3
  SNOW DEPTH       T

DEGREE DAYS
 HEATING
  YESTERDAY       48                        38     10       42
  MONTH TO DATE  420                       464    -44      506
  SINCE DEC 1   2327                      2818   -491     2835
  SINCE JUL 1   3296                      4035   -739     4281

 COOLING
  YESTERDAY        0                         0      0        0
  MONTH TO DATE    0                         0      0        0
  SINCE DEC 1      0                         0      0        0
  SINCE JAN 1      0                         0      0        0
..................................................................


WIND (MPH)
  HIGHEST WIND SPEED    25   HIGHEST WIND DIRECTION    NW (310)
  HIGHEST GUST SPEED    35   HIGHEST GUST DIRECTION    NW (310)
  AVERAGE WIND SPEED    12.3


SKY COVER
  AVERAGE SKY COVER 0.8


WEATHER CONDITIONS
 THE FOLLOWING WEATHER WAS RECORDED YESTERDAY.
  LIGHT SNOW
  FOG
  HAZE


RELATIVE HUMIDITY (PERCENT)
 HIGHEST    83           200 AM
 LOWEST     62          1100 AM
 AVERAGE    73

..........................................................


THE FORT WAYNE CLIMATE NORMALS FOR TODAY
                         NORMAL    RECORD    YEAR
 MAXIMUM TEMPERATURE (F)   36        65      1990
                                             1938
 MINIMUM TEMPERATURE (F)   20       -14      1899


SUNRISE AND SUNSET
FEBRUARY 13 2016......SUNRISE   738 AM EST   SUNSET   612 PM EST
FEBRUARY 14 2016......SUNRISE   737 AM EST   SUNSET   613 PM EST


-  INDICATES NEGATIVE NUMBERS.
R  INDICATES RECORD WAS SET OR TIED.
MM INDICATES DATA IS MISSING.
T  INDICATES TRACE AMOUNT.




$$
