000
CDUS44 KTSA 280808
CLIFYV

CLIMATE REPORT
NATIONAL WEATHER SERVICE TULSA OK
302 AM CDT THU AUG 28 2014


...................................

...THE FAYETTEVILLE ARKANSAS CLIMATE SUMMARY FOR AUGUST 27 2014...

CLIMATE NORMAL PERIOD 1981 TO 2010
CLIMATE RECORD PERIOD 1905 TO 2014


WEATHER ITEM   OBSERVED TIME   RECORD YEAR NORMAL DEPARTURE LAST
                VALUE   (LST)  VALUE       VALUE  FROM      YEAR
                                                  NORMAL
..................................................................
TEMPERATURE (F)
 YESTERDAY
  MAXIMUM         94    339 PM 100    1963  88      6       91
                                      1954
  MINIMUM         67    619 AM  50    2010  64      3       61
  AVERAGE         81                        76      5       76

PRECIPITATION (IN)
  YESTERDAY        0.00                      0.11  -0.11     0.00
  MONTH TO DATE    1.66                      2.79  -1.13     2.82
  SINCE JUN 1      8.19                     11.23  -3.04     6.97
  SINCE JAN 1     22.71                     31.44  -8.73    31.07

DEGREE DAYS
 COOLING
  YESTERDAY       16                        11      5       11
  MONTH TO DATE  324                       336    -12      283
  SINCE JUN 1    838                       972   -134      928
  SINCE JAN 1    986                      1085    -99     1064
..................................................................


WIND (MPH)
  HIGHEST WIND SPEED    13   HIGHEST WIND DIRECTION    SE (130)
  HIGHEST GUST SPEED    17   HIGHEST GUST DIRECTION    SE (120)
  AVERAGE WIND SPEED     3.3


SKY COVER
  POSSIBLE SUNSHINE  MM
  AVERAGE SKY COVER 0.1


WEATHER CONDITIONS
 THE FOLLOWING WEATHER WAS RECORDED YESTERDAY.
  THUNDERSTORM
  FOG


RELATIVE HUMIDITY (PERCENT)
 HIGHEST   100           200 AM
 LOWEST     33           400 PM
 AVERAGE    67

..........................................................


THE FAYETTEVILLE ARKANSAS CLIMATE NORMALS FOR TODAY
                         NORMAL    RECORD    YEAR
 MAXIMUM TEMPERATURE (F)   87       100      1990
                                             1963
                                             1954
 MINIMUM TEMPERATURE (F)   63        46      1967


SUNRISE AND SUNSET
AUGUST 28 2014........SUNRISE   645 AM CDT   SUNSET   750 PM CDT
AUGUST 29 2014........SUNRISE   646 AM CDT   SUNSET   748 PM CDT


-  INDICATES NEGATIVE NUMBERS.
R  INDICATES RECORD WAS SET OR TIED.
MM INDICATES DATA IS MISSING.
T  INDICATES TRACE AMOUNT.




$$
