000
CDUS44 KTSA 010803
CLIFYV

CLIMATE REPORT
NATIONAL WEATHER SERVICE TULSA OK
147 AM CDT WED JUL 1 2015


...................................

...THE FAYETTEVILLE ARKANSAS CLIMATE SUMMARY FOR JUNE 30 2015...

CLIMATE NORMAL PERIOD 1981 TO 2010
CLIMATE RECORD PERIOD 1905 TO 2015


WEATHER ITEM   OBSERVED TIME   RECORD YEAR NORMAL DEPARTURE LAST
                VALUE   (LST)  VALUE       VALUE  FROM      YEAR
                                                  NORMAL
..................................................................
TEMPERATURE (F)
 YESTERDAY
  MAXIMUM         87    426 PM  98    2012  87      0       90
                                      1952
  MINIMUM         62    558 AM  51    1950  66     -4       70
  AVERAGE         75                        76     -1       80

PRECIPITATION (IN)
  YESTERDAY        0.00                      0.15  -0.15     0.00
  MONTH TO DATE    6.77                      4.98   1.79     4.10
  SINCE JUN 1      6.77                      4.98   1.79     4.10
  SINCE JAN 1     30.23                     25.19   5.04    18.62

DEGREE DAYS
 COOLING
  YESTERDAY       10                        11     -1       15
  MONTH TO DATE  318                       245     73      262
  SINCE JUN 1    318                       245     73      262
  SINCE JAN 1    415                       358     57      410
..................................................................


WIND (MPH)
  HIGHEST WIND SPEED    14   HIGHEST WIND DIRECTION     W (250)
  HIGHEST GUST SPEED    17   HIGHEST GUST DIRECTION     W (260)
  AVERAGE WIND SPEED     5.1


SKY COVER
  POSSIBLE SUNSHINE  MM
  AVERAGE SKY COVER 0.0


WEATHER CONDITIONS
 THE FOLLOWING WEATHER WAS RECORDED YESTERDAY.
  NO SIGNIFICANT WEATHER WAS OBSERVED.


RELATIVE HUMIDITY (PERCENT)
 HIGHEST   100          1200 AM
 LOWEST     57           200 PM
 AVERAGE    79

..........................................................


THE FAYETTEVILLE ARKANSAS CLIMATE NORMALS FOR TODAY
                         NORMAL    RECORD    YEAR
 MAXIMUM TEMPERATURE (F)   87        97      2012
                                             1954
 MINIMUM TEMPERATURE (F)   66        55      2013
                                             1976


SUNRISE AND SUNSET
JULY  1 2015..........SUNRISE   604 AM CDT   SUNSET   837 PM CDT
JULY  2 2015..........SUNRISE   604 AM CDT   SUNSET   837 PM CDT


-  INDICATES NEGATIVE NUMBERS.
R  INDICATES RECORD WAS SET OR TIED.
MM INDICATES DATA IS MISSING.
T  INDICATES TRACE AMOUNT.




$$
