000
CDUS44 KTSA 160913
CLIFYV

CLIMATE REPORT
NATIONAL WEATHER SERVICE TULSA OK
1247 AM CST TUE JAN 16 2018


...................................

...THE FAYETTEVILLE ARKANSAS CLIMATE SUMMARY FOR JANUARY 15 2018...

CLIMATE NORMAL PERIOD 1981 TO 2010
CLIMATE RECORD PERIOD 1905 TO 2018


WEATHER ITEM   OBSERVED TIME   RECORD YEAR NORMAL DEPARTURE LAST
                VALUE   (LST)  VALUE       VALUE  FROM      YEAR
                                                  NORMAL
..................................................................
TEMPERATURE (F)
 YESTERDAY
  MAXIMUM         36    959 AM  70    1952  46    -10       62
  MINIMUM         11   1159 PM   2    1972  25    -14       40
  AVERAGE         24                        35    -11       51

PRECIPITATION (IN)
  YESTERDAY        0.00                      0.09  -0.09     0.48
  MONTH TO DATE    0.54                      1.39  -0.85     0.97
  SINCE DEC 1      2.45                      4.63  -2.18     2.80
  SINCE JAN 1      0.54                      1.39  -0.85     0.97

SNOWFALL (IN)
  YESTERDAY        0.0                                       0.0
  MONTH TO DATE    T                                         0.5
  SINCE DEC 1      0.4                                       0.8
  SINCE JUL 1      0.4                                       0.8

DEGREE DAYS
 HEATING
  YESTERDAY       41                        30     11       14
  MONTH TO DATE  529                       450     79      421
  SINCE DEC 1   1365                      1304     61     1261
  SINCE JUL 1   2065                      2133    -68     1788
..................................................................


WIND (MPH)
  HIGHEST WIND SPEED    21   HIGHEST WIND DIRECTION     N (350)
  HIGHEST GUST SPEED    26   HIGHEST GUST DIRECTION    NW (330)
  AVERAGE WIND SPEED    11.0


SKY COVER
  POSSIBLE SUNSHINE  MM
  AVERAGE SKY COVER 0.8


WEATHER CONDITIONS
 THE FOLLOWING WEATHER WAS RECORDED YESTERDAY.
  NO SIGNIFICANT WEATHER WAS OBSERVED.


RELATIVE HUMIDITY (PERCENT)
 HIGHEST    84           400 PM
 LOWEST     56           200 AM
 AVERAGE    70

..........................................................


THE FAYETTEVILLE ARKANSAS CLIMATE NORMALS FOR TODAY
                         NORMAL    RECORD    YEAR
 MAXIMUM TEMPERATURE (F)   46        72      1952
 MINIMUM TEMPERATURE (F)   25         0      1997
                                             1977


SUNRISE AND SUNSET
JANUARY 16 2018.......SUNRISE   726 AM CST   SUNSET   527 PM CST
JANUARY 17 2018.......SUNRISE   726 AM CST   SUNSET   528 PM CST


-  INDICATES NEGATIVE NUMBERS.
R  INDICATES RECORD WAS SET OR TIED.
MM INDICATES DATA IS MISSING.
T  INDICATES TRACE AMOUNT.




$$
