000
CDUS44 KTSA 012121 RRA
CLIFYV

CLIMATE REPORT
NATIONAL WEATHER SERVICE TULSA OK
418 PM CDT TUE SEP 1 2015


...................................

...THE FAYETTEVILLE ARKANSAS CLIMATE SUMMARY FOR SEPTEMBER 1 2015...
VALID TODAY AS OF 0400 PM LOCAL TIME.

CLIMATE NORMAL PERIOD 1981 TO 2010
CLIMATE RECORD PERIOD 1905 TO 2015


WEATHER ITEM   OBSERVED TIME   RECORD YEAR NORMAL DEPARTURE LAST
                VALUE   (LST)  VALUE       VALUE  FROM      YEAR
                                                  NORMAL
..................................................................
TEMPERATURE (F)
 TODAY
  MAXIMUM         86    247 PM 102    2000  86      0       88
  MINIMUM         64    616 AM  43    1967  62      2       66
  AVERAGE         75                        74      1       77

PRECIPITATION (IN)
  TODAY            0.00                      0.13  -0.13     0.01
  MONTH TO DATE    0.00                      0.13  -0.13     0.01
  SINCE SEP 1      0.00                      0.13  -0.13     0.01
  SINCE JAN 1     42.69                     32.02  10.67    23.14

DEGREE DAYS
 COOLING
  TODAY           10                         9      1       12
  MONTH TO DATE   10                         9      1       12
  SINCE SEP 1     10                         9      1       12
  SINCE JAN 1   1137                      1134      3     1047
..................................................................


WIND (MPH)
  HIGHEST WIND SPEED    16   HIGHEST WIND DIRECTION     S (180)
  HIGHEST GUST SPEED    21   HIGHEST GUST DIRECTION     S (180)
  AVERAGE WIND SPEED     5.8


SKY COVER
  POSSIBLE SUNSHINE  MM
  AVERAGE SKY COVER 0.0


WEATHER CONDITIONS
 THE FOLLOWING WEATHER WAS RECORDED TODAY.
  FOG
  HAZE


RELATIVE HUMIDITY (PERCENT)
 HIGHEST   100          1200 AM
 LOWEST     51           200 PM
 AVERAGE    76

..........................................................


THE FAYETTEVILLE ARKANSAS CLIMATE NORMALS FOR TOMORROW
                         NORMAL    RECORD    YEAR
 MAXIMUM TEMPERATURE (F)   86       103      2000
 MINIMUM TEMPERATURE (F)   62        45      1955


SUNRISE AND SUNSET
SEPTEMBER  1 2015.....SUNRISE   648 AM CDT   SUNSET   744 PM CDT
SEPTEMBER  2 2015.....SUNRISE   649 AM CDT   SUNSET   743 PM CDT


-  INDICATES NEGATIVE NUMBERS.
R  INDICATES RECORD WAS SET OR TIED.
MM INDICATES DATA IS MISSING.
T  INDICATES TRACE AMOUNT.




$$
