000
CDUS44 KTSA 282221
CLIFYV

CLIMATE REPORT
NATIONAL WEATHER SERVICE TULSA OK
420 PM CST WED JAN 28 2015


...................................

...THE FAYETTEVILLE ARKANSAS CLIMATE SUMMARY FOR JANUARY 28 2015...
VALID TODAY AS OF 0400 PM LOCAL TIME.

CLIMATE NORMAL PERIOD 1981 TO 2010
CLIMATE RECORD PERIOD 1905 TO 2015


WEATHER ITEM   OBSERVED TIME   RECORD YEAR NORMAL DEPARTURE LAST
                VALUE   (LST)  VALUE       VALUE  FROM      YEAR
                                                  NORMAL
..................................................................
TEMPERATURE (F)
 TODAY
  MAXIMUM         68    221 PM  72    2002  47     21       27
                                      1959
  MINIMUM         31    436 AM   1    1963  25      6        9
  AVERAGE         50                        36     14       18

PRECIPITATION (IN)
  TODAY            0.00                      0.09  -0.09      T
  MONTH TO DATE    1.08                      2.57  -1.49     1.64
  SINCE DEC 1      3.72                      5.81  -2.09     5.74
  SINCE JAN 1      1.08                      2.57  -1.49     1.64

SNOWFALL (IN)
  TODAY            0.0                                        T
  MONTH TO DATE    T                                         1.9
  SINCE DEC 1      T                                         8.9
  SINCE JUL 1      T                                         8.9

DEGREE DAYS
 HEATING
  TODAY           15                        29    -14       47
  MONTH TO DATE  842                       830     12      932
  SINCE DEC 1   1597                      1684    -87     1870
  SINCE JUL 1   2522                      2513      9     2759
..................................................................


WIND (MPH)
  HIGHEST WIND SPEED    25   HIGHEST WIND DIRECTION     S (180)
  HIGHEST GUST SPEED    32   HIGHEST GUST DIRECTION     S (190)
  AVERAGE WIND SPEED     9.0


SKY COVER
  POSSIBLE SUNSHINE  MM
  AVERAGE SKY COVER 0.0


WEATHER CONDITIONS
THE FOLLOWING WEATHER WAS RECORDED TODAY.



RELATIVE HUMIDITY (PERCENT)
 HIGHEST    92           300 AM
 LOWEST     37           300 PM
 AVERAGE    65

..........................................................


THE FAYETTEVILLE ARKANSAS CLIMATE NORMALS FOR TOMORROW
                         NORMAL    RECORD    YEAR
 MAXIMUM TEMPERATURE (F)   47        74      2011
 MINIMUM TEMPERATURE (F)   25        -2      1966


SUNRISE AND SUNSET
JANUARY 28 2015.......SUNRISE   720 AM CST   SUNSET   539 PM CST
JANUARY 29 2015.......SUNRISE   720 AM CST   SUNSET   540 PM CST


-  INDICATES NEGATIVE NUMBERS.
R  INDICATES RECORD WAS SET OR TIED.
MM INDICATES DATA IS MISSING.
T  INDICATES TRACE AMOUNT.




$$
