000
CDUS44 KTSA 250803
CLIFYV

CLIMATE REPORT
NATIONAL WEATHER SERVICE TULSA OK
300 AM CDT MON MAY 25 2015

...................................

...THE FAYETTEVILLE ARKANSAS CLIMATE SUMMARY FOR MAY 24 2015...

CLIMATE NORMAL PERIOD 1981 TO 2010
CLIMATE RECORD PERIOD 1905 TO 2015


WEATHER ITEM   OBSERVED TIME   RECORD YEAR NORMAL DEPARTURE LAST
                VALUE   (LST)  VALUE       VALUE  FROM      YEAR
                                                  NORMAL
..................................................................
TEMPERATURE (F)
 YESTERDAY
  MAXIMUM         70    726 AM  89    2000  78     -8       83
  MINIMUM         60    948 PM  41    1983  56      4       61
  AVERAGE         65                        67     -2       72

PRECIPITATION (IN)
  YESTERDAY        1.88                      0.20   1.68     0.05
  MONTH TO DATE   11.62                      4.75   6.87     2.83
  SINCE MAR 1     19.01                     13.27   5.74    11.44
  SINCE JAN 1     22.07                     18.92   3.15    13.92

DEGREE DAYS
 COOLING
  YESTERDAY        0                         4     -4        7
  MONTH TO DATE   49                        54     -5      101
  SINCE MAR 1     72                        82    -10      113
  SINCE JAN 1     72                        82    -10      113
..................................................................


WIND (MPH)
  HIGHEST WIND SPEED    24   HIGHEST WIND DIRECTION     S (180)
  HIGHEST GUST SPEED    32   HIGHEST GUST DIRECTION     S (190)
  AVERAGE WIND SPEED     8.5


SKY COVER
  POSSIBLE SUNSHINE  MM
  AVERAGE SKY COVER 0.8


WEATHER CONDITIONS
 THE FOLLOWING WEATHER WAS RECORDED YESTERDAY.
  HEAVY RAIN
  RAIN
  LIGHT RAIN
  FOG


RELATIVE HUMIDITY (PERCENT)
 HIGHEST   100           500 AM
 LOWEST     90           400 AM
 AVERAGE    95

..........................................................


THE FAYETTEVILLE ARKANSAS CLIMATE NORMALS FOR TODAY
                         NORMAL    RECORD    YEAR
 MAXIMUM TEMPERATURE (F)   78        91      2006
                                             1980
 MINIMUM TEMPERATURE (F)   57        40      2001


SUNRISE AND SUNSET
MAY 25 2015...........SUNRISE   604 AM CDT   SUNSET   823 PM CDT
MAY 26 2015...........SUNRISE   604 AM CDT   SUNSET   824 PM CDT


-  INDICATES NEGATIVE NUMBERS.
R  INDICATES RECORD WAS SET OR TIED.
MM INDICATES DATA IS MISSING.
T  INDICATES TRACE AMOUNT.




$$
