000
CDUS44 KTSA 230819
CLIFYV

CLIMATE REPORT
NATIONAL WEATHER SERVICE TULSA OK
147 AM CDT MON OCT 23 2017


...................................

...THE FAYETTEVILLE ARKANSAS CLIMATE SUMMARY FOR OCTOBER 22 2017...

CLIMATE NORMAL PERIOD 1981 TO 2010
CLIMATE RECORD PERIOD 1905 TO 2017


WEATHER ITEM   OBSERVED TIME   RECORD YEAR NORMAL DEPARTURE LAST
                VALUE   (LST)  VALUE       VALUE  FROM      YEAR
                                                  NORMAL
..................................................................
TEMPERATURE (F)
 YESTERDAY
  MAXIMUM         61    316 PM  84    1963  68     -7       72
  MINIMUM         39   1118 PM  20    1952  44     -5       37
  AVERAGE         50                        56     -6       55

PRECIPITATION (IN)
  YESTERDAY        1.34                      0.14   1.20     0.00
  MONTH TO DATE    3.81                      3.10   0.71     2.95
  SINCE SEP 1      5.31                      7.92  -2.61     5.59
  SINCE JAN 1     48.15                     39.81   8.34    30.77

SNOWFALL (IN)
  YESTERDAY        0.0                                       0.0
  MONTH TO DATE    0.0                                       0.0
  SINCE SEP 1      0.0                                       0.0
  SINCE JUL 1      0.0                                       0.0

DEGREE DAYS
 HEATING
  YESTERDAY       15                         9      6       10
  MONTH TO DATE  102                       152    -50       85
  SINCE SEP 1    118                       203    -85      109
  SINCE JUL 1    118                       204    -86      109

 COOLING
  YESTERDAY        0                         0      0        0
  MONTH TO DATE   54                        18     36       61
  SINCE SEP 1    219                       176     43      269
  SINCE JAN 1   1231                      1301    -70     1488
..................................................................


WIND (MPH)
  HIGHEST WIND SPEED    17   HIGHEST WIND DIRECTION     N (340)
  HIGHEST GUST SPEED    26   HIGHEST GUST DIRECTION     N (340)
  AVERAGE WIND SPEED     4.3


SKY COVER
  POSSIBLE SUNSHINE  MM
  AVERAGE SKY COVER 0.7


WEATHER CONDITIONS
 THE FOLLOWING WEATHER WAS RECORDED YESTERDAY.
  THUNDERSTORM
  HEAVY RAIN
  RAIN
  LIGHT RAIN
  FOG
  FOG W/VISIBILITY <= 1/4 MILE


RELATIVE HUMIDITY (PERCENT)
 HIGHEST   100           100 AM
 LOWEST     60           400 PM
 AVERAGE    80

..........................................................


THE FAYETTEVILLE ARKANSAS CLIMATE NORMALS FOR TODAY
                         NORMAL    RECORD    YEAR
 MAXIMUM TEMPERATURE (F)   68        83      2003
 MINIMUM TEMPERATURE (F)   44        22      1952


SUNRISE AND SUNSET
OCTOBER 23 2017.......SUNRISE   731 AM CDT   SUNSET   630 PM CDT
OCTOBER 24 2017.......SUNRISE   732 AM CDT   SUNSET   629 PM CDT


-  INDICATES NEGATIVE NUMBERS.
R  INDICATES RECORD WAS SET OR TIED.
MM INDICATES DATA IS MISSING.
T  INDICATES TRACE AMOUNT.




$$
