000
CDUS43 KUNR 220839
CLIGCC


CLIMATE REPORT
NATIONAL WEATHER SERVICE RAPID CITY SD
137 AM MST SUN JAN 22 2017


...................................

...THE GILLETTE AIRPORT WY CLIMATE SUMMARY FOR JANUARY 21 2017...

CLIMATE NORMAL PERIOD 1981 TO 2010
CLIMATE RECORD PERIOD 9999 TO 9999


WEATHER ITEM   OBSERVED TIME   NORMAL DEPARTURE LAST
                VALUE   (LST)  VALUE  FROM      YEAR
                                      NORMAL
......................................................
TEMPERATURE (F)
 YESTERDAY
  MAXIMUM         39    306 PM  37      2       36
  MINIMUM         14    748 AM  15     -1       19
  AVERAGE         27            26      1       28

PRECIPITATION (IN)
  YESTERDAY        0.00          0.01  -0.01      T
  MONTH TO DATE    0.14          0.22  -0.08     0.30
  SINCE DEC 1      0.99          0.62   0.37     0.78
  SINCE JAN 1      0.14          0.22  -0.08     0.30

DEGREE DAYS
 HEATING
  YESTERDAY       38            39     -1       37
  MONTH TO DATE  790           824    -34      811
  SINCE DEC 1   2059          2090    -31     2011
  SINCE JUL 1   3452          3965   -513     3571

 COOLING
  YESTERDAY        0             0      0        0
  MONTH TO DATE    0             0      0        0
  SINCE DEC 1      0             0      0        0
  SINCE JAN 1      0             0      0        0
......................................................


WIND (MPH)
  HIGHEST WIND SPEED    12   HIGHEST WIND DIRECTION     W (270)
  HIGHEST GUST SPEED    13   HIGHEST GUST DIRECTION     W (260)
  AVERAGE WIND SPEED     2.2


SKY COVER
  AVERAGE SKY COVER 0.0


WEATHER CONDITIONS
 THE FOLLOWING WEATHER WAS RECORDED YESTERDAY.
  NO SIGNIFICANT WEATHER WAS OBSERVED.


RELATIVE HUMIDITY (PERCENT)
 HIGHEST   100           100 AM
 LOWEST     64           200 PM
 AVERAGE    82

..........................................................




SUNRISE AND SUNSET
JANUARY 22 2017.......SUNRISE   730 AM MST   SUNSET   458 PM MST
JANUARY 23 2017.......SUNRISE   729 AM MST   SUNSET   500 PM MST


-  INDICATES NEGATIVE NUMBERS.
R  INDICATES RECORD WAS SET OR TIED.
MM INDICATES DATA IS MISSING.
T  INDICATES TRACE AMOUNT.




$$
