000
CDUS43 KUNR 280850
CLIGCC


CLIMATE REPORT
NATIONAL WEATHER SERVICE RAPID CITY SD
247 AM MDT TUE MAR 28 2017


...................................

...THE GILLETTE AIRPORT WY CLIMATE SUMMARY FOR MARCH 27 2017...

CLIMATE NORMAL PERIOD 1981 TO 2010
CLIMATE RECORD PERIOD 9999 TO 9999


WEATHER ITEM   OBSERVED TIME   NORMAL DEPARTURE LAST
                VALUE   (LST)  VALUE  FROM      YEAR
                                      NORMAL
......................................................
TEMPERATURE (F)
 YESTERDAY
  MAXIMUM         62    231 PM  50     12       53
  MINIMUM         34    924 PM  25      9       29
  AVERAGE         48            37     11       41

PRECIPITATION (IN)
  YESTERDAY        0.00          0.04  -0.04     0.00
  MONTH TO DATE    0.79          0.81  -0.02     0.81
  SINCE MAR 1      0.79          0.81  -0.02     0.81
  SINCE JAN 1      1.63          1.59   0.04     2.32

DEGREE DAYS
 HEATING
  YESTERDAY       17            28    -11       24
  MONTH TO DATE  625           830   -205      680
  SINCE MAR 1    625           830   -205      680
  SINCE JUL 1   5382          6238   -856     5411

 COOLING
  YESTERDAY        0             0      0        0
  MONTH TO DATE    0             0      0        0
  SINCE MAR 1      0             0      0        0
  SINCE JAN 1      0             0      0        0
......................................................


WIND (MPH)
  HIGHEST WIND SPEED    14   HIGHEST WIND DIRECTION     S (170)
  HIGHEST GUST SPEED    16   HIGHEST GUST DIRECTION     S (170)
  AVERAGE WIND SPEED     6.4


SKY COVER
  AVERAGE SKY COVER 0.3


WEATHER CONDITIONS
 THE FOLLOWING WEATHER WAS RECORDED YESTERDAY.
  NO SIGNIFICANT WEATHER WAS OBSERVED.


RELATIVE HUMIDITY (PERCENT)
 HIGHEST    96           600 AM
 LOWEST     26           200 PM
 AVERAGE    61

..........................................................




SUNRISE AND SUNSET
MARCH 28 2017.........SUNRISE   650 AM MDT   SUNSET   725 PM MDT
MARCH 29 2017.........SUNRISE   648 AM MDT   SUNSET   726 PM MDT


-  INDICATES NEGATIVE NUMBERS.
R  INDICATES RECORD WAS SET OR TIED.
MM INDICATES DATA IS MISSING.
T  INDICATES TRACE AMOUNT.




$$
