000
CDUS43 KUNR 010832
CLIGCC


CLIMATE REPORT
NATIONAL WEATHER SERVICE RAPID CITY SD
231 AM MDT SAT OCT 1 2016


...................................

...THE GILLETTE AIRPORT WY CLIMATE SUMMARY FOR SEPTEMBER 30 2016...

CLIMATE NORMAL PERIOD 1981 TO 2010
CLIMATE RECORD PERIOD 9999 TO 9999


WEATHER ITEM   OBSERVED TIME   NORMAL DEPARTURE LAST
                VALUE   (LST)  VALUE  FROM      YEAR
                                      NORMAL
......................................................
TEMPERATURE (F)
 YESTERDAY
  MAXIMUM         79    232 PM  65     14       83
  MINIMUM         49   1159 PM  38     11       41
  AVERAGE         64            51     13       62

PRECIPITATION (IN)
  YESTERDAY        0.00          0.05  -0.05     0.00
  MONTH TO DATE    2.50          1.19   1.31     0.16
  SINCE SEP 1      2.50          1.19   1.31     0.16
  SINCE JAN 1     11.66         11.67  -0.01    13.30

DEGREE DAYS
 HEATING
  YESTERDAY        1            14    -13        3
  MONTH TO DATE  183           238    -55       88
  SINCE SEP 1    183           238    -55       88
  SINCE JUL 1    237           295    -58      153

 COOLING
  YESTERDAY        0             0      0        0
  MONTH TO DATE   25            40    -15       85
  SINCE SEP 1     25            40    -15       85
  SINCE JAN 1    569           500     69      538
......................................................


WIND (MPH)
  HIGHEST WIND SPEED    23   HIGHEST WIND DIRECTION    SW (230)
  HIGHEST GUST SPEED    28   HIGHEST GUST DIRECTION    SW (240)
  AVERAGE WIND SPEED     7.3


SKY COVER
  AVERAGE SKY COVER 0.0


WEATHER CONDITIONS
 THE FOLLOWING WEATHER WAS RECORDED YESTERDAY.
  NO SIGNIFICANT WEATHER WAS OBSERVED.


RELATIVE HUMIDITY (PERCENT)
 HIGHEST    89           900 PM
 LOWEST     36           200 PM
 AVERAGE    63

..........................................................




SUNRISE AND SUNSET
OCTOBER  1 2016.......SUNRISE   701 AM MDT   SUNSET   642 PM MDT
OCTOBER  2 2016.......SUNRISE   702 AM MDT   SUNSET   640 PM MDT


-  INDICATES NEGATIVE NUMBERS.
R  INDICATES RECORD WAS SET OR TIED.
MM INDICATES DATA IS MISSING.
T  INDICATES TRACE AMOUNT.




$$
