780
CDUS43 KUNR 270831
CLIGCC


CLIMATE REPORT
NATIONAL WEATHER SERVICE RAPID CITY SD
231 AM MDT TUE JUN 27 2017


...................................

...THE GILLETTE AIRPORT WY CLIMATE SUMMARY FOR JUNE 26 2017...

CLIMATE NORMAL PERIOD 1981 TO 2010
CLIMATE RECORD PERIOD 9999 TO 9999


WEATHER ITEM   OBSERVED TIME   NORMAL DEPARTURE LAST
                VALUE   (LST)  VALUE  FROM      YEAR
                                      NORMAL
......................................................
TEMPERATURE (F)
 YESTERDAY
  MAXIMUM         87    449 PM  82      5       88
  MINIMUM         43   1232 AM  51     -8       43
  AVERAGE         65            66     -1       66

PRECIPITATION (IN)
  YESTERDAY        0.00          0.06  -0.06     0.00
  MONTH TO DATE    1.06          1.98  -0.92     0.44
  SINCE JUN 1      1.06          1.98  -0.92     0.44
  SINCE JAN 1      8.25          7.64   0.61     6.28

DEGREE DAYS
 HEATING
  YESTERDAY        0             2     -2        0
  MONTH TO DATE   81           134    -53       34
  SINCE JUN 1     81           134    -53       34
  SINCE JUL 1   6563          7536   -973     6577

 COOLING
  YESTERDAY        0             3     -3        1
  MONTH TO DATE   48            44      4      144
  SINCE JUN 1     48            44      4      144
  SINCE JAN 1     52            52      0      144
......................................................


WIND (MPH)
  HIGHEST WIND SPEED    28   HIGHEST WIND DIRECTION     S (160)
  HIGHEST GUST SPEED    38   HIGHEST GUST DIRECTION     S (160)
  AVERAGE WIND SPEED    14.8


SKY COVER
  AVERAGE SKY COVER 0.0


WEATHER CONDITIONS
 THE FOLLOWING WEATHER WAS RECORDED YESTERDAY.
  NO SIGNIFICANT WEATHER WAS OBSERVED.


RELATIVE HUMIDITY (PERCENT)
 HIGHEST    65          1200 AM
 LOWEST     17           400 PM
 AVERAGE    41

..........................................................




SUNRISE AND SUNSET
JUNE 27 2017..........SUNRISE   520 AM MDT   SUNSET   850 PM MDT
JUNE 28 2017..........SUNRISE   520 AM MDT   SUNSET   850 PM MDT


-  INDICATES NEGATIVE NUMBERS.
R  INDICATES RECORD WAS SET OR TIED.
MM INDICATES DATA IS MISSING.
T  INDICATES TRACE AMOUNT.




$$
