000
CDUS43 KUNR 290830
CLIGCC


CLIMATE REPORT
NATIONAL WEATHER SERVICE RAPID CITY SD
230 AM MDT SAT AUG 29 2015


...................................

...THE GILLETTE AIRPORT WY CLIMATE SUMMARY FOR AUGUST 28 2015...

CLIMATE NORMAL PERIOD 1981 TO 2010
CLIMATE RECORD PERIOD 9999 TO 9999


WEATHER ITEM   OBSERVED TIME   NORMAL DEPARTURE LAST
                VALUE   (LST)  VALUE  FROM      YEAR
                                      NORMAL
......................................................
TEMPERATURE (F)
 YESTERDAY
  MAXIMUM         87    414 PM  83      4       83
  MINIMUM         57   1150 PM  50      7       55
  AVERAGE         72            66      6       69

PRECIPITATION (IN)
  YESTERDAY        0.00          0.03  -0.03     0.00
  MONTH TO DATE    1.87          0.86   1.01     1.95
  SINCE JUN 1      6.02          4.73   1.29     5.46
  SINCE JAN 1     13.14         10.39   2.75    15.06

DEGREE DAYS
 HEATING
  YESTERDAY        0             2     -2        0
  MONTH TO DATE   43            30     13       29
  SINCE JUN 1    104           191    -87      234
  SINCE JUL 1     65            49     16       42

 COOLING
  YESTERDAY        7             4      3        4
  MONTH TO DATE  183           168     15      147
  SINCE JUN 1    421           442    -21      341
  SINCE JAN 1    421           450    -29      349
......................................................


WIND (MPH)
  HIGHEST WIND SPEED    17   HIGHEST WIND DIRECTION    SW (240)
  HIGHEST GUST SPEED    21   HIGHEST GUST DIRECTION    NW (320)
  AVERAGE WIND SPEED     7.0


SKY COVER
  AVERAGE SKY COVER 0.0


WEATHER CONDITIONS
 THE FOLLOWING WEATHER WAS RECORDED YESTERDAY.
  HAZE


RELATIVE HUMIDITY (PERCENT)
 HIGHEST    67          1000 PM
 LOWEST     19           400 PM
 AVERAGE    43

..........................................................




SUNRISE AND SUNSET
AUGUST 29 2015........SUNRISE   621 AM MDT   SUNSET   744 PM MDT
AUGUST 30 2015........SUNRISE   622 AM MDT   SUNSET   742 PM MDT


-  INDICATES NEGATIVE NUMBERS.
R  INDICATES RECORD WAS SET OR TIED.
MM INDICATES DATA IS MISSING.
T  INDICATES TRACE AMOUNT.




$$
