000
CDUS43 KUNR 140837
CLIGCC


CLIMATE REPORT
NATIONAL WEATHER SERVICE RAPID CITY SD
235 AM MDT SUN SEP 14 2014


...................................

...THE GILLETTE AIRPORT WY CLIMATE SUMMARY FOR SEPTEMBER 13 2014...

CLIMATE NORMAL PERIOD 1981 TO 2010
CLIMATE RECORD PERIOD 9999 TO 9999


WEATHER ITEM   OBSERVED TIME   NORMAL DEPARTURE LAST
                VALUE   (LST)  VALUE  FROM      YEAR
                                      NORMAL
......................................................
TEMPERATURE (F)
 YESTERDAY
  MAXIMUM         59    406 PM  75    -16       71
  MINIMUM         29    330 AM  45    -16       59
  AVERAGE         44            60    -16       65

PRECIPITATION (IN)
  YESTERDAY        0.00          0.04  -0.04      T
  MONTH TO DATE    0.62          0.47   0.15     0.87
  SINCE SEP 1      0.62          0.47   0.15     0.87
  SINCE JAN 1     15.88         10.95   4.93    14.30

DEGREE DAYS
 HEATING
  YESTERDAY       21             7     14        0
  MONTH TO DATE  146            64     82        4
  SINCE SEP 1    146            64     82        4
  SINCE JUL 1    195           121     74        4

 COOLING
  YESTERDAY        0             1     -1        0
  MONTH TO DATE   12            31    -19       81
  SINCE SEP 1     12            31    -19       81
  SINCE JAN 1    367           491   -124      603
......................................................


WIND (MPH)
  HIGHEST WIND SPEED    20   HIGHEST WIND DIRECTION    NW (330)
  HIGHEST GUST SPEED    25   HIGHEST GUST DIRECTION    NW (320)
  AVERAGE WIND SPEED     7.9


SKY COVER
  AVERAGE SKY COVER 0.0


WEATHER CONDITIONS
 THE FOLLOWING WEATHER WAS RECORDED YESTERDAY.
  NO SIGNIFICANT WEATHER WAS OBSERVED.


RELATIVE HUMIDITY (PERCENT)
 HIGHEST    96          1100 PM
 LOWEST     39           200 PM
 AVERAGE    68

..........................................................




SUNRISE AND SUNSET
SEPTEMBER 14 2014.....SUNRISE   640 AM MDT   SUNSET   714 PM MDT
SEPTEMBER 15 2014.....SUNRISE   641 AM MDT   SUNSET   713 PM MDT


-  INDICATES NEGATIVE NUMBERS.
R  INDICATES RECORD WAS SET OR TIED.
MM INDICATES DATA IS MISSING.
T  INDICATES TRACE AMOUNT.




$$
