000
CDUS43 KUNR 250858
CLIGCC


CLIMATE REPORT
NATIONAL WEATHER SERVICE RAPID CITY SD
251 AM MDT MON MAY 25 2015


...................................

...THE GILLETTE AIRPORT WY CLIMATE SUMMARY FOR MAY 24 2015...

CLIMATE NORMAL PERIOD 1981 TO 2010
CLIMATE RECORD PERIOD 9999 TO 9999


WEATHER ITEM   OBSERVED TIME   NORMAL DEPARTURE LAST
                VALUE   (LST)  VALUE  FROM      YEAR
                                      NORMAL
......................................................
TEMPERATURE (F)
 YESTERDAY
  MAXIMUM         53   1135 AM  68    -15       77
  MINIMUM         49   1159 PM  42      7       52
  AVERAGE         51            55     -4       65

PRECIPITATION (IN)
  YESTERDAY        0.68          0.09   0.59     5.21
  MONTH TO DATE    3.68          1.86   1.82     6.41
  SINCE MAR 1      5.33          4.29   1.04     8.30
  SINCE JAN 1      6.18          5.07   1.11     9.58

DEGREE DAYS
 HEATING
  YESTERDAY       14            10      4        0
  MONTH TO DATE  410           321     89      367
  SINCE MAR 1   1719          1929   -210     1972
  SINCE JUL 1   6809          7337   -528     7617

 COOLING
  YESTERDAY        0             0      0        0
  MONTH TO DATE    0             0      0        0
  SINCE MAR 1      0             0      0        0
  SINCE JAN 1      0             0      0        0
......................................................


WIND (MPH)
  HIGHEST WIND SPEED    22   HIGHEST WIND DIRECTION    NE (50)
  HIGHEST GUST SPEED    26   HIGHEST GUST DIRECTION    NE (50)
  AVERAGE WIND SPEED    10.9


SKY COVER
  AVERAGE SKY COVER 1.0


WEATHER CONDITIONS
 THE FOLLOWING WEATHER WAS RECORDED YESTERDAY.
  RAIN
  LIGHT RAIN
  FOG


RELATIVE HUMIDITY (PERCENT)
 HIGHEST   100           300 AM
 LOWEST     86          1200 AM
 AVERAGE    93

..........................................................




SUNRISE AND SUNSET
MAY 25 2015...........SUNRISE   526 AM MDT   SUNSET   833 PM MDT
MAY 26 2015...........SUNRISE   525 AM MDT   SUNSET   834 PM MDT


-  INDICATES NEGATIVE NUMBERS.
R  INDICATES RECORD WAS SET OR TIED.
MM INDICATES DATA IS MISSING.
T  INDICATES TRACE AMOUNT.




$$
