000
CDUS43 KUNR 220831
CLIGCC


CLIMATE REPORT
NATIONAL WEATHER SERVICE RAPID CITY SD
131 AM MST WED FEB 22 2017


...................................

...THE GILLETTE AIRPORT WY CLIMATE SUMMARY FOR FEBRUARY 21 2017...

CLIMATE NORMAL PERIOD 1981 TO 2010
CLIMATE RECORD PERIOD 9999 TO 9999


WEATHER ITEM   OBSERVED TIME   NORMAL DEPARTURE LAST
                VALUE   (LST)  VALUE  FROM      YEAR
                                      NORMAL
......................................................
TEMPERATURE (F)
 YESTERDAY
  MAXIMUM         64    241 PM  39     25       45
  MINIMUM         45   1026 PM  18     27       24
  AVERAGE         55            28     27       35

PRECIPITATION (IN)
  YESTERDAY        T             0.01  -0.01     0.00
  MONTH TO DATE    0.24          0.31  -0.07     0.96
  SINCE DEC 1      1.63          1.10   0.53     1.84
  SINCE JAN 1      0.78          0.70   0.08     1.36

DEGREE DAYS
 HEATING
  YESTERDAY       10            37    -27       30
  MONTH TO DATE  649           805   -156      637
  SINCE DEC 1   3103          3285   -182     2948
  SINCE JUL 1   4496          5160   -664     4508

 COOLING
  YESTERDAY        0             0      0        0
  MONTH TO DATE    0             0      0        0
  SINCE DEC 1      0             0      0        0
  SINCE JAN 1      0             0      0        0
......................................................


WIND (MPH)
  HIGHEST WIND SPEED    40   HIGHEST WIND DIRECTION     W (270)
  HIGHEST GUST SPEED    52   HIGHEST GUST DIRECTION    NW (310)
  AVERAGE WIND SPEED    23.4


SKY COVER
  AVERAGE SKY COVER 0.3


WEATHER CONDITIONS
 THE FOLLOWING WEATHER WAS RECORDED YESTERDAY.
  LIGHT RAIN


RELATIVE HUMIDITY (PERCENT)
 HIGHEST    65          1000 PM
 LOWEST     22           200 PM
 AVERAGE    44

..........................................................




SUNRISE AND SUNSET
FEBRUARY 22 2017......SUNRISE   650 AM MST   SUNSET   541 PM MST
FEBRUARY 23 2017......SUNRISE   649 AM MST   SUNSET   543 PM MST


-  INDICATES NEGATIVE NUMBERS.
R  INDICATES RECORD WAS SET OR TIED.
MM INDICATES DATA IS MISSING.
T  INDICATES TRACE AMOUNT.




$$
